{"id":797,"date":"2023-05-10T11:14:16","date_gmt":"2023-05-10T11:14:16","guid":{"rendered":"https:\/\/mentalhelse.no\/viken\/?page_id=797"},"modified":"2026-02-20T11:58:15","modified_gmt":"2026-02-20T11:58:15","slug":"om-oss","status":"publish","type":"page","link":"https:\/\/mentalhelse.no\/bergen\/om-oss\/","title":{"rendered":"Om oss"},"content":{"rendered":"\n<figure class=\"wp-block-image size-large\"><img loading=\"lazy\" decoding=\"async\" width=\"1024\" height=\"768\" src=\"https:\/\/mentalhelse.no\/content\/uploads\/sites\/267\/2023\/08\/photo-1609951022212-7aff21c1ab1f-1024x768.webp\" alt=\"Bergen og bryggen i solskinn\" class=\"wp-image-1012\" srcset=\"https:\/\/mentalhelse.no\/content\/uploads\/sites\/267\/2023\/08\/photo-1609951022212-7aff21c1ab1f-1024x768.webp 1024w, https:\/\/mentalhelse.no\/content\/uploads\/sites\/267\/2023\/08\/photo-1609951022212-7aff21c1ab1f-300x225.webp 300w, https:\/\/mentalhelse.no\/content\/uploads\/sites\/267\/2023\/08\/photo-1609951022212-7aff21c1ab1f-768x576.webp 768w, https:\/\/mentalhelse.no\/content\/uploads\/sites\/267\/2023\/08\/photo-1609951022212-7aff21c1ab1f.webp 1374w\" sizes=\"auto, (max-width: 1024px) 100vw, 1024px\" \/><figcaption class=\"wp-element-caption\">Bergen i sol<\/figcaption><\/figure>\n\n\n\n<h1 class=\"wp-block-heading\" id=\"h-om-oss\">Om oss<\/h1>\n\n\n\n<p><strong>Mental Helse Bergen (MHB)<\/strong> ble stiftet 25. oktober 1989 og har siden v\u00e6rt en viktig stemme for \u00e5penhet, mindre skam og bedre psykisk helse for alle. Vi jobber for et samfunn der det er rom for hele mennesket \u2013 ogs\u00e5 n\u00e5r livet er vanskelig.<\/p>\n\n\n\n<p>Hos oss bygger vi fellesskap og skaper trygge m\u00f8teplasser der mennesker kan m\u00f8tes, dele erfaringer og f\u00f8le tilh\u00f8righet. Vi arrangerer et bredt spekter av aktiviteter, blant annet foredrag, yoga og medlemsaktiviteter som fremmer b\u00e5de psykisk og fysisk velv\u00e6re.<\/p>\n\n\n\n<p>Mental Helse Bergen er ogs\u00e5 aktivt engasjert i <strong>brukermedvirkning<\/strong>, og jobber for at erfaringene til mennesker med egenlevd kunnskap skal bli h\u00f8rt og tatt p\u00e5 alvor. Vi samarbeider tett med flere st\u00f8rre organisasjoner og akt\u00f8rer for \u00e5 styrke psykisk helsearbeid lokalt og regionalt.<\/p>\n\n\n\n<p>Gjennom v\u00e5re aktiviteter og samarbeid \u00f8nsker vi \u00e5 bidra til \u00f8kt kunnskap, \u00e5pen dialog og et mer inkluderende samfunn.<\/p>\n\n\n\n<h2 class=\"wp-block-heading\" id=\"h-styret\">Styret:<\/h2>\n\n\n\n<p><strong>Leder<\/strong>: <br><strong>Nestleder<\/strong>: Margaret Aabrek Henriksen <br><strong>Styremedlem<\/strong>: Christine Drage<br><strong>Kasserer<\/strong>: Vegard Mello-Haugland<\/p>\n\n\n\n<p>E-post: <a href=\"mailto:bergen@lokallag.mentalhelse.no\">bergen@lokallag.mentalhelse.no<\/a><br><\/p>\n\n\n\n<p>F\u00f8lg oss gjerne p\u00e5 SoMe<\/p>\n\n\n\n<p>Instagram : MentalHelseBergen<br>Facebook: Mental Helse Bergen <\/p>\n\n\n\n<div class=\"wp-block-group alignfull is-layout-constrained wp-block-group-is-layout-constrained\">\n<h3 class=\"wp-block-heading alignwide\" id=\"h-siste-nytt-fra-mental-helse-bergen\">Siste nytt fra Mental Helse Bergen<\/h3>\n<\/div>\n\n\n<div class=\"t2-featured-content-layout alignwide alignwide wp-block-t2-featured-content-layout\">\n\n\n\n\n\n<\/div>","protected":false},"excerpt":{"rendered":"<p>Om oss Mental Helse Bergen (MHB) ble stiftet 25. oktober 1989 og har siden v\u00e6rt en viktig stemme for \u00e5penhet, mindre skam og bedre psykisk&#8230;<\/p>\n","protected":false},"author":1,"featured_media":0,"parent":0,"menu_order":0,"comment_status":"closed","ping_status":"closed","template":"","meta":{"t2_featured_media_focal_point":{"x":0.5,"y":0.5},"mh_hide_title":true,"e24d_chat_page_choice":"","footnotes":""},"class_list":["post-797","page","type-page","status-publish","hentry"],"yoast_head":"<!-- This site is optimized with the Yoast SEO Premium plugin v21.2 (Yoast SEO v21.2) - https:\/\/yoast.com\/wordpress\/plugins\/seo\/ -->\n<title>Om oss - Mental Helse - Bergen<\/title>\n<meta name=\"description\" content=\"Her kan du lese om oss i Mental Helse Bergen, og l\u00e6re mer om hva vi jobber med. Ta gjerne kontakt hvis du har noen sp\u00f8rsm\u00e5l!\" \/>\n<meta name=\"robots\" content=\"index, follow, max-snippet:-1, max-image-preview:large, max-video-preview:-1\" \/>\n<link rel=\"canonical\" href=\"https:\/\/mentalhelse.no\/bergen\/om-oss\/\" \/>\n<meta property=\"og:locale\" content=\"nb_NO\" \/>\n<meta property=\"og:type\" content=\"article\" \/>\n<meta property=\"og:title\" content=\"Om oss\" \/>\n<meta property=\"og:description\" content=\"Her kan du lese om oss i Mental Helse Bergen, og l\u00e6re mer om hva vi jobber med. Ta gjerne kontakt hvis du har noen sp\u00f8rsm\u00e5l!\" \/>\n<meta property=\"og:url\" content=\"https:\/\/mentalhelse.no\/bergen\/om-oss\/\" \/>\n<meta property=\"og:site_name\" content=\"Bergen\" \/>\n<meta property=\"article:modified_time\" content=\"2026-02-20T11:58:15+00:00\" \/>\n<meta property=\"og:image\" content=\"https:\/\/mentalhelse.no\/content\/uploads\/sites\/267\/2023\/08\/photo-1609951022212-7aff21c1ab1f-1024x768.webp\" \/>\n<meta name=\"twitter:card\" content=\"summary_large_image\" \/>\n<meta name=\"twitter:label1\" content=\"Ansl. lesetid\" \/>\n\t<meta name=\"twitter:data1\" content=\"2 minutter\" \/>\n<script type=\"application\/ld+json\" class=\"yoast-schema-graph\">{\"@context\":\"https:\/\/schema.org\",\"@graph\":[{\"@type\":\"WebPage\",\"@id\":\"https:\/\/mentalhelse.no\/bergen\/om-oss\/\",\"url\":\"https:\/\/mentalhelse.no\/bergen\/om-oss\/\",\"name\":\"Om oss - Bergen\",\"isPartOf\":{\"@id\":\"https:\/\/mentalhelse.no\/bergen\/#website\"},\"datePublished\":\"2023-05-10T11:14:16+00:00\",\"dateModified\":\"2026-02-20T11:58:15+00:00\",\"description\":\"Her kan du lese om oss i Mental Helse Bergen, og l\u00e6re mer om hva vi jobber med. Ta gjerne kontakt hvis du har noen sp\u00f8rsm\u00e5l!\",\"breadcrumb\":{\"@id\":\"https:\/\/mentalhelse.no\/bergen\/om-oss\/#breadcrumb\"},\"inLanguage\":\"nb-NO\",\"potentialAction\":[{\"@type\":\"ReadAction\",\"target\":[\"https:\/\/mentalhelse.no\/bergen\/om-oss\/\"]}]},{\"@type\":\"BreadcrumbList\",\"@id\":\"https:\/\/mentalhelse.no\/bergen\/om-oss\/#breadcrumb\",\"itemListElement\":[{\"@type\":\"ListItem\",\"position\":1,\"name\":\"Hjem\",\"item\":\"https:\/\/mentalhelse.no\/bergen\/\"},{\"@type\":\"ListItem\",\"position\":2,\"name\":\"Om oss\"}]},{\"@type\":\"WebSite\",\"@id\":\"https:\/\/mentalhelse.no\/bergen\/#website\",\"url\":\"https:\/\/mentalhelse.no\/bergen\/\",\"name\":\"Bergen\",\"description\":\"\",\"potentialAction\":[{\"@type\":\"SearchAction\",\"target\":{\"@type\":\"EntryPoint\",\"urlTemplate\":\"https:\/\/mentalhelse.no\/bergen\/?s={search_term_string}\"},\"query-input\":\"required name=search_term_string\"}],\"inLanguage\":\"nb-NO\"}]}<\/script>\n<!-- \/ Yoast SEO Premium plugin. -->","yoast_head_json":{"title":"Om oss - Mental Helse - Bergen","description":"Her kan du lese om oss i Mental Helse Bergen, og l\u00e6re mer om hva vi jobber med. Ta gjerne kontakt hvis du har noen sp\u00f8rsm\u00e5l!","robots":{"index":"index","follow":"follow","max-snippet":"max-snippet:-1","max-image-preview":"max-image-preview:large","max-video-preview":"max-video-preview:-1"},"canonical":"https:\/\/mentalhelse.no\/bergen\/om-oss\/","og_locale":"nb_NO","og_type":"article","og_title":"Om oss","og_description":"Her kan du lese om oss i Mental Helse Bergen, og l\u00e6re mer om hva vi jobber med. Ta gjerne kontakt hvis du har noen sp\u00f8rsm\u00e5l!","og_url":"https:\/\/mentalhelse.no\/bergen\/om-oss\/","og_site_name":"Bergen","article_modified_time":"2026-02-20T11:58:15+00:00","og_image":[{"url":"https:\/\/mentalhelse.no\/content\/uploads\/sites\/267\/2023\/08\/photo-1609951022212-7aff21c1ab1f-1024x768.webp"}],"twitter_card":"summary_large_image","twitter_misc":{"Ansl. lesetid":"2 minutter"},"schema":{"@context":"https:\/\/schema.org","@graph":[{"@type":"WebPage","@id":"https:\/\/mentalhelse.no\/bergen\/om-oss\/","url":"https:\/\/mentalhelse.no\/bergen\/om-oss\/","name":"Om oss - Bergen","isPartOf":{"@id":"https:\/\/mentalhelse.no\/bergen\/#website"},"datePublished":"2023-05-10T11:14:16+00:00","dateModified":"2026-02-20T11:58:15+00:00","description":"Her kan du lese om oss i Mental Helse Bergen, og l\u00e6re mer om hva vi jobber med. Ta gjerne kontakt hvis du har noen sp\u00f8rsm\u00e5l!","breadcrumb":{"@id":"https:\/\/mentalhelse.no\/bergen\/om-oss\/#breadcrumb"},"inLanguage":"nb-NO","potentialAction":[{"@type":"ReadAction","target":["https:\/\/mentalhelse.no\/bergen\/om-oss\/"]}]},{"@type":"BreadcrumbList","@id":"https:\/\/mentalhelse.no\/bergen\/om-oss\/#breadcrumb","itemListElement":[{"@type":"ListItem","position":1,"name":"Hjem","item":"https:\/\/mentalhelse.no\/bergen\/"},{"@type":"ListItem","position":2,"name":"Om oss"}]},{"@type":"WebSite","@id":"https:\/\/mentalhelse.no\/bergen\/#website","url":"https:\/\/mentalhelse.no\/bergen\/","name":"Bergen","description":"","potentialAction":[{"@type":"SearchAction","target":{"@type":"EntryPoint","urlTemplate":"https:\/\/mentalhelse.no\/bergen\/?s={search_term_string}"},"query-input":"required name=search_term_string"}],"inLanguage":"nb-NO"}]}},"_links":{"self":[{"href":"https:\/\/mentalhelse.no\/bergen\/wp-json\/wp\/v2\/pages\/797","targetHints":{"allow":["GET"]}}],"collection":[{"href":"https:\/\/mentalhelse.no\/bergen\/wp-json\/wp\/v2\/pages"}],"about":[{"href":"https:\/\/mentalhelse.no\/bergen\/wp-json\/wp\/v2\/types\/page"}],"author":[{"embeddable":true,"href":"https:\/\/mentalhelse.no\/bergen\/wp-json\/wp\/v2\/users\/1"}],"replies":[{"embeddable":true,"href":"https:\/\/mentalhelse.no\/bergen\/wp-json\/wp\/v2\/comments?post=797"}],"version-history":[{"count":5,"href":"https:\/\/mentalhelse.no\/bergen\/wp-json\/wp\/v2\/pages\/797\/revisions"}],"predecessor-version":[{"id":1102,"href":"https:\/\/mentalhelse.no\/bergen\/wp-json\/wp\/v2\/pages\/797\/revisions\/1102"}],"wp:attachment":[{"href":"https:\/\/mentalhelse.no\/bergen\/wp-json\/wp\/v2\/media?parent=797"}],"curies":[{"name":"wp","href":"https:\/\/api.w.org\/{rel}","templated":true}]}}

<figure class="wp-block-image size-large"><img loading="lazy" decoding="async" width="1024" height="768" src="https://mentalhelse.no/content/uploads/sites/267/2023/08/photo-1609951022212-7aff21c1ab1f-1024x768.webp" alt="Bergen og bryggen i solskinn" class="wp-image-1012" srcset="https://mentalhelse.no/content/uploads/sites/267/2023/08/photo-1609951022212-7aff21c1ab1f-1024x768.webp 1024w, https://mentalhelse.no/content/uploads/sites/267/2023/08/photo-1609951022212-7aff21c1ab1f-300x225.webp 300w, https://mentalhelse.no/content/uploads/sites/267/2023/08/photo-1609951022212-7aff21c1ab1f-768x576.webp 768w, https://mentalhelse.no/content/uploads/sites/267/2023/08/photo-1609951022212-7aff21c1ab1f.webp 1374w" sizes="auto, (max-width: 1024px) 100vw, 1024px" /><figcaption class="wp-element-caption">Bergen i sol</figcaption></figure>



<h1 class="wp-block-heading" id="h-om-oss">Om oss</h1>



<p><strong>Mental Helse Bergen (MHB)</strong> ble stiftet 25. oktober 1989 og har siden vært en viktig stemme for åpenhet, mindre skam og bedre psykisk helse for alle. Vi jobber for et samfunn der det er rom for hele mennesket – også når livet er vanskelig.</p>



<p>Hos oss bygger vi fellesskap og skaper trygge møteplasser der mennesker kan møtes, dele erfaringer og føle tilhørighet. Vi arrangerer et bredt spekter av aktiviteter, blant annet foredrag, yoga og medlemsaktiviteter som fremmer både psykisk og fysisk velvære.</p>



<p>Mental Helse Bergen er også aktivt engasjert i <strong>brukermedvirkning</strong>, og jobber for at erfaringene til mennesker med egenlevd kunnskap skal bli hørt og tatt på alvor. Vi samarbeider tett med flere større organisasjoner og aktører for å styrke psykisk helsearbeid lokalt og regionalt.</p>



<p>Gjennom våre aktiviteter og samarbeid ønsker vi å bidra til økt kunnskap, åpen dialog og et mer inkluderende samfunn.</p>



<h2 class="wp-block-heading" id="h-styret">Styret:</h2>



<p><strong>Leder</strong>: <br><strong>Nestleder</strong>: Margaret Aabrek Henriksen <br><strong>Styremedlem</strong>: Christine Drage<br><strong>Kasserer</strong>: Vegard Mello-Haugland</p>



<p>E-post: <a href="mailto:bergen@lokallag.mentalhelse.no">bergen@lokallag.mentalhelse.no</a><br></p>



<p>Følg oss gjerne på SoMe</p>



<p>Instagram : MentalHelseBergen<br>Facebook: Mental Helse Bergen </p>



<div class="wp-block-group alignfull is-layout-constrained wp-block-group-is-layout-constrained">
<h3 class="wp-block-heading alignwide" id="h-siste-nytt-fra-mental-helse-bergen">Siste nytt fra Mental Helse Bergen</h3>
</div>


<div class="t2-featured-content-layout alignwide alignwide wp-block-t2-featured-content-layout">





</div>

<p>Om oss Mental Helse Bergen (MHB) ble stiftet 25. oktober 1989 og har siden vært en viktig stemme for åpenhet, mindre skam og bedre psykisk&#8230;</p>

<!-- This site is optimized with the Yoast SEO Premium plugin v21.2 (Yoast SEO v21.2) - https://yoast.com/wordpress/plugins/seo/ -->
<title>Om oss - Mental Helse - Bergen</title>
<meta name="description" content="Her kan du lese om oss i Mental Helse Bergen, og lære mer om hva vi jobber med. Ta gjerne kontakt hvis du har noen spørsmål!" />
<meta name="robots" content="index, follow, max-snippet:-1, max-image-preview:large, max-video-preview:-1" />
<link rel="canonical" href="https://mentalhelse.no/bergen/om-oss/" />
<meta property="og:locale" content="nb_NO" />
<meta property="og:type" content="article" />
<meta property="og:title" content="Om oss" />
<meta property="og:description" content="Her kan du lese om oss i Mental Helse Bergen, og lære mer om hva vi jobber med. Ta gjerne kontakt hvis du har noen spørsmål!" />
<meta property="og:url" content="https://mentalhelse.no/bergen/om-oss/" />
<meta property="og:site_name" content="Bergen" />
<meta property="article:modified_time" content="2026-02-20T11:58:15+00:00" />
<meta property="og:image" content="https://mentalhelse.no/content/uploads/sites/267/2023/08/photo-1609951022212-7aff21c1ab1f-1024x768.webp" />
<meta name="twitter:card" content="summary_large_image" />
<meta name="twitter:label1" content="Ansl. lesetid" />
	<meta name="twitter:data1" content="2 minutter" />
<script type="application/ld+json" class="yoast-schema-graph">{"@context":"https://schema.org","@graph":[{"@type":"WebPage","@id":"https://mentalhelse.no/bergen/om-oss/","url":"https://mentalhelse.no/bergen/om-oss/","name":"Om oss - Bergen","isPartOf":{"@id":"https://mentalhelse.no/bergen/#website"},"datePublished":"2023-05-10T11:14:16+00:00","dateModified":"2026-02-20T11:58:15+00:00","description":"Her kan du lese om oss i Mental Helse Bergen, og lære mer om hva vi jobber med. Ta gjerne kontakt hvis du har noen spørsmål!","breadcrumb":{"@id":"https://mentalhelse.no/bergen/om-oss/#breadcrumb"},"inLanguage":"nb-NO","potentialAction":[{"@type":"ReadAction","target":["https://mentalhelse.no/bergen/om-oss/"]}]},{"@type":"BreadcrumbList","@id":"https://mentalhelse.no/bergen/om-oss/#breadcrumb","itemListElement":[{"@type":"ListItem","position":1,"name":"Hjem","item":"https://mentalhelse.no/bergen/"},{"@type":"ListItem","position":2,"name":"Om oss"}]},{"@type":"WebSite","@id":"https://mentalhelse.no/bergen/#website","url":"https://mentalhelse.no/bergen/","name":"Bergen","description":"","potentialAction":[{"@type":"SearchAction","target":{"@type":"EntryPoint","urlTemplate":"https://mentalhelse.no/bergen/?s={search_term_string}"},"query-input":"required name=search_term_string"}],"inLanguage":"nb-NO"}]}</script>
<!-- / Yoast SEO Premium plugin. -->

Her kan du lese om oss i Mental Helse Bergen, og lære mer om hva vi jobber med. Ta gjerne kontakt hvis du har noen spørsmål!
