{"id":797,"date":"2023-05-10T11:14:16","date_gmt":"2023-05-10T11:14:16","guid":{"rendered":"https:\/\/mentalhelse.no\/viken\/?page_id=797"},"modified":"2024-01-27T08:53:23","modified_gmt":"2024-01-27T08:53:23","slug":"om-oss","status":"publish","type":"page","link":"https:\/\/mentalhelse.no\/bomlo\/om-oss\/","title":{"rendered":"Om oss"},"content":{"rendered":"\n<figure class=\"wp-block-image size-large\"><img loading=\"lazy\" decoding=\"async\" width=\"1024\" height=\"768\" src=\"https:\/\/mentalhelse.no\/content\/uploads\/sites\/268\/2023\/08\/283689581_7394315620638668_5280645943119084219_n-1024x768.jpg\" alt=\"samling av mennesker i B\u00f8mlo\n\" class=\"wp-image-995\" srcset=\"https:\/\/mentalhelse.no\/content\/uploads\/sites\/268\/2023\/08\/283689581_7394315620638668_5280645943119084219_n-1024x768.jpg 1024w, https:\/\/mentalhelse.no\/content\/uploads\/sites\/268\/2023\/08\/283689581_7394315620638668_5280645943119084219_n-300x225.jpg 300w, https:\/\/mentalhelse.no\/content\/uploads\/sites\/268\/2023\/08\/283689581_7394315620638668_5280645943119084219_n-768x576.jpg 768w, https:\/\/mentalhelse.no\/content\/uploads\/sites\/268\/2023\/08\/283689581_7394315620638668_5280645943119084219_n-1536x1152.jpg 1536w, https:\/\/mentalhelse.no\/content\/uploads\/sites\/268\/2023\/08\/283689581_7394315620638668_5280645943119084219_n.jpg 2048w\" sizes=\"auto, (max-width: 1024px) 100vw, 1024px\" \/><\/figure>\n\n\n\n<h1 class=\"wp-block-heading\" id=\"h-om-oss\">Om oss<\/h1>\n\n\n\n<p>Mental Helse B\u00f8mlo drives av en gjeng med ivrige og engasjerte folk som jobber for \u00e5 skape et m\u00f8tepunkt for de som \u00f8nsker et fellesskap i regionen.<\/p>\n\n\n\n<p>\u00d8nsker du \u00e5 bli frivillig eller medlem hos oss? Da er du er hjertelig velkommen til \u00e5 ta kontakt.<\/p>\n\n\n\n<p>Vi har ogs\u00e5 en egen <a href=\"https:\/\/www.facebook.com\/profile.php?id=100064440859335\">facebookside<\/a>.<\/p>\n\n\n\n<h2 class=\"wp-block-heading\" id=\"h-styret\">Styret:<\/h2>\n\n\n\n<p>Leder: Per Oddvar S\u00e6rsten<br>Nestleder: Jorunn Tufteland<br>Kasserer: Inger Berit Langes\u00e6ter<br>Styremedlem: Hilde St\u00f8rksen<br>Styremedlem: Tove S\u00e6rsten<br>Varamedlem: Christina Larsen<\/p>\n\n\n\n<div class=\"wp-block-group alignfull is-layout-constrained wp-block-group-is-layout-constrained\">\n<h3 class=\"wp-block-heading alignwide\" id=\"h-siste-nytt-fra-mental-helse-bomlo\">Siste nytt fra Mental Helse B\u00f8mlo<\/h3>\n<\/div>\n\n\n<div class=\"card-info wp-block-t2-people-meta\"><\/div>\n\n<div class=\"t2-featured-content-layout alignwide alignwide wp-block-t2-featured-content-layout\">\n\n\n\n\n\n<\/div>","protected":false},"excerpt":{"rendered":"<p>Om oss Mental Helse B\u00f8mlo drives av en gjeng med ivrige og engasjerte folk som jobber for \u00e5 skape et m\u00f8tepunkt for de som \u00f8nsker&#8230;<\/p>\n","protected":false},"author":1,"featured_media":0,"parent":0,"menu_order":0,"comment_status":"closed","ping_status":"closed","template":"","meta":{"t2_featured_media_focal_point":{"x":0.5,"y":0.5},"mh_hide_title":true,"e24d_chat_page_choice":"","footnotes":""},"class_list":["post-797","page","type-page","status-publish","hentry"],"yoast_head":"<!-- This site is optimized with the Yoast SEO Premium plugin v21.2 (Yoast SEO v21.2) - https:\/\/yoast.com\/wordpress\/plugins\/seo\/ -->\n<title>Om oss - Mental Helse - B\u00f8mlo<\/title>\n<meta name=\"description\" content=\"Her kan du lese om oss i Mental Helse B\u00f8mlo, og l\u00e6re mer om hva vi jobber med. Ta gjerne kontakt hvis du har noen sp\u00f8rsm\u00e5l!\" \/>\n<meta name=\"robots\" content=\"index, follow, max-snippet:-1, max-image-preview:large, max-video-preview:-1\" \/>\n<link rel=\"canonical\" href=\"https:\/\/mentalhelse.no\/bomlo\/om-oss\/\" \/>\n<meta property=\"og:locale\" content=\"nb_NO\" \/>\n<meta property=\"og:type\" content=\"article\" \/>\n<meta property=\"og:title\" content=\"Om oss\" \/>\n<meta property=\"og:description\" content=\"Her kan du lese om oss i Mental Helse B\u00f8mlo, og l\u00e6re mer om hva vi jobber med. Ta gjerne kontakt hvis du har noen sp\u00f8rsm\u00e5l!\" \/>\n<meta property=\"og:url\" content=\"https:\/\/mentalhelse.no\/bomlo\/om-oss\/\" \/>\n<meta property=\"og:site_name\" content=\"B\u00f8mlo\" \/>\n<meta property=\"article:modified_time\" content=\"2024-01-27T08:53:23+00:00\" \/>\n<meta property=\"og:image\" content=\"https:\/\/mentalhelse.no\/content\/uploads\/sites\/268\/2023\/08\/283689581_7394315620638668_5280645943119084219_n-1024x768.jpg\" \/>\n<meta name=\"twitter:card\" content=\"summary_large_image\" \/>\n<meta name=\"twitter:label1\" content=\"Ansl. lesetid\" \/>\n\t<meta name=\"twitter:data1\" content=\"1 minutt\" \/>\n<script type=\"application\/ld+json\" class=\"yoast-schema-graph\">{\"@context\":\"https:\/\/schema.org\",\"@graph\":[{\"@type\":\"WebPage\",\"@id\":\"https:\/\/mentalhelse.no\/bomlo\/om-oss\/\",\"url\":\"https:\/\/mentalhelse.no\/bomlo\/om-oss\/\",\"name\":\"Om oss - B\u00f8mlo\",\"isPartOf\":{\"@id\":\"https:\/\/mentalhelse.no\/bomlo\/#website\"},\"datePublished\":\"2023-05-10T11:14:16+00:00\",\"dateModified\":\"2024-01-27T08:53:23+00:00\",\"description\":\"Her kan du lese om oss i Mental Helse B\u00f8mlo, og l\u00e6re mer om hva vi jobber med. Ta gjerne kontakt hvis du har noen sp\u00f8rsm\u00e5l!\",\"breadcrumb\":{\"@id\":\"https:\/\/mentalhelse.no\/bomlo\/om-oss\/#breadcrumb\"},\"inLanguage\":\"nb-NO\",\"potentialAction\":[{\"@type\":\"ReadAction\",\"target\":[\"https:\/\/mentalhelse.no\/bomlo\/om-oss\/\"]}]},{\"@type\":\"BreadcrumbList\",\"@id\":\"https:\/\/mentalhelse.no\/bomlo\/om-oss\/#breadcrumb\",\"itemListElement\":[{\"@type\":\"ListItem\",\"position\":1,\"name\":\"Hjem\",\"item\":\"https:\/\/mentalhelse.no\/bomlo\/\"},{\"@type\":\"ListItem\",\"position\":2,\"name\":\"Om oss\"}]},{\"@type\":\"WebSite\",\"@id\":\"https:\/\/mentalhelse.no\/bomlo\/#website\",\"url\":\"https:\/\/mentalhelse.no\/bomlo\/\",\"name\":\"B\u00f8mlo\",\"description\":\"\",\"potentialAction\":[{\"@type\":\"SearchAction\",\"target\":{\"@type\":\"EntryPoint\",\"urlTemplate\":\"https:\/\/mentalhelse.no\/bomlo\/?s={search_term_string}\"},\"query-input\":\"required name=search_term_string\"}],\"inLanguage\":\"nb-NO\"}]}<\/script>\n<!-- \/ Yoast SEO Premium plugin. -->","yoast_head_json":{"title":"Om oss - Mental Helse - B\u00f8mlo","description":"Her kan du lese om oss i Mental Helse B\u00f8mlo, og l\u00e6re mer om hva vi jobber med. Ta gjerne kontakt hvis du har noen sp\u00f8rsm\u00e5l!","robots":{"index":"index","follow":"follow","max-snippet":"max-snippet:-1","max-image-preview":"max-image-preview:large","max-video-preview":"max-video-preview:-1"},"canonical":"https:\/\/mentalhelse.no\/bomlo\/om-oss\/","og_locale":"nb_NO","og_type":"article","og_title":"Om oss","og_description":"Her kan du lese om oss i Mental Helse B\u00f8mlo, og l\u00e6re mer om hva vi jobber med. Ta gjerne kontakt hvis du har noen sp\u00f8rsm\u00e5l!","og_url":"https:\/\/mentalhelse.no\/bomlo\/om-oss\/","og_site_name":"B\u00f8mlo","article_modified_time":"2024-01-27T08:53:23+00:00","og_image":[{"url":"https:\/\/mentalhelse.no\/content\/uploads\/sites\/268\/2023\/08\/283689581_7394315620638668_5280645943119084219_n-1024x768.jpg"}],"twitter_card":"summary_large_image","twitter_misc":{"Ansl. lesetid":"1 minutt"},"schema":{"@context":"https:\/\/schema.org","@graph":[{"@type":"WebPage","@id":"https:\/\/mentalhelse.no\/bomlo\/om-oss\/","url":"https:\/\/mentalhelse.no\/bomlo\/om-oss\/","name":"Om oss - B\u00f8mlo","isPartOf":{"@id":"https:\/\/mentalhelse.no\/bomlo\/#website"},"datePublished":"2023-05-10T11:14:16+00:00","dateModified":"2024-01-27T08:53:23+00:00","description":"Her kan du lese om oss i Mental Helse B\u00f8mlo, og l\u00e6re mer om hva vi jobber med. Ta gjerne kontakt hvis du har noen sp\u00f8rsm\u00e5l!","breadcrumb":{"@id":"https:\/\/mentalhelse.no\/bomlo\/om-oss\/#breadcrumb"},"inLanguage":"nb-NO","potentialAction":[{"@type":"ReadAction","target":["https:\/\/mentalhelse.no\/bomlo\/om-oss\/"]}]},{"@type":"BreadcrumbList","@id":"https:\/\/mentalhelse.no\/bomlo\/om-oss\/#breadcrumb","itemListElement":[{"@type":"ListItem","position":1,"name":"Hjem","item":"https:\/\/mentalhelse.no\/bomlo\/"},{"@type":"ListItem","position":2,"name":"Om oss"}]},{"@type":"WebSite","@id":"https:\/\/mentalhelse.no\/bomlo\/#website","url":"https:\/\/mentalhelse.no\/bomlo\/","name":"B\u00f8mlo","description":"","potentialAction":[{"@type":"SearchAction","target":{"@type":"EntryPoint","urlTemplate":"https:\/\/mentalhelse.no\/bomlo\/?s={search_term_string}"},"query-input":"required name=search_term_string"}],"inLanguage":"nb-NO"}]}},"_links":{"self":[{"href":"https:\/\/mentalhelse.no\/bomlo\/wp-json\/wp\/v2\/pages\/797","targetHints":{"allow":["GET"]}}],"collection":[{"href":"https:\/\/mentalhelse.no\/bomlo\/wp-json\/wp\/v2\/pages"}],"about":[{"href":"https:\/\/mentalhelse.no\/bomlo\/wp-json\/wp\/v2\/types\/page"}],"author":[{"embeddable":true,"href":"https:\/\/mentalhelse.no\/bomlo\/wp-json\/wp\/v2\/users\/1"}],"replies":[{"embeddable":true,"href":"https:\/\/mentalhelse.no\/bomlo\/wp-json\/wp\/v2\/comments?post=797"}],"version-history":[{"count":5,"href":"https:\/\/mentalhelse.no\/bomlo\/wp-json\/wp\/v2\/pages\/797\/revisions"}],"predecessor-version":[{"id":1016,"href":"https:\/\/mentalhelse.no\/bomlo\/wp-json\/wp\/v2\/pages\/797\/revisions\/1016"}],"wp:attachment":[{"href":"https:\/\/mentalhelse.no\/bomlo\/wp-json\/wp\/v2\/media?parent=797"}],"curies":[{"name":"wp","href":"https:\/\/api.w.org\/{rel}","templated":true}]}}

<figure class="wp-block-image size-large"><img loading="lazy" decoding="async" width="1024" height="768" src="https://mentalhelse.no/content/uploads/sites/268/2023/08/283689581_7394315620638668_5280645943119084219_n-1024x768.jpg" alt="samling av mennesker i Bømlo
" class="wp-image-995" srcset="https://mentalhelse.no/content/uploads/sites/268/2023/08/283689581_7394315620638668_5280645943119084219_n-1024x768.jpg 1024w, https://mentalhelse.no/content/uploads/sites/268/2023/08/283689581_7394315620638668_5280645943119084219_n-300x225.jpg 300w, https://mentalhelse.no/content/uploads/sites/268/2023/08/283689581_7394315620638668_5280645943119084219_n-768x576.jpg 768w, https://mentalhelse.no/content/uploads/sites/268/2023/08/283689581_7394315620638668_5280645943119084219_n-1536x1152.jpg 1536w, https://mentalhelse.no/content/uploads/sites/268/2023/08/283689581_7394315620638668_5280645943119084219_n.jpg 2048w" sizes="auto, (max-width: 1024px) 100vw, 1024px" /></figure>



<h1 class="wp-block-heading" id="h-om-oss">Om oss</h1>



<p>Mental Helse Bømlo drives av en gjeng med ivrige og engasjerte folk som jobber for å skape et møtepunkt for de som ønsker et fellesskap i regionen.</p>



<p>Ønsker du å bli frivillig eller medlem hos oss? Da er du er hjertelig velkommen til å ta kontakt.</p>



<p>Vi har også en egen <a href="https://www.facebook.com/profile.php?id=100064440859335">facebookside</a>.</p>



<h2 class="wp-block-heading" id="h-styret">Styret:</h2>



<p>Leder: Per Oddvar Særsten<br>Nestleder: Jorunn Tufteland<br>Kasserer: Inger Berit Langesæter<br>Styremedlem: Hilde Størksen<br>Styremedlem: Tove Særsten<br>Varamedlem: Christina Larsen</p>



<div class="wp-block-group alignfull is-layout-constrained wp-block-group-is-layout-constrained">
<h3 class="wp-block-heading alignwide" id="h-siste-nytt-fra-mental-helse-bomlo">Siste nytt fra Mental Helse Bømlo</h3>
</div>


<div class="card-info wp-block-t2-people-meta"></div>

<div class="t2-featured-content-layout alignwide alignwide wp-block-t2-featured-content-layout">





</div>

<p>Om oss Mental Helse Bømlo drives av en gjeng med ivrige og engasjerte folk som jobber for å skape et møtepunkt for de som ønsker&#8230;</p>

<!-- This site is optimized with the Yoast SEO Premium plugin v21.2 (Yoast SEO v21.2) - https://yoast.com/wordpress/plugins/seo/ -->
<title>Om oss - Mental Helse - Bømlo</title>
<meta name="description" content="Her kan du lese om oss i Mental Helse Bømlo, og lære mer om hva vi jobber med. Ta gjerne kontakt hvis du har noen spørsmål!" />
<meta name="robots" content="index, follow, max-snippet:-1, max-image-preview:large, max-video-preview:-1" />
<link rel="canonical" href="https://mentalhelse.no/bomlo/om-oss/" />
<meta property="og:locale" content="nb_NO" />
<meta property="og:type" content="article" />
<meta property="og:title" content="Om oss" />
<meta property="og:description" content="Her kan du lese om oss i Mental Helse Bømlo, og lære mer om hva vi jobber med. Ta gjerne kontakt hvis du har noen spørsmål!" />
<meta property="og:url" content="https://mentalhelse.no/bomlo/om-oss/" />
<meta property="og:site_name" content="Bømlo" />
<meta property="article:modified_time" content="2024-01-27T08:53:23+00:00" />
<meta property="og:image" content="https://mentalhelse.no/content/uploads/sites/268/2023/08/283689581_7394315620638668_5280645943119084219_n-1024x768.jpg" />
<meta name="twitter:card" content="summary_large_image" />
<meta name="twitter:label1" content="Ansl. lesetid" />
	<meta name="twitter:data1" content="1 minutt" />
<script type="application/ld+json" class="yoast-schema-graph">{"@context":"https://schema.org","@graph":[{"@type":"WebPage","@id":"https://mentalhelse.no/bomlo/om-oss/","url":"https://mentalhelse.no/bomlo/om-oss/","name":"Om oss - Bømlo","isPartOf":{"@id":"https://mentalhelse.no/bomlo/#website"},"datePublished":"2023-05-10T11:14:16+00:00","dateModified":"2024-01-27T08:53:23+00:00","description":"Her kan du lese om oss i Mental Helse Bømlo, og lære mer om hva vi jobber med. Ta gjerne kontakt hvis du har noen spørsmål!","breadcrumb":{"@id":"https://mentalhelse.no/bomlo/om-oss/#breadcrumb"},"inLanguage":"nb-NO","potentialAction":[{"@type":"ReadAction","target":["https://mentalhelse.no/bomlo/om-oss/"]}]},{"@type":"BreadcrumbList","@id":"https://mentalhelse.no/bomlo/om-oss/#breadcrumb","itemListElement":[{"@type":"ListItem","position":1,"name":"Hjem","item":"https://mentalhelse.no/bomlo/"},{"@type":"ListItem","position":2,"name":"Om oss"}]},{"@type":"WebSite","@id":"https://mentalhelse.no/bomlo/#website","url":"https://mentalhelse.no/bomlo/","name":"Bømlo","description":"","potentialAction":[{"@type":"SearchAction","target":{"@type":"EntryPoint","urlTemplate":"https://mentalhelse.no/bomlo/?s={search_term_string}"},"query-input":"required name=search_term_string"}],"inLanguage":"nb-NO"}]}</script>
<!-- / Yoast SEO Premium plugin. -->

Om oss - Mental Helse - Bømlo

Her kan du lese om oss i Mental Helse Bømlo, og lære mer om hva vi jobber med. Ta gjerne kontakt hvis du har noen spørsmål!

Bømlo

Om oss - Bømlo
