{"id":797,"date":"2023-05-10T11:14:16","date_gmt":"2023-05-10T11:14:16","guid":{"rendered":"https:\/\/mentalhelse.no\/viken\/?page_id=797"},"modified":"2025-10-11T15:19:35","modified_gmt":"2025-10-11T15:19:35","slug":"om-oss","status":"publish","type":"page","link":"https:\/\/mentalhelse.no\/ha\/om-oss\/","title":{"rendered":"Om oss"},"content":{"rendered":"\n<figure class=\"wp-block-image size-large\"><img loading=\"lazy\" decoding=\"async\" width=\"1024\" height=\"683\" src=\"https:\/\/mentalhelse.no\/content\/uploads\/sites\/255\/2023\/09\/photo-1582213782179-e0d53f98f2ca-1024x683.webp\" alt=\"\" class=\"wp-image-1009\" srcset=\"https:\/\/mentalhelse.no\/content\/uploads\/sites\/255\/2023\/09\/photo-1582213782179-e0d53f98f2ca-1024x683.webp 1024w, https:\/\/mentalhelse.no\/content\/uploads\/sites\/255\/2023\/09\/photo-1582213782179-e0d53f98f2ca-300x200.webp 300w, https:\/\/mentalhelse.no\/content\/uploads\/sites\/255\/2023\/09\/photo-1582213782179-e0d53f98f2ca-768x512.webp 768w, https:\/\/mentalhelse.no\/content\/uploads\/sites\/255\/2023\/09\/photo-1582213782179-e0d53f98f2ca-1536x1024.webp 1536w, https:\/\/mentalhelse.no\/content\/uploads\/sites\/255\/2023\/09\/photo-1582213782179-e0d53f98f2ca.webp 1740w\" sizes=\"auto, (max-width: 1024px) 100vw, 1024px\" \/><\/figure>\n\n\n\n<h1 class=\"wp-block-heading\" id=\"h-om-oss\">Om oss<\/h1>\n\n\n\n<p>Mental Helse H\u00e5 drives av en gjeng med ivrige og engasjerte folk som jobber for \u00e5 skape et m\u00f8tepunkt for de som \u00f8nsker et fellesskap i regionen.<\/p>\n\n\n\n<p>\u00d8nsker du \u00e5 bli frivillig eller medlem hos oss? Da er du er hjertelig velkommen til \u00e5 ta kontakt.<\/p>\n\n\n\n<h2 class=\"wp-block-heading\" id=\"h-styret\">Styret:<\/h2>\n\n\n\n<p><strong>Leder:<\/strong>\u00a0<br>Marita Fuglestad Tj\u00e5land<br><strong>Styremedlem<\/strong>:<br>Johnny Sandve<br><strong>Kasserer<\/strong>: <br>Tolleif Ulvebne<br><strong>Varamedlem<\/strong>: <br>May Stangeland<br><\/p>\n\n\n\n<div class=\"wp-block-columns is-layout-flex wp-container-core-columns-is-layout-1 wp-block-columns-is-layout-flex\">\n<div class=\"wp-block-column is-layout-flow wp-block-column-is-layout-flow\" style=\"flex-basis:100%\"><div class=\"card-info wp-block-t2-people-meta\"><\/div><\/div>\n<\/div>\n\n\n\n\n\n<div class=\"wp-block-group alignfull is-layout-constrained wp-block-group-is-layout-constrained\">\n<h3 class=\"wp-block-heading alignwide\" id=\"h-siste-nytt-fra-mental-helse-ha\">Siste nytt fra Mental Helse H\u00e5<\/h3>\n<\/div>\n\n\n<div class=\"card-info wp-block-t2-people-meta\"><\/div>\n\n<div class=\"t2-featured-content-layout alignwide alignwide wp-block-t2-featured-content-layout\">\n\n\n\n\n\n<\/div>","protected":false},"excerpt":{"rendered":"<p>Om oss Mental Helse H\u00e5 drives av en gjeng med ivrige og engasjerte folk som jobber for \u00e5 skape et m\u00f8tepunkt for de som \u00f8nsker&#8230;<\/p>\n","protected":false},"author":1,"featured_media":0,"parent":0,"menu_order":0,"comment_status":"closed","ping_status":"closed","template":"","meta":{"t2_featured_media_focal_point":{"x":0.5,"y":0.5},"mh_hide_title":true,"e24d_chat_page_choice":"","footnotes":""},"class_list":["post-797","page","type-page","status-publish","hentry"],"yoast_head":"<!-- This site is optimized with the Yoast SEO Premium plugin v21.2 (Yoast SEO v21.2) - https:\/\/yoast.com\/wordpress\/plugins\/seo\/ -->\n<title>Om oss - Mental Helse - H\u00e5<\/title>\n<meta name=\"description\" content=\"Her kan du lese om oss i Mental Helse H\u00e5, og l\u00e6re mer om hva vi jobber med. Ta gjerne kontakt hvis du har noen sp\u00f8rsm\u00e5l!\" \/>\n<meta name=\"robots\" content=\"index, follow, max-snippet:-1, max-image-preview:large, max-video-preview:-1\" \/>\n<link rel=\"canonical\" href=\"https:\/\/mentalhelse.no\/ha\/om-oss\/\" \/>\n<meta property=\"og:locale\" content=\"nb_NO\" \/>\n<meta property=\"og:type\" content=\"article\" \/>\n<meta property=\"og:title\" content=\"Om oss\" \/>\n<meta property=\"og:description\" content=\"Her kan du lese om oss i Mental Helse H\u00e5, og l\u00e6re mer om hva vi jobber med. Ta gjerne kontakt hvis du har noen sp\u00f8rsm\u00e5l!\" \/>\n<meta property=\"og:url\" content=\"https:\/\/mentalhelse.no\/ha\/om-oss\/\" \/>\n<meta property=\"og:site_name\" content=\"H\u00e5\" \/>\n<meta property=\"article:modified_time\" content=\"2025-10-11T15:19:35+00:00\" \/>\n<meta property=\"og:image\" content=\"https:\/\/mentalhelse.no\/content\/uploads\/sites\/255\/2023\/09\/photo-1582213782179-e0d53f98f2ca-1024x683.webp\" \/>\n<meta name=\"twitter:card\" content=\"summary_large_image\" \/>\n<meta name=\"twitter:label1\" content=\"Ansl. lesetid\" \/>\n\t<meta name=\"twitter:data1\" content=\"1 minutt\" \/>\n<script type=\"application\/ld+json\" class=\"yoast-schema-graph\">{\"@context\":\"https:\/\/schema.org\",\"@graph\":[{\"@type\":\"WebPage\",\"@id\":\"https:\/\/mentalhelse.no\/ha\/om-oss\/\",\"url\":\"https:\/\/mentalhelse.no\/ha\/om-oss\/\",\"name\":\"Om oss - H\u00e5\",\"isPartOf\":{\"@id\":\"https:\/\/mentalhelse.no\/ha\/#website\"},\"datePublished\":\"2023-05-10T11:14:16+00:00\",\"dateModified\":\"2025-10-11T15:19:35+00:00\",\"description\":\"Her kan du lese om oss i Mental Helse H\u00e5, og l\u00e6re mer om hva vi jobber med. Ta gjerne kontakt hvis du har noen sp\u00f8rsm\u00e5l!\",\"breadcrumb\":{\"@id\":\"https:\/\/mentalhelse.no\/ha\/om-oss\/#breadcrumb\"},\"inLanguage\":\"nb-NO\",\"potentialAction\":[{\"@type\":\"ReadAction\",\"target\":[\"https:\/\/mentalhelse.no\/ha\/om-oss\/\"]}]},{\"@type\":\"BreadcrumbList\",\"@id\":\"https:\/\/mentalhelse.no\/ha\/om-oss\/#breadcrumb\",\"itemListElement\":[{\"@type\":\"ListItem\",\"position\":1,\"name\":\"Hjem\",\"item\":\"https:\/\/mentalhelse.no\/ha\/\"},{\"@type\":\"ListItem\",\"position\":2,\"name\":\"Om oss\"}]},{\"@type\":\"WebSite\",\"@id\":\"https:\/\/mentalhelse.no\/ha\/#website\",\"url\":\"https:\/\/mentalhelse.no\/ha\/\",\"name\":\"H\u00e5\",\"description\":\"\",\"potentialAction\":[{\"@type\":\"SearchAction\",\"target\":{\"@type\":\"EntryPoint\",\"urlTemplate\":\"https:\/\/mentalhelse.no\/ha\/?s={search_term_string}\"},\"query-input\":\"required name=search_term_string\"}],\"inLanguage\":\"nb-NO\"}]}<\/script>\n<!-- \/ Yoast SEO Premium plugin. -->","yoast_head_json":{"title":"Om oss - Mental Helse - H\u00e5","description":"Her kan du lese om oss i Mental Helse H\u00e5, og l\u00e6re mer om hva vi jobber med. Ta gjerne kontakt hvis du har noen sp\u00f8rsm\u00e5l!","robots":{"index":"index","follow":"follow","max-snippet":"max-snippet:-1","max-image-preview":"max-image-preview:large","max-video-preview":"max-video-preview:-1"},"canonical":"https:\/\/mentalhelse.no\/ha\/om-oss\/","og_locale":"nb_NO","og_type":"article","og_title":"Om oss","og_description":"Her kan du lese om oss i Mental Helse H\u00e5, og l\u00e6re mer om hva vi jobber med. Ta gjerne kontakt hvis du har noen sp\u00f8rsm\u00e5l!","og_url":"https:\/\/mentalhelse.no\/ha\/om-oss\/","og_site_name":"H\u00e5","article_modified_time":"2025-10-11T15:19:35+00:00","og_image":[{"url":"https:\/\/mentalhelse.no\/content\/uploads\/sites\/255\/2023\/09\/photo-1582213782179-e0d53f98f2ca-1024x683.webp"}],"twitter_card":"summary_large_image","twitter_misc":{"Ansl. lesetid":"1 minutt"},"schema":{"@context":"https:\/\/schema.org","@graph":[{"@type":"WebPage","@id":"https:\/\/mentalhelse.no\/ha\/om-oss\/","url":"https:\/\/mentalhelse.no\/ha\/om-oss\/","name":"Om oss - H\u00e5","isPartOf":{"@id":"https:\/\/mentalhelse.no\/ha\/#website"},"datePublished":"2023-05-10T11:14:16+00:00","dateModified":"2025-10-11T15:19:35+00:00","description":"Her kan du lese om oss i Mental Helse H\u00e5, og l\u00e6re mer om hva vi jobber med. Ta gjerne kontakt hvis du har noen sp\u00f8rsm\u00e5l!","breadcrumb":{"@id":"https:\/\/mentalhelse.no\/ha\/om-oss\/#breadcrumb"},"inLanguage":"nb-NO","potentialAction":[{"@type":"ReadAction","target":["https:\/\/mentalhelse.no\/ha\/om-oss\/"]}]},{"@type":"BreadcrumbList","@id":"https:\/\/mentalhelse.no\/ha\/om-oss\/#breadcrumb","itemListElement":[{"@type":"ListItem","position":1,"name":"Hjem","item":"https:\/\/mentalhelse.no\/ha\/"},{"@type":"ListItem","position":2,"name":"Om oss"}]},{"@type":"WebSite","@id":"https:\/\/mentalhelse.no\/ha\/#website","url":"https:\/\/mentalhelse.no\/ha\/","name":"H\u00e5","description":"","potentialAction":[{"@type":"SearchAction","target":{"@type":"EntryPoint","urlTemplate":"https:\/\/mentalhelse.no\/ha\/?s={search_term_string}"},"query-input":"required name=search_term_string"}],"inLanguage":"nb-NO"}]}},"_links":{"self":[{"href":"https:\/\/mentalhelse.no\/ha\/wp-json\/wp\/v2\/pages\/797","targetHints":{"allow":["GET"]}}],"collection":[{"href":"https:\/\/mentalhelse.no\/ha\/wp-json\/wp\/v2\/pages"}],"about":[{"href":"https:\/\/mentalhelse.no\/ha\/wp-json\/wp\/v2\/types\/page"}],"author":[{"embeddable":true,"href":"https:\/\/mentalhelse.no\/ha\/wp-json\/wp\/v2\/users\/1"}],"replies":[{"embeddable":true,"href":"https:\/\/mentalhelse.no\/ha\/wp-json\/wp\/v2\/comments?post=797"}],"version-history":[{"count":5,"href":"https:\/\/mentalhelse.no\/ha\/wp-json\/wp\/v2\/pages\/797\/revisions"}],"predecessor-version":[{"id":1021,"href":"https:\/\/mentalhelse.no\/ha\/wp-json\/wp\/v2\/pages\/797\/revisions\/1021"}],"wp:attachment":[{"href":"https:\/\/mentalhelse.no\/ha\/wp-json\/wp\/v2\/media?parent=797"}],"curies":[{"name":"wp","href":"https:\/\/api.w.org\/{rel}","templated":true}]}}

<figure class="wp-block-image size-large"><img loading="lazy" decoding="async" width="1024" height="683" src="https://mentalhelse.no/content/uploads/sites/255/2023/09/photo-1582213782179-e0d53f98f2ca-1024x683.webp" alt="" class="wp-image-1009" srcset="https://mentalhelse.no/content/uploads/sites/255/2023/09/photo-1582213782179-e0d53f98f2ca-1024x683.webp 1024w, https://mentalhelse.no/content/uploads/sites/255/2023/09/photo-1582213782179-e0d53f98f2ca-300x200.webp 300w, https://mentalhelse.no/content/uploads/sites/255/2023/09/photo-1582213782179-e0d53f98f2ca-768x512.webp 768w, https://mentalhelse.no/content/uploads/sites/255/2023/09/photo-1582213782179-e0d53f98f2ca-1536x1024.webp 1536w, https://mentalhelse.no/content/uploads/sites/255/2023/09/photo-1582213782179-e0d53f98f2ca.webp 1740w" sizes="auto, (max-width: 1024px) 100vw, 1024px" /></figure>



<h1 class="wp-block-heading" id="h-om-oss">Om oss</h1>



<p>Mental Helse Hå drives av en gjeng med ivrige og engasjerte folk som jobber for å skape et møtepunkt for de som ønsker et fellesskap i regionen.</p>



<p>Ønsker du å bli frivillig eller medlem hos oss? Da er du er hjertelig velkommen til å ta kontakt.</p>



<h2 class="wp-block-heading" id="h-styret">Styret:</h2>



<p><strong>Leder:</strong> <br>Marita Fuglestad Tjåland<br><strong>Styremedlem</strong>:<br>Johnny Sandve<br><strong>Kasserer</strong>: <br>Tolleif Ulvebne<br><strong>Varamedlem</strong>: <br>May Stangeland<br></p>



<div class="wp-block-columns is-layout-flex wp-container-core-columns-is-layout-1 wp-block-columns-is-layout-flex">
<div class="wp-block-column is-layout-flow wp-block-column-is-layout-flow" style="flex-basis:100%"><div class="card-info wp-block-t2-people-meta"></div></div>
</div>





<div class="wp-block-group alignfull is-layout-constrained wp-block-group-is-layout-constrained">
<h3 class="wp-block-heading alignwide" id="h-siste-nytt-fra-mental-helse-ha">Siste nytt fra Mental Helse Hå</h3>
</div>


<div class="card-info wp-block-t2-people-meta"></div>

<div class="t2-featured-content-layout alignwide alignwide wp-block-t2-featured-content-layout">





</div>

<p>Om oss Mental Helse Hå drives av en gjeng med ivrige og engasjerte folk som jobber for å skape et møtepunkt for de som ønsker&#8230;</p>

<!-- This site is optimized with the Yoast SEO Premium plugin v21.2 (Yoast SEO v21.2) - https://yoast.com/wordpress/plugins/seo/ -->
<title>Om oss - Mental Helse - Hå</title>
<meta name="description" content="Her kan du lese om oss i Mental Helse Hå, og lære mer om hva vi jobber med. Ta gjerne kontakt hvis du har noen spørsmål!" />
<meta name="robots" content="index, follow, max-snippet:-1, max-image-preview:large, max-video-preview:-1" />
<link rel="canonical" href="https://mentalhelse.no/ha/om-oss/" />
<meta property="og:locale" content="nb_NO" />
<meta property="og:type" content="article" />
<meta property="og:title" content="Om oss" />
<meta property="og:description" content="Her kan du lese om oss i Mental Helse Hå, og lære mer om hva vi jobber med. Ta gjerne kontakt hvis du har noen spørsmål!" />
<meta property="og:url" content="https://mentalhelse.no/ha/om-oss/" />
<meta property="og:site_name" content="Hå" />
<meta property="article:modified_time" content="2025-10-11T15:19:35+00:00" />
<meta property="og:image" content="https://mentalhelse.no/content/uploads/sites/255/2023/09/photo-1582213782179-e0d53f98f2ca-1024x683.webp" />
<meta name="twitter:card" content="summary_large_image" />
<meta name="twitter:label1" content="Ansl. lesetid" />
	<meta name="twitter:data1" content="1 minutt" />
<script type="application/ld+json" class="yoast-schema-graph">{"@context":"https://schema.org","@graph":[{"@type":"WebPage","@id":"https://mentalhelse.no/ha/om-oss/","url":"https://mentalhelse.no/ha/om-oss/","name":"Om oss - Hå","isPartOf":{"@id":"https://mentalhelse.no/ha/#website"},"datePublished":"2023-05-10T11:14:16+00:00","dateModified":"2025-10-11T15:19:35+00:00","description":"Her kan du lese om oss i Mental Helse Hå, og lære mer om hva vi jobber med. Ta gjerne kontakt hvis du har noen spørsmål!","breadcrumb":{"@id":"https://mentalhelse.no/ha/om-oss/#breadcrumb"},"inLanguage":"nb-NO","potentialAction":[{"@type":"ReadAction","target":["https://mentalhelse.no/ha/om-oss/"]}]},{"@type":"BreadcrumbList","@id":"https://mentalhelse.no/ha/om-oss/#breadcrumb","itemListElement":[{"@type":"ListItem","position":1,"name":"Hjem","item":"https://mentalhelse.no/ha/"},{"@type":"ListItem","position":2,"name":"Om oss"}]},{"@type":"WebSite","@id":"https://mentalhelse.no/ha/#website","url":"https://mentalhelse.no/ha/","name":"Hå","description":"","potentialAction":[{"@type":"SearchAction","target":{"@type":"EntryPoint","urlTemplate":"https://mentalhelse.no/ha/?s={search_term_string}"},"query-input":"required name=search_term_string"}],"inLanguage":"nb-NO"}]}</script>
<!-- / Yoast SEO Premium plugin. -->

Om oss - Mental Helse - Hå

Her kan du lese om oss i Mental Helse Hå, og lære mer om hva vi jobber med. Ta gjerne kontakt hvis du har noen spørsmål!

Hå

Om oss - Hå
