{"id":797,"date":"2023-05-10T11:14:16","date_gmt":"2023-05-10T11:14:16","guid":{"rendered":"https:\/\/mentalhelse.no\/viken\/?page_id=797"},"modified":"2026-04-06T17:33:30","modified_gmt":"2026-04-06T17:33:30","slug":"om-oss","status":"publish","type":"page","link":"https:\/\/mentalhelse.no\/kvam\/om-oss\/","title":{"rendered":"Om oss"},"content":{"rendered":"\n<figure class=\"wp-block-image size-large\"><img loading=\"lazy\" decoding=\"async\" width=\"1024\" height=\"768\" src=\"https:\/\/mentalhelse.no\/content\/uploads\/sites\/269\/2023\/08\/1920px-Norheimsund_i_Kvam-1-1024x768.jpg\" alt=\"\" class=\"wp-image-997\" srcset=\"https:\/\/mentalhelse.no\/content\/uploads\/sites\/269\/2023\/08\/1920px-Norheimsund_i_Kvam-1-1024x768.jpg 1024w, https:\/\/mentalhelse.no\/content\/uploads\/sites\/269\/2023\/08\/1920px-Norheimsund_i_Kvam-1-300x225.jpg 300w, https:\/\/mentalhelse.no\/content\/uploads\/sites\/269\/2023\/08\/1920px-Norheimsund_i_Kvam-1-768x576.jpg 768w, https:\/\/mentalhelse.no\/content\/uploads\/sites\/269\/2023\/08\/1920px-Norheimsund_i_Kvam-1-1536x1152.jpg 1536w, https:\/\/mentalhelse.no\/content\/uploads\/sites\/269\/2023\/08\/1920px-Norheimsund_i_Kvam-1.jpg 1920w\" sizes=\"auto, (max-width: 1024px) 100vw, 1024px\" \/><\/figure>\n\n\n\n<h1 class=\"wp-block-heading\" id=\"h-om-oss\">Om oss<\/h1>\n\n\n\n<p>Vi var i utgangen av 2022 26 betalende medlemmer i lokallaget. Det arrangeres julebord, juleverksted, sommeravslutning og markering av verdensdagen for psykisk helse og &laquo;kvamaveko&raquo;.<\/p>\n\n\n\n<p>\u00d8nsker du \u00e5 bli frivillig eller medlem hos oss? Da er du er hjertelig velkommen til \u00e5 ta kontakt med oss! <\/p>\n\n\n\n<p>Du finner oss ogs\u00e5 p\u00e5 <a href=\"https:\/\/www.facebook.com\/profile.php?id=100064359504436\">facebook<\/a><\/p>\n\n\n\n<h2 class=\"wp-block-heading\" id=\"h-styret\">Styret:<\/h2>\n\n\n\n<p><strong>Leiar:<\/strong>&nbsp;Marianne Gluppe<br><strong>Kasserar<\/strong>: Sidsel Haugen<\/p>\n\n\n\n<p><strong>Sekret\u00e6r: <\/strong>Anita Krogh Hansen<\/p>\n\n\n\n<p><strong>Styremedlem:<\/strong> Jan Frank B\u00f8e<br><strong>Styremedlem<\/strong>: Helga S\u00f8rhus<br><strong>Styremedlem<\/strong>: Aud Irene Mortensen<br><strong>Styremedlem<\/strong>: Vidar Eik<\/p>\n\n\n\n<div class=\"wp-block-group alignfull is-layout-constrained wp-block-group-is-layout-constrained\">\n<h3 class=\"wp-block-heading alignwide\" id=\"h-siste-nytt-fra-mental-helse-kvam\">Siste nytt fra Mental Helse Kvam<\/h3>\n<\/div>\n\n\n<div class=\"card-info wp-block-t2-people-meta\"><\/div>\n\n<div class=\"t2-featured-content-layout alignwide alignwide wp-block-t2-featured-content-layout\">\n\n\n\n\n\n<\/div>","protected":false},"excerpt":{"rendered":"<p>Om oss Vi var i utgangen av 2022 26 betalende medlemmer i lokallaget. Det arrangeres julebord, juleverksted, sommeravslutning og markering av verdensdagen for psykisk helse&#8230;<\/p>\n","protected":false},"author":1,"featured_media":0,"parent":0,"menu_order":0,"comment_status":"closed","ping_status":"closed","template":"","meta":{"t2_featured_media_focal_point":{"x":0.5,"y":0.5},"mh_hide_title":true,"e24d_chat_page_choice":"","footnotes":""},"class_list":["post-797","page","type-page","status-publish","hentry"],"yoast_head":"<!-- This site is optimized with the Yoast SEO Premium plugin v21.2 (Yoast SEO v21.2) - https:\/\/yoast.com\/wordpress\/plugins\/seo\/ -->\n<title>Om oss - Mental Helse Mental Helse - Kvam<\/title>\n<meta name=\"description\" content=\"Her kan du lese om oss i Mental Helse Kvam, og l\u00e6re mer om hva vi jobber med. Ta gjerne kontakt hvis du har noen sp\u00f8rsm\u00e5l!\" \/>\n<meta name=\"robots\" content=\"index, follow, max-snippet:-1, max-image-preview:large, max-video-preview:-1\" \/>\n<link rel=\"canonical\" href=\"https:\/\/mentalhelse.no\/kvam\/om-oss\/\" \/>\n<meta property=\"og:locale\" content=\"nb_NO\" \/>\n<meta property=\"og:type\" content=\"article\" \/>\n<meta property=\"og:title\" content=\"Om oss\" \/>\n<meta property=\"og:description\" content=\"Her kan du lese om oss i Mental Helse Kvam, og l\u00e6re mer om hva vi jobber med. Ta gjerne kontakt hvis du har noen sp\u00f8rsm\u00e5l!\" \/>\n<meta property=\"og:url\" content=\"https:\/\/mentalhelse.no\/kvam\/om-oss\/\" \/>\n<meta property=\"og:site_name\" content=\"Kvam\" \/>\n<meta property=\"article:modified_time\" content=\"2026-04-06T17:33:30+00:00\" \/>\n<meta property=\"og:image\" content=\"https:\/\/mentalhelse.no\/content\/uploads\/sites\/269\/2023\/08\/1920px-Norheimsund_i_Kvam-1-1024x768.jpg\" \/>\n<meta name=\"twitter:card\" content=\"summary_large_image\" \/>\n<meta name=\"twitter:label1\" content=\"Ansl. lesetid\" \/>\n\t<meta name=\"twitter:data1\" content=\"1 minutt\" \/>\n<script type=\"application\/ld+json\" class=\"yoast-schema-graph\">{\"@context\":\"https:\/\/schema.org\",\"@graph\":[{\"@type\":\"WebPage\",\"@id\":\"https:\/\/mentalhelse.no\/kvam\/om-oss\/\",\"url\":\"https:\/\/mentalhelse.no\/kvam\/om-oss\/\",\"name\":\"Om oss - Mental Helse Kvam\",\"isPartOf\":{\"@id\":\"https:\/\/mentalhelse.no\/kvam\/#website\"},\"datePublished\":\"2023-05-10T11:14:16+00:00\",\"dateModified\":\"2026-04-06T17:33:30+00:00\",\"description\":\"Her kan du lese om oss i Mental Helse Kvam, og l\u00e6re mer om hva vi jobber med. Ta gjerne kontakt hvis du har noen sp\u00f8rsm\u00e5l!\",\"breadcrumb\":{\"@id\":\"https:\/\/mentalhelse.no\/kvam\/om-oss\/#breadcrumb\"},\"inLanguage\":\"nb-NO\",\"potentialAction\":[{\"@type\":\"ReadAction\",\"target\":[\"https:\/\/mentalhelse.no\/kvam\/om-oss\/\"]}]},{\"@type\":\"BreadcrumbList\",\"@id\":\"https:\/\/mentalhelse.no\/kvam\/om-oss\/#breadcrumb\",\"itemListElement\":[{\"@type\":\"ListItem\",\"position\":1,\"name\":\"Hjem\",\"item\":\"https:\/\/mentalhelse.no\/kvam\/\"},{\"@type\":\"ListItem\",\"position\":2,\"name\":\"Om oss\"}]},{\"@type\":\"WebSite\",\"@id\":\"https:\/\/mentalhelse.no\/kvam\/#website\",\"url\":\"https:\/\/mentalhelse.no\/kvam\/\",\"name\":\"Kvam\",\"description\":\"\",\"potentialAction\":[{\"@type\":\"SearchAction\",\"target\":{\"@type\":\"EntryPoint\",\"urlTemplate\":\"https:\/\/mentalhelse.no\/kvam\/?s={search_term_string}\"},\"query-input\":\"required name=search_term_string\"}],\"inLanguage\":\"nb-NO\"}]}<\/script>\n<!-- \/ Yoast SEO Premium plugin. -->","yoast_head_json":{"title":"Om oss - Mental Helse Mental Helse - Kvam","description":"Her kan du lese om oss i Mental Helse Kvam, og l\u00e6re mer om hva vi jobber med. Ta gjerne kontakt hvis du har noen sp\u00f8rsm\u00e5l!","robots":{"index":"index","follow":"follow","max-snippet":"max-snippet:-1","max-image-preview":"max-image-preview:large","max-video-preview":"max-video-preview:-1"},"canonical":"https:\/\/mentalhelse.no\/kvam\/om-oss\/","og_locale":"nb_NO","og_type":"article","og_title":"Om oss","og_description":"Her kan du lese om oss i Mental Helse Kvam, og l\u00e6re mer om hva vi jobber med. Ta gjerne kontakt hvis du har noen sp\u00f8rsm\u00e5l!","og_url":"https:\/\/mentalhelse.no\/kvam\/om-oss\/","og_site_name":"Kvam","article_modified_time":"2026-04-06T17:33:30+00:00","og_image":[{"url":"https:\/\/mentalhelse.no\/content\/uploads\/sites\/269\/2023\/08\/1920px-Norheimsund_i_Kvam-1-1024x768.jpg"}],"twitter_card":"summary_large_image","twitter_misc":{"Ansl. lesetid":"1 minutt"},"schema":{"@context":"https:\/\/schema.org","@graph":[{"@type":"WebPage","@id":"https:\/\/mentalhelse.no\/kvam\/om-oss\/","url":"https:\/\/mentalhelse.no\/kvam\/om-oss\/","name":"Om oss - Mental Helse Kvam","isPartOf":{"@id":"https:\/\/mentalhelse.no\/kvam\/#website"},"datePublished":"2023-05-10T11:14:16+00:00","dateModified":"2026-04-06T17:33:30+00:00","description":"Her kan du lese om oss i Mental Helse Kvam, og l\u00e6re mer om hva vi jobber med. Ta gjerne kontakt hvis du har noen sp\u00f8rsm\u00e5l!","breadcrumb":{"@id":"https:\/\/mentalhelse.no\/kvam\/om-oss\/#breadcrumb"},"inLanguage":"nb-NO","potentialAction":[{"@type":"ReadAction","target":["https:\/\/mentalhelse.no\/kvam\/om-oss\/"]}]},{"@type":"BreadcrumbList","@id":"https:\/\/mentalhelse.no\/kvam\/om-oss\/#breadcrumb","itemListElement":[{"@type":"ListItem","position":1,"name":"Hjem","item":"https:\/\/mentalhelse.no\/kvam\/"},{"@type":"ListItem","position":2,"name":"Om oss"}]},{"@type":"WebSite","@id":"https:\/\/mentalhelse.no\/kvam\/#website","url":"https:\/\/mentalhelse.no\/kvam\/","name":"Kvam","description":"","potentialAction":[{"@type":"SearchAction","target":{"@type":"EntryPoint","urlTemplate":"https:\/\/mentalhelse.no\/kvam\/?s={search_term_string}"},"query-input":"required name=search_term_string"}],"inLanguage":"nb-NO"}]}},"_links":{"self":[{"href":"https:\/\/mentalhelse.no\/kvam\/wp-json\/wp\/v2\/pages\/797","targetHints":{"allow":["GET"]}}],"collection":[{"href":"https:\/\/mentalhelse.no\/kvam\/wp-json\/wp\/v2\/pages"}],"about":[{"href":"https:\/\/mentalhelse.no\/kvam\/wp-json\/wp\/v2\/types\/page"}],"author":[{"embeddable":true,"href":"https:\/\/mentalhelse.no\/kvam\/wp-json\/wp\/v2\/users\/1"}],"replies":[{"embeddable":true,"href":"https:\/\/mentalhelse.no\/kvam\/wp-json\/wp\/v2\/comments?post=797"}],"version-history":[{"count":4,"href":"https:\/\/mentalhelse.no\/kvam\/wp-json\/wp\/v2\/pages\/797\/revisions"}],"predecessor-version":[{"id":1071,"href":"https:\/\/mentalhelse.no\/kvam\/wp-json\/wp\/v2\/pages\/797\/revisions\/1071"}],"wp:attachment":[{"href":"https:\/\/mentalhelse.no\/kvam\/wp-json\/wp\/v2\/media?parent=797"}],"curies":[{"name":"wp","href":"https:\/\/api.w.org\/{rel}","templated":true}]}}

<figure class="wp-block-image size-large"><img loading="lazy" decoding="async" width="1024" height="768" src="https://mentalhelse.no/content/uploads/sites/269/2023/08/1920px-Norheimsund_i_Kvam-1-1024x768.jpg" alt="" class="wp-image-997" srcset="https://mentalhelse.no/content/uploads/sites/269/2023/08/1920px-Norheimsund_i_Kvam-1-1024x768.jpg 1024w, https://mentalhelse.no/content/uploads/sites/269/2023/08/1920px-Norheimsund_i_Kvam-1-300x225.jpg 300w, https://mentalhelse.no/content/uploads/sites/269/2023/08/1920px-Norheimsund_i_Kvam-1-768x576.jpg 768w, https://mentalhelse.no/content/uploads/sites/269/2023/08/1920px-Norheimsund_i_Kvam-1-1536x1152.jpg 1536w, https://mentalhelse.no/content/uploads/sites/269/2023/08/1920px-Norheimsund_i_Kvam-1.jpg 1920w" sizes="auto, (max-width: 1024px) 100vw, 1024px" /></figure>



<h1 class="wp-block-heading" id="h-om-oss">Om oss</h1>



<p>Vi var i utgangen av 2022 26 betalende medlemmer i lokallaget. Det arrangeres julebord, juleverksted, sommeravslutning og markering av verdensdagen for psykisk helse og &laquo;kvamaveko&raquo;.</p>



<p>Ønsker du å bli frivillig eller medlem hos oss? Da er du er hjertelig velkommen til å ta kontakt med oss! </p>



<p>Du finner oss også på <a href="https://www.facebook.com/profile.php?id=100064359504436">facebook</a></p>



<h2 class="wp-block-heading" id="h-styret">Styret:</h2>



<p><strong>Leiar:</strong>&nbsp;Marianne Gluppe<br><strong>Kasserar</strong>: Sidsel Haugen</p>



<p><strong>Sekretær: </strong>Anita Krogh Hansen</p>



<p><strong>Styremedlem:</strong> Jan Frank Bøe<br><strong>Styremedlem</strong>: Helga Sørhus<br><strong>Styremedlem</strong>: Aud Irene Mortensen<br><strong>Styremedlem</strong>: Vidar Eik</p>



<div class="wp-block-group alignfull is-layout-constrained wp-block-group-is-layout-constrained">
<h3 class="wp-block-heading alignwide" id="h-siste-nytt-fra-mental-helse-kvam">Siste nytt fra Mental Helse Kvam</h3>
</div>


<div class="card-info wp-block-t2-people-meta"></div>

<div class="t2-featured-content-layout alignwide alignwide wp-block-t2-featured-content-layout">





</div>

<!-- This site is optimized with the Yoast SEO Premium plugin v21.2 (Yoast SEO v21.2) - https://yoast.com/wordpress/plugins/seo/ -->
<title>Om oss - Mental Helse Mental Helse - Kvam</title>
<meta name="description" content="Her kan du lese om oss i Mental Helse Kvam, og lære mer om hva vi jobber med. Ta gjerne kontakt hvis du har noen spørsmål!" />
<meta name="robots" content="index, follow, max-snippet:-1, max-image-preview:large, max-video-preview:-1" />
<link rel="canonical" href="https://mentalhelse.no/kvam/om-oss/" />
<meta property="og:locale" content="nb_NO" />
<meta property="og:type" content="article" />
<meta property="og:title" content="Om oss" />
<meta property="og:description" content="Her kan du lese om oss i Mental Helse Kvam, og lære mer om hva vi jobber med. Ta gjerne kontakt hvis du har noen spørsmål!" />
<meta property="og:url" content="https://mentalhelse.no/kvam/om-oss/" />
<meta property="og:site_name" content="Kvam" />
<meta property="article:modified_time" content="2026-04-06T17:33:30+00:00" />
<meta property="og:image" content="https://mentalhelse.no/content/uploads/sites/269/2023/08/1920px-Norheimsund_i_Kvam-1-1024x768.jpg" />
<meta name="twitter:card" content="summary_large_image" />
<meta name="twitter:label1" content="Ansl. lesetid" />
	<meta name="twitter:data1" content="1 minutt" />
<script type="application/ld+json" class="yoast-schema-graph">{"@context":"https://schema.org","@graph":[{"@type":"WebPage","@id":"https://mentalhelse.no/kvam/om-oss/","url":"https://mentalhelse.no/kvam/om-oss/","name":"Om oss - Mental Helse Kvam","isPartOf":{"@id":"https://mentalhelse.no/kvam/#website"},"datePublished":"2023-05-10T11:14:16+00:00","dateModified":"2026-04-06T17:33:30+00:00","description":"Her kan du lese om oss i Mental Helse Kvam, og lære mer om hva vi jobber med. Ta gjerne kontakt hvis du har noen spørsmål!","breadcrumb":{"@id":"https://mentalhelse.no/kvam/om-oss/#breadcrumb"},"inLanguage":"nb-NO","potentialAction":[{"@type":"ReadAction","target":["https://mentalhelse.no/kvam/om-oss/"]}]},{"@type":"BreadcrumbList","@id":"https://mentalhelse.no/kvam/om-oss/#breadcrumb","itemListElement":[{"@type":"ListItem","position":1,"name":"Hjem","item":"https://mentalhelse.no/kvam/"},{"@type":"ListItem","position":2,"name":"Om oss"}]},{"@type":"WebSite","@id":"https://mentalhelse.no/kvam/#website","url":"https://mentalhelse.no/kvam/","name":"Kvam","description":"","potentialAction":[{"@type":"SearchAction","target":{"@type":"EntryPoint","urlTemplate":"https://mentalhelse.no/kvam/?s={search_term_string}"},"query-input":"required name=search_term_string"}],"inLanguage":"nb-NO"}]}</script>
<!-- / Yoast SEO Premium plugin. -->

Her kan du lese om oss i Mental Helse Kvam, og lære mer om hva vi jobber med. Ta gjerne kontakt hvis du har noen spørsmål!
