{"id":797,"date":"2023-05-10T11:14:16","date_gmt":"2023-05-10T11:14:16","guid":{"rendered":"https:\/\/mentalhelse.no\/viken\/?page_id=797"},"modified":"2026-03-19T10:14:49","modified_gmt":"2026-03-19T10:14:49","slug":"om-oss","status":"publish","type":"page","link":"https:\/\/mentalhelse.no\/melhus\/om-oss\/","title":{"rendered":"Om oss"},"content":{"rendered":"\n<figure class=\"wp-block-image size-large\"><img loading=\"lazy\" decoding=\"async\" width=\"1024\" height=\"678\" src=\"https:\/\/mentalhelse.no\/content\/uploads\/sites\/307\/2023\/07\/Melhus-om-oss-1024x678.jpg\" alt=\"\" class=\"wp-image-999\" srcset=\"https:\/\/mentalhelse.no\/content\/uploads\/sites\/307\/2023\/07\/Melhus-om-oss-1024x678.jpg 1024w, https:\/\/mentalhelse.no\/content\/uploads\/sites\/307\/2023\/07\/Melhus-om-oss-300x199.jpg 300w, https:\/\/mentalhelse.no\/content\/uploads\/sites\/307\/2023\/07\/Melhus-om-oss-768x509.jpg 768w, https:\/\/mentalhelse.no\/content\/uploads\/sites\/307\/2023\/07\/Melhus-om-oss-1536x1017.jpg 1536w, https:\/\/mentalhelse.no\/content\/uploads\/sites\/307\/2023\/07\/Melhus-om-oss-2048x1356.jpg 2048w\" sizes=\"auto, (max-width: 1024px) 100vw, 1024px\" \/><\/figure>\n\n\n\n<h1 class=\"wp-block-heading\" id=\"h-om-oss\">Om oss<\/h1>\n\n\n\n<p>Mental Helse Melhus har i samarbeid med R\u00f8de Kors omsorg, psykisk helse og rus i Melhus kommune og Idrettsveien \u00e5pent treffsted i partallsuker&nbsp;onsdag kl.13.00-15.00 p\u00e5 Frivilligsentralen \/ Kroa.<\/p>\n\n\n\n<p><br>Oddetallsuker&nbsp;har vi aktivitetskveld kl.18.00 \u2013 20.00.<\/p>\n\n\n\n<p><br>Dette er \u00e5pent for alle, s\u00e5 kom alene eller ta med en venn!<\/p>\n\n\n<div class=\"t2-featured-content-layout align align wp-block-t2-featured-content-layout\"><\/div>\n\n\n<h2 class=\"wp-block-heading\" id=\"h-styret\">Styret<\/h2>\n\n\n\n<p>Leder: St\u00e5le L. Gr\u00e5bak<br>Kasserer: Nils Magne R\u00f8stum<br>Styremedlem: \u00c5ge Reitbakken<br>Styremedlem: Frank Johnny Andreassen<\/p>\n\n\n\n<h2 class=\"wp-block-heading\" id=\"h-kontakt\">Kontakt<\/h2>\n\n\n\n<p><strong>Leder<\/strong><br>St\u00e5le L. Gr\u00e5bak<\/p>\n\n\n\n<p>Tlf: 98652695<\/p>\n\n\n\n<p>e-post: <a href=\"mailto:Melhus@mentalhelse.no\">Melhus@lokallag.mentalhelse.no<\/a><\/p>\n\n\n\n<p><strong>Mental Helse Melhus<\/strong><br>Klemmets veg 192<br>7227 Gimse<\/p>\n\n\n\n<p><strong>Kontonr.:<\/strong><br>4230 57 97280<br><\/p>\n\n\n\n<p><strong>Org.nr.:<\/strong><br>995 068 974<\/p>\n\n\n\n<p><\/p>\n\n\n\n<div class=\"wp-block-columns is-layout-flex wp-container-core-columns-is-layout-1 wp-block-columns-is-layout-flex\">\n<div class=\"wp-block-column is-layout-flow wp-block-column-is-layout-flow\" style=\"flex-basis:100%\"><div class=\"card-info wp-block-t2-people-meta\"><\/div><\/div>\n<\/div>\n\n\n\n<div class=\"wp-block-group alignfull is-layout-constrained wp-block-group-is-layout-constrained\">\n<h3 class=\"wp-block-heading alignwide\" id=\"h-siste-nytt-fra-mental-helse-melhus\">Siste nytt fra Mental Helse Melhus<\/h3>\n<\/div>\n\n\n<div class=\"t2-featured-content-layout alignwide alignwide wp-block-t2-featured-content-layout\">\n\n\n\n\n\n<\/div>","protected":false},"excerpt":{"rendered":"<p>Om oss Mental Helse Melhus har i samarbeid med R\u00f8de Kors omsorg, psykisk helse og rus i Melhus kommune og Idrettsveien \u00e5pent treffsted i partallsuker&nbsp;onsdag&#8230;<\/p>\n","protected":false},"author":1,"featured_media":0,"parent":0,"menu_order":0,"comment_status":"closed","ping_status":"closed","template":"","meta":{"t2_featured_media_focal_point":{"x":0.5,"y":0.5},"mh_hide_title":true,"e24d_chat_page_choice":"","footnotes":""},"class_list":["post-797","page","type-page","status-publish","hentry"],"yoast_head":"<!-- This site is optimized with the Yoast SEO Premium plugin v21.2 (Yoast SEO v21.2) - https:\/\/yoast.com\/wordpress\/plugins\/seo\/ -->\n<title>Om oss - Mental Helse - Melhus<\/title>\n<meta name=\"description\" content=\"Her kan du lese om oss i Mental Helse Melhus, og l\u00e6re mer om hva vi jobber med. Ta gjerne kontakt hvis du har noen sp\u00f8rsm\u00e5l!\" \/>\n<meta name=\"robots\" content=\"index, follow, max-snippet:-1, max-image-preview:large, max-video-preview:-1\" \/>\n<link rel=\"canonical\" href=\"https:\/\/mentalhelse.no\/melhus\/om-oss\/\" \/>\n<meta property=\"og:locale\" content=\"nb_NO\" \/>\n<meta property=\"og:type\" content=\"article\" \/>\n<meta property=\"og:title\" content=\"Om oss\" \/>\n<meta property=\"og:description\" content=\"Her kan du lese om oss i Mental Helse Melhus, og l\u00e6re mer om hva vi jobber med. Ta gjerne kontakt hvis du har noen sp\u00f8rsm\u00e5l!\" \/>\n<meta property=\"og:url\" content=\"https:\/\/mentalhelse.no\/melhus\/om-oss\/\" \/>\n<meta property=\"og:site_name\" content=\"Melhus\" \/>\n<meta property=\"article:modified_time\" content=\"2026-03-19T10:14:49+00:00\" \/>\n<meta property=\"og:image\" content=\"https:\/\/mentalhelse.no\/content\/uploads\/sites\/307\/2023\/07\/Melhus-om-oss-1024x678.jpg\" \/>\n<meta name=\"twitter:card\" content=\"summary_large_image\" \/>\n<meta name=\"twitter:label1\" content=\"Ansl. lesetid\" \/>\n\t<meta name=\"twitter:data1\" content=\"1 minutt\" \/>\n<script type=\"application\/ld+json\" class=\"yoast-schema-graph\">{\"@context\":\"https:\/\/schema.org\",\"@graph\":[{\"@type\":\"WebPage\",\"@id\":\"https:\/\/mentalhelse.no\/melhus\/om-oss\/\",\"url\":\"https:\/\/mentalhelse.no\/melhus\/om-oss\/\",\"name\":\"Om oss - Melhus\",\"isPartOf\":{\"@id\":\"https:\/\/mentalhelse.no\/melhus\/#website\"},\"datePublished\":\"2023-05-10T11:14:16+00:00\",\"dateModified\":\"2026-03-19T10:14:49+00:00\",\"description\":\"Her kan du lese om oss i Mental Helse Melhus, og l\u00e6re mer om hva vi jobber med. Ta gjerne kontakt hvis du har noen sp\u00f8rsm\u00e5l!\",\"breadcrumb\":{\"@id\":\"https:\/\/mentalhelse.no\/melhus\/om-oss\/#breadcrumb\"},\"inLanguage\":\"nb-NO\",\"potentialAction\":[{\"@type\":\"ReadAction\",\"target\":[\"https:\/\/mentalhelse.no\/melhus\/om-oss\/\"]}]},{\"@type\":\"BreadcrumbList\",\"@id\":\"https:\/\/mentalhelse.no\/melhus\/om-oss\/#breadcrumb\",\"itemListElement\":[{\"@type\":\"ListItem\",\"position\":1,\"name\":\"Hjem\",\"item\":\"https:\/\/mentalhelse.no\/melhus\/\"},{\"@type\":\"ListItem\",\"position\":2,\"name\":\"Om oss\"}]},{\"@type\":\"WebSite\",\"@id\":\"https:\/\/mentalhelse.no\/melhus\/#website\",\"url\":\"https:\/\/mentalhelse.no\/melhus\/\",\"name\":\"Melhus\",\"description\":\"\",\"potentialAction\":[{\"@type\":\"SearchAction\",\"target\":{\"@type\":\"EntryPoint\",\"urlTemplate\":\"https:\/\/mentalhelse.no\/melhus\/?s={search_term_string}\"},\"query-input\":\"required name=search_term_string\"}],\"inLanguage\":\"nb-NO\"}]}<\/script>\n<!-- \/ Yoast SEO Premium plugin. -->","yoast_head_json":{"title":"Om oss - Mental Helse - Melhus","description":"Her kan du lese om oss i Mental Helse Melhus, og l\u00e6re mer om hva vi jobber med. Ta gjerne kontakt hvis du har noen sp\u00f8rsm\u00e5l!","robots":{"index":"index","follow":"follow","max-snippet":"max-snippet:-1","max-image-preview":"max-image-preview:large","max-video-preview":"max-video-preview:-1"},"canonical":"https:\/\/mentalhelse.no\/melhus\/om-oss\/","og_locale":"nb_NO","og_type":"article","og_title":"Om oss","og_description":"Her kan du lese om oss i Mental Helse Melhus, og l\u00e6re mer om hva vi jobber med. Ta gjerne kontakt hvis du har noen sp\u00f8rsm\u00e5l!","og_url":"https:\/\/mentalhelse.no\/melhus\/om-oss\/","og_site_name":"Melhus","article_modified_time":"2026-03-19T10:14:49+00:00","og_image":[{"url":"https:\/\/mentalhelse.no\/content\/uploads\/sites\/307\/2023\/07\/Melhus-om-oss-1024x678.jpg"}],"twitter_card":"summary_large_image","twitter_misc":{"Ansl. lesetid":"1 minutt"},"schema":{"@context":"https:\/\/schema.org","@graph":[{"@type":"WebPage","@id":"https:\/\/mentalhelse.no\/melhus\/om-oss\/","url":"https:\/\/mentalhelse.no\/melhus\/om-oss\/","name":"Om oss - Melhus","isPartOf":{"@id":"https:\/\/mentalhelse.no\/melhus\/#website"},"datePublished":"2023-05-10T11:14:16+00:00","dateModified":"2026-03-19T10:14:49+00:00","description":"Her kan du lese om oss i Mental Helse Melhus, og l\u00e6re mer om hva vi jobber med. Ta gjerne kontakt hvis du har noen sp\u00f8rsm\u00e5l!","breadcrumb":{"@id":"https:\/\/mentalhelse.no\/melhus\/om-oss\/#breadcrumb"},"inLanguage":"nb-NO","potentialAction":[{"@type":"ReadAction","target":["https:\/\/mentalhelse.no\/melhus\/om-oss\/"]}]},{"@type":"BreadcrumbList","@id":"https:\/\/mentalhelse.no\/melhus\/om-oss\/#breadcrumb","itemListElement":[{"@type":"ListItem","position":1,"name":"Hjem","item":"https:\/\/mentalhelse.no\/melhus\/"},{"@type":"ListItem","position":2,"name":"Om oss"}]},{"@type":"WebSite","@id":"https:\/\/mentalhelse.no\/melhus\/#website","url":"https:\/\/mentalhelse.no\/melhus\/","name":"Melhus","description":"","potentialAction":[{"@type":"SearchAction","target":{"@type":"EntryPoint","urlTemplate":"https:\/\/mentalhelse.no\/melhus\/?s={search_term_string}"},"query-input":"required name=search_term_string"}],"inLanguage":"nb-NO"}]}},"_links":{"self":[{"href":"https:\/\/mentalhelse.no\/melhus\/wp-json\/wp\/v2\/pages\/797","targetHints":{"allow":["GET"]}}],"collection":[{"href":"https:\/\/mentalhelse.no\/melhus\/wp-json\/wp\/v2\/pages"}],"about":[{"href":"https:\/\/mentalhelse.no\/melhus\/wp-json\/wp\/v2\/types\/page"}],"author":[{"embeddable":true,"href":"https:\/\/mentalhelse.no\/melhus\/wp-json\/wp\/v2\/users\/1"}],"replies":[{"embeddable":true,"href":"https:\/\/mentalhelse.no\/melhus\/wp-json\/wp\/v2\/comments?post=797"}],"version-history":[{"count":5,"href":"https:\/\/mentalhelse.no\/melhus\/wp-json\/wp\/v2\/pages\/797\/revisions"}],"predecessor-version":[{"id":1027,"href":"https:\/\/mentalhelse.no\/melhus\/wp-json\/wp\/v2\/pages\/797\/revisions\/1027"}],"wp:attachment":[{"href":"https:\/\/mentalhelse.no\/melhus\/wp-json\/wp\/v2\/media?parent=797"}],"curies":[{"name":"wp","href":"https:\/\/api.w.org\/{rel}","templated":true}]}}

<figure class="wp-block-image size-large"><img loading="lazy" decoding="async" width="1024" height="678" src="https://mentalhelse.no/content/uploads/sites/307/2023/07/Melhus-om-oss-1024x678.jpg" alt="" class="wp-image-999" srcset="https://mentalhelse.no/content/uploads/sites/307/2023/07/Melhus-om-oss-1024x678.jpg 1024w, https://mentalhelse.no/content/uploads/sites/307/2023/07/Melhus-om-oss-300x199.jpg 300w, https://mentalhelse.no/content/uploads/sites/307/2023/07/Melhus-om-oss-768x509.jpg 768w, https://mentalhelse.no/content/uploads/sites/307/2023/07/Melhus-om-oss-1536x1017.jpg 1536w, https://mentalhelse.no/content/uploads/sites/307/2023/07/Melhus-om-oss-2048x1356.jpg 2048w" sizes="auto, (max-width: 1024px) 100vw, 1024px" /></figure>



<h1 class="wp-block-heading" id="h-om-oss">Om oss</h1>



<p>Mental Helse Melhus har i samarbeid med Røde Kors omsorg, psykisk helse og rus i Melhus kommune og Idrettsveien åpent treffsted i partallsuker&nbsp;onsdag kl.13.00-15.00 på Frivilligsentralen / Kroa.</p>



<p><br>Oddetallsuker&nbsp;har vi aktivitetskveld kl.18.00 – 20.00.</p>



<p><br>Dette er åpent for alle, så kom alene eller ta med en venn!</p>


<div class="t2-featured-content-layout align align wp-block-t2-featured-content-layout"></div>


<h2 class="wp-block-heading" id="h-styret">Styret</h2>



<p>Leder: Ståle L. Gråbak<br>Kasserer: Nils Magne Røstum<br>Styremedlem: Åge Reitbakken<br>Styremedlem: Frank Johnny Andreassen</p>



<h2 class="wp-block-heading" id="h-kontakt">Kontakt</h2>



<p><strong>Leder</strong><br>Ståle L. Gråbak</p>



<p>Tlf: 98652695</p>



<p>e-post: <a href="mailto:Melhus@mentalhelse.no">Melhus@lokallag.mentalhelse.no</a></p>



<p><strong>Mental Helse Melhus</strong><br>Klemmets veg 192<br>7227 Gimse</p>



<p><strong>Kontonr.:</strong><br>4230 57 97280<br></p>



<p><strong>Org.nr.:</strong><br>995 068 974</p>



<p></p>



<div class="wp-block-columns is-layout-flex wp-container-core-columns-is-layout-1 wp-block-columns-is-layout-flex">
<div class="wp-block-column is-layout-flow wp-block-column-is-layout-flow" style="flex-basis:100%"><div class="card-info wp-block-t2-people-meta"></div></div>
</div>



<div class="wp-block-group alignfull is-layout-constrained wp-block-group-is-layout-constrained">
<h3 class="wp-block-heading alignwide" id="h-siste-nytt-fra-mental-helse-melhus">Siste nytt fra Mental Helse Melhus</h3>
</div>


<div class="t2-featured-content-layout alignwide alignwide wp-block-t2-featured-content-layout">





</div>

<p>Om oss Mental Helse Melhus har i samarbeid med Røde Kors omsorg, psykisk helse og rus i Melhus kommune og Idrettsveien åpent treffsted i partallsuker&nbsp;onsdag&#8230;</p>

<!-- This site is optimized with the Yoast SEO Premium plugin v21.2 (Yoast SEO v21.2) - https://yoast.com/wordpress/plugins/seo/ -->
<title>Om oss - Mental Helse - Melhus</title>
<meta name="description" content="Her kan du lese om oss i Mental Helse Melhus, og lære mer om hva vi jobber med. Ta gjerne kontakt hvis du har noen spørsmål!" />
<meta name="robots" content="index, follow, max-snippet:-1, max-image-preview:large, max-video-preview:-1" />
<link rel="canonical" href="https://mentalhelse.no/melhus/om-oss/" />
<meta property="og:locale" content="nb_NO" />
<meta property="og:type" content="article" />
<meta property="og:title" content="Om oss" />
<meta property="og:description" content="Her kan du lese om oss i Mental Helse Melhus, og lære mer om hva vi jobber med. Ta gjerne kontakt hvis du har noen spørsmål!" />
<meta property="og:url" content="https://mentalhelse.no/melhus/om-oss/" />
<meta property="og:site_name" content="Melhus" />
<meta property="article:modified_time" content="2026-03-19T10:14:49+00:00" />
<meta property="og:image" content="https://mentalhelse.no/content/uploads/sites/307/2023/07/Melhus-om-oss-1024x678.jpg" />
<meta name="twitter:card" content="summary_large_image" />
<meta name="twitter:label1" content="Ansl. lesetid" />
	<meta name="twitter:data1" content="1 minutt" />
<script type="application/ld+json" class="yoast-schema-graph">{"@context":"https://schema.org","@graph":[{"@type":"WebPage","@id":"https://mentalhelse.no/melhus/om-oss/","url":"https://mentalhelse.no/melhus/om-oss/","name":"Om oss - Melhus","isPartOf":{"@id":"https://mentalhelse.no/melhus/#website"},"datePublished":"2023-05-10T11:14:16+00:00","dateModified":"2026-03-19T10:14:49+00:00","description":"Her kan du lese om oss i Mental Helse Melhus, og lære mer om hva vi jobber med. Ta gjerne kontakt hvis du har noen spørsmål!","breadcrumb":{"@id":"https://mentalhelse.no/melhus/om-oss/#breadcrumb"},"inLanguage":"nb-NO","potentialAction":[{"@type":"ReadAction","target":["https://mentalhelse.no/melhus/om-oss/"]}]},{"@type":"BreadcrumbList","@id":"https://mentalhelse.no/melhus/om-oss/#breadcrumb","itemListElement":[{"@type":"ListItem","position":1,"name":"Hjem","item":"https://mentalhelse.no/melhus/"},{"@type":"ListItem","position":2,"name":"Om oss"}]},{"@type":"WebSite","@id":"https://mentalhelse.no/melhus/#website","url":"https://mentalhelse.no/melhus/","name":"Melhus","description":"","potentialAction":[{"@type":"SearchAction","target":{"@type":"EntryPoint","urlTemplate":"https://mentalhelse.no/melhus/?s={search_term_string}"},"query-input":"required name=search_term_string"}],"inLanguage":"nb-NO"}]}</script>
<!-- / Yoast SEO Premium plugin. -->

Her kan du lese om oss i Mental Helse Melhus, og lære mer om hva vi jobber med. Ta gjerne kontakt hvis du har noen spørsmål!
