{"id":797,"date":"2023-05-10T11:14:16","date_gmt":"2023-05-10T11:14:16","guid":{"rendered":"https:\/\/mentalhelse.no\/viken\/?page_id=797"},"modified":"2025-03-03T08:05:02","modified_gmt":"2025-03-03T08:05:02","slug":"om-oss","status":"publish","type":"page","link":"https:\/\/mentalhelse.no\/namsos\/om-oss\/","title":{"rendered":"Om oss"},"content":{"rendered":"\n<figure class=\"wp-block-image size-large is-style-default\"><img loading=\"lazy\" decoding=\"async\" width=\"1024\" height=\"668\" src=\"https:\/\/mentalhelse.no\/content\/uploads\/sites\/309\/2023\/09\/buss-bilde-1024x668.jpg\" alt=\"Bil med henger\" class=\"wp-image-1020\" srcset=\"https:\/\/mentalhelse.no\/content\/uploads\/sites\/309\/2023\/09\/buss-bilde-1024x668.jpg 1024w, https:\/\/mentalhelse.no\/content\/uploads\/sites\/309\/2023\/09\/buss-bilde-300x196.jpg 300w, https:\/\/mentalhelse.no\/content\/uploads\/sites\/309\/2023\/09\/buss-bilde-768x501.jpg 768w, https:\/\/mentalhelse.no\/content\/uploads\/sites\/309\/2023\/09\/buss-bilde-1536x1002.jpg 1536w, https:\/\/mentalhelse.no\/content\/uploads\/sites\/309\/2023\/09\/buss-bilde.jpg 1824w\" sizes=\"auto, (max-width: 1024px) 100vw, 1024px\" \/><\/figure>\n\n\n\n<h1 class=\"wp-block-heading\" id=\"h-om-oss\">Om oss<\/h1>\n\n\n\n<p>Mental Helse Namsos har ca 35 medlemmer og har blant annet som m\u00e5l \u00e5 jobbe med skolering av brukerrepresentanter og \u00e5 bli mer synlig i media. Arbeidet med \u00e5 minske fordommer og oppn\u00e5 st\u00f8rre \u00e5penhet er fortsatt viktig for oss. <\/p>\n\n\n\n<p>Vi har ogs\u00e5 en rekke sosiale aktiviteter, som forskjellige turer og \u00e5pne kvelder p\u00e5 Optimisten dagsenter. Her er alle hjertelig velkommen!<\/p>\n\n\n\n<p>\u00d8nsker du \u00e5 bli frivillig eller medlem i Mental Helse Namsos? Da h\u00e5per vi du tar kontakt med oss!<\/p>\n\n\n\n<h2 class=\"wp-block-heading\" id=\"h-hils-pa-lederen-var\">Hils p\u00e5 lederen v\u00e5r<\/h2>\n\n\n<div class=\"t2-featured-content-layout align align wp-block-t2-featured-content-layout\">\n<div class=\"t2-featured-single-post t2-featured-content is-post-type-person is-style-horizontal wp-block-t2-featured-single-post t2-featured-content-layout-col-12 t2-featured-content-layout-row-1\">\n\t\n\t\t<div class=\"wp-block-group wp-block-t2-post-link is-layout-flow wp-block-group-is-layout-flow\">\n\t\t\t<figure style=\"--t2-focal-point: 50% 50%;\" class=\"t2-post-featured-image has-image-ratio-1-1 wp-block-t2-post-featured-image\"><img loading=\"lazy\" decoding=\"async\" width=\"457\" height=\"643\" src=\"https:\/\/mentalhelse.no\/content\/uploads\/sites\/309\/2023\/09\/Ole-Jorgen-Dekkerhus.jpg\" class=\"attachment-post-thumbnail size-post-thumbnail wp-post-image\" alt=\"\" srcset=\"https:\/\/mentalhelse.no\/content\/uploads\/sites\/309\/2023\/09\/Ole-Jorgen-Dekkerhus.jpg 457w, https:\/\/mentalhelse.no\/content\/uploads\/sites\/309\/2023\/09\/Ole-Jorgen-Dekkerhus-213x300.jpg 213w\" sizes=\"auto, (max-width: 457px) 100vw, 457px\" style=\"--focal-point: 50% 50%;\" \/><\/figure>\n\t\t\t\n\t\t\t<div class=\"wp-block-group alignfull is-layout-flow wp-block-group-is-layout-flow\">\n\t\t\t\t\n\t\t<a class=\"t2-post-link is-card-main-link wp-block-t2-post-link\" href=\"https:\/\/mentalhelse.no\/namsos\/?person=ole-jorgen-dekkerhus\">\n\t\t\t<h2 class=\"t2-post-title wp-block-t2-post-title\">Ole J\u00f8rgen Dekkerhus<\/h2>\n\t\t<\/a>\n\t\t<div class=\"card-info wp-block-t2-people-meta\"><div class=\"card-info__post-meta meta-key-people_email\"><svg xmlns=\"http:\/\/www.w3.org\/2000\/svg\" viewBox=\"0 0 24 24\" height=\"24\" width=\"24\" class=\"t2-icon t2-icon-email people_email\" aria-hidden=\"true\" focusable=\"false\"><path d=\"M12 22c-1.4 0-2.7-.3-3.9-.8-1.2-.5-2.3-1.2-3.2-2.1s-1.6-2-2.1-3.2S2 13.4 2 12s.3-2.7.8-3.9S4 5.8 4.9 4.9s2-1.6 3.2-2.2S10.6 2 12 2s2.7.3 3.9.8S18.2 4 19.1 5s1.6 2 2.1 3.2c.5 1.1.8 2.4.8 3.8v1.4c0 1-.3 1.8-1 2.5s-1.5 1-2.5 1c-.6 0-1.2-.1-1.7-.4-.5-.3-.9-.6-1.3-1.1-.4.4-1 .8-1.6 1.1-.6.3-1.3.4-2 .4-1.4 0-2.6-.5-3.5-1.5S7 13.4 7 12s.5-2.6 1.5-3.5S10.6 7 12 7s2.6.5 3.5 1.5S17 10.6 17 12v1.4c0 .5.1.9.5 1.1.3.3.6.4 1 .4s.8-.1 1.1-.4c.3-.3.4-.7.4-1.1V12c0-2.2-.8-4.1-2.4-5.6C16.1 4.8 14.2 4 12 4s-4.1.8-5.6 2.4S4 9.8 4 12s.8 4.1 2.4 5.6C7.9 19.2 9.8 20 12 20h4c.3 0 .5.1.7.3.2.2.3.4.3.7s-.1.5-.3.7c-.2.2-.4.3-.7.3h-4zm0-7c.8 0 1.5-.3 2.1-.9s.9-1.3.9-2.1-.3-1.5-.9-2.1c-.6-.6-1.3-.9-2.1-.9s-1.5.3-2.1.9c-.6.6-.9 1.3-.9 2.1s.3 1.5.9 2.1c.6.6 1.3.9 2.1.9z\"\/><\/svg><a href=\"mailto:namsos@lokallag.mentalhelse.no\">namsos@lokallag.mentalhelse.no<\/a><\/div><div class=\"card-info__post-meta meta-key-people_phone\"><svg xmlns=\"http:\/\/www.w3.org\/2000\/svg\" viewBox=\"0 0 24 24\" height=\"24\" width=\"24\" class=\"t2-icon t2-icon-phone people_phone\" aria-hidden=\"true\" focusable=\"false\"><path d=\"M20 21c-2.1 0-4.2-.5-6.3-1.4-2-1-3.9-2.2-5.4-3.8s-2.8-3.4-3.8-5.4S3 6.2 3 4.1c0-.3.1-.6.3-.8.2-.2.5-.3.8-.3h4.1c.2 0 .4.1.6.2l.3.6.6 3.5v.6c0 .2-.1.4-.3.5L7 10.9c.7 1.2 1.6 2.3 2.6 3.4s2.2 2 3.5 2.7l2.3-2.3c.2-.2.3-.3.6-.3.2-.1.5-.1.7-.1l3.5.7.6.3c.2.2.2.4.2.6V20c0 .3-.1.5-.3.8-.2.1-.5.2-.7.2z\"\/><\/svg><a href=\"tel:+47 997 04 725\">+47 997 04 725<\/a><\/div><div class=\"card-info__post-meta meta-key-people_bio\">Ole J\u00f8rgen er en engasjert og aktiv leder som er opptatt av brukermedvirkning og gode lavterskel- og aktivitetstilbud. \n \nHan er leder i Mental Helse Namsos, og har v\u00e6rt aktiv i organisasjonen i en \u00e5rrekke. <\/div><\/div>\n\t\t\t<\/div>\n\t\t\t\n\t\t<\/div>\n\t\n\t<\/div>\n<\/div>\n\n\n<h2 class=\"wp-block-heading\" id=\"h-styret\">Styret<\/h2>\n\n\n\n<p>Leder: Ole J\u00f8rgen Dekkerhus<br>Nestleder: Anita Volden<br>Kasserer: Einar Strand Enkerud<br>Styremedlem: Per Haugen<br>Styremedlem: Annette Saksen<br>Styremedlem: Heidi Breistrand<\/p>\n\n\n\n<p><\/p>\n\n\n\n<p>Vara: Monica Jakobsen<br>Vara: J\u00f8rn K\u00e5re Overg\u00e5rd<\/p>\n\n\n\n<div class=\"wp-block-columns is-layout-flex wp-container-core-columns-is-layout-1 wp-block-columns-is-layout-flex\">\n<div class=\"wp-block-column is-layout-flow wp-block-column-is-layout-flow\" style=\"flex-basis:100%\"><div class=\"card-info wp-block-t2-people-meta\"><\/div><\/div>\n<\/div>\n\n\n\n<div class=\"wp-block-group alignfull is-layout-constrained wp-block-group-is-layout-constrained\">\n<h3 class=\"wp-block-heading alignwide\" id=\"h-siste-nytt-fra-mental-helse-namsos\">Siste nytt fra Mental Helse Namsos<\/h3>\n<\/div>\n\n\n<div class=\"t2-featured-content-layout alignwide alignwide wp-block-t2-featured-content-layout\">\n\n\n\n\n\n<\/div>","protected":false},"excerpt":{"rendered":"<p>Om oss Mental Helse Namsos har ca 35 medlemmer og har blant annet som m\u00e5l \u00e5 jobbe med skolering av brukerrepresentanter og \u00e5 bli mer&#8230;<\/p>\n","protected":false},"author":15,"featured_media":0,"parent":0,"menu_order":0,"comment_status":"closed","ping_status":"closed","template":"","meta":{"t2_featured_media_focal_point":{"x":0.5,"y":0.5},"mh_hide_title":true,"e24d_chat_page_choice":"","footnotes":""},"class_list":["post-797","page","type-page","status-publish","hentry"],"yoast_head":"<!-- This site is optimized with the Yoast SEO Premium plugin v21.2 (Yoast SEO v21.2) - https:\/\/yoast.com\/wordpress\/plugins\/seo\/ -->\n<title>Om oss - Mental Helse - Namsos<\/title>\n<meta name=\"description\" content=\"Her kan du lese om oss i Mental Helse Namsos, og l\u00e6re mer om hva vi jobber med. Ta gjerne kontakt hvis du har noen sp\u00f8rsm\u00e5l!\" \/>\n<meta name=\"robots\" content=\"index, follow, max-snippet:-1, max-image-preview:large, max-video-preview:-1\" \/>\n<link rel=\"canonical\" href=\"https:\/\/mentalhelse.no\/namsos\/om-oss\/\" \/>\n<meta property=\"og:locale\" content=\"nb_NO\" \/>\n<meta property=\"og:type\" content=\"article\" \/>\n<meta property=\"og:title\" content=\"Om oss\" \/>\n<meta property=\"og:description\" content=\"Her kan du lese om oss i Mental Helse Namsos, og l\u00e6re mer om hva vi jobber med. Ta gjerne kontakt hvis du har noen sp\u00f8rsm\u00e5l!\" \/>\n<meta property=\"og:url\" content=\"https:\/\/mentalhelse.no\/namsos\/om-oss\/\" \/>\n<meta property=\"og:site_name\" content=\"Namsos\" \/>\n<meta property=\"article:modified_time\" content=\"2025-03-03T08:05:02+00:00\" \/>\n<meta property=\"og:image\" content=\"https:\/\/mentalhelse.no\/content\/uploads\/sites\/309\/2023\/09\/buss-bilde-1024x668.jpg\" \/>\n<meta name=\"twitter:card\" content=\"summary_large_image\" \/>\n<meta name=\"twitter:label1\" content=\"Ansl. lesetid\" \/>\n\t<meta name=\"twitter:data1\" content=\"1 minutt\" \/>\n<script type=\"application\/ld+json\" class=\"yoast-schema-graph\">{\"@context\":\"https:\/\/schema.org\",\"@graph\":[{\"@type\":\"WebPage\",\"@id\":\"https:\/\/mentalhelse.no\/namsos\/om-oss\/\",\"url\":\"https:\/\/mentalhelse.no\/namsos\/om-oss\/\",\"name\":\"Om oss - Namsos\",\"isPartOf\":{\"@id\":\"https:\/\/mentalhelse.no\/namsos\/#website\"},\"datePublished\":\"2023-05-10T11:14:16+00:00\",\"dateModified\":\"2025-03-03T08:05:02+00:00\",\"description\":\"Her kan du lese om oss i Mental Helse Namsos, og l\u00e6re mer om hva vi jobber med. Ta gjerne kontakt hvis du har noen sp\u00f8rsm\u00e5l!\",\"breadcrumb\":{\"@id\":\"https:\/\/mentalhelse.no\/namsos\/om-oss\/#breadcrumb\"},\"inLanguage\":\"nb-NO\",\"potentialAction\":[{\"@type\":\"ReadAction\",\"target\":[\"https:\/\/mentalhelse.no\/namsos\/om-oss\/\"]}]},{\"@type\":\"BreadcrumbList\",\"@id\":\"https:\/\/mentalhelse.no\/namsos\/om-oss\/#breadcrumb\",\"itemListElement\":[{\"@type\":\"ListItem\",\"position\":1,\"name\":\"Hjem\",\"item\":\"https:\/\/mentalhelse.no\/namsos\/\"},{\"@type\":\"ListItem\",\"position\":2,\"name\":\"Om oss\"}]},{\"@type\":\"WebSite\",\"@id\":\"https:\/\/mentalhelse.no\/namsos\/#website\",\"url\":\"https:\/\/mentalhelse.no\/namsos\/\",\"name\":\"Namsos\",\"description\":\"\",\"potentialAction\":[{\"@type\":\"SearchAction\",\"target\":{\"@type\":\"EntryPoint\",\"urlTemplate\":\"https:\/\/mentalhelse.no\/namsos\/?s={search_term_string}\"},\"query-input\":\"required name=search_term_string\"}],\"inLanguage\":\"nb-NO\"}]}<\/script>\n<!-- \/ Yoast SEO Premium plugin. -->","yoast_head_json":{"title":"Om oss - Mental Helse - Namsos","description":"Her kan du lese om oss i Mental Helse Namsos, og l\u00e6re mer om hva vi jobber med. Ta gjerne kontakt hvis du har noen sp\u00f8rsm\u00e5l!","robots":{"index":"index","follow":"follow","max-snippet":"max-snippet:-1","max-image-preview":"max-image-preview:large","max-video-preview":"max-video-preview:-1"},"canonical":"https:\/\/mentalhelse.no\/namsos\/om-oss\/","og_locale":"nb_NO","og_type":"article","og_title":"Om oss","og_description":"Her kan du lese om oss i Mental Helse Namsos, og l\u00e6re mer om hva vi jobber med. Ta gjerne kontakt hvis du har noen sp\u00f8rsm\u00e5l!","og_url":"https:\/\/mentalhelse.no\/namsos\/om-oss\/","og_site_name":"Namsos","article_modified_time":"2025-03-03T08:05:02+00:00","og_image":[{"url":"https:\/\/mentalhelse.no\/content\/uploads\/sites\/309\/2023\/09\/buss-bilde-1024x668.jpg"}],"twitter_card":"summary_large_image","twitter_misc":{"Ansl. lesetid":"1 minutt"},"schema":{"@context":"https:\/\/schema.org","@graph":[{"@type":"WebPage","@id":"https:\/\/mentalhelse.no\/namsos\/om-oss\/","url":"https:\/\/mentalhelse.no\/namsos\/om-oss\/","name":"Om oss - Namsos","isPartOf":{"@id":"https:\/\/mentalhelse.no\/namsos\/#website"},"datePublished":"2023-05-10T11:14:16+00:00","dateModified":"2025-03-03T08:05:02+00:00","description":"Her kan du lese om oss i Mental Helse Namsos, og l\u00e6re mer om hva vi jobber med. Ta gjerne kontakt hvis du har noen sp\u00f8rsm\u00e5l!","breadcrumb":{"@id":"https:\/\/mentalhelse.no\/namsos\/om-oss\/#breadcrumb"},"inLanguage":"nb-NO","potentialAction":[{"@type":"ReadAction","target":["https:\/\/mentalhelse.no\/namsos\/om-oss\/"]}]},{"@type":"BreadcrumbList","@id":"https:\/\/mentalhelse.no\/namsos\/om-oss\/#breadcrumb","itemListElement":[{"@type":"ListItem","position":1,"name":"Hjem","item":"https:\/\/mentalhelse.no\/namsos\/"},{"@type":"ListItem","position":2,"name":"Om oss"}]},{"@type":"WebSite","@id":"https:\/\/mentalhelse.no\/namsos\/#website","url":"https:\/\/mentalhelse.no\/namsos\/","name":"Namsos","description":"","potentialAction":[{"@type":"SearchAction","target":{"@type":"EntryPoint","urlTemplate":"https:\/\/mentalhelse.no\/namsos\/?s={search_term_string}"},"query-input":"required name=search_term_string"}],"inLanguage":"nb-NO"}]}},"_links":{"self":[{"href":"https:\/\/mentalhelse.no\/namsos\/wp-json\/wp\/v2\/pages\/797","targetHints":{"allow":["GET"]}}],"collection":[{"href":"https:\/\/mentalhelse.no\/namsos\/wp-json\/wp\/v2\/pages"}],"about":[{"href":"https:\/\/mentalhelse.no\/namsos\/wp-json\/wp\/v2\/types\/page"}],"author":[{"embeddable":true,"href":"https:\/\/mentalhelse.no\/namsos\/wp-json\/wp\/v2\/users\/15"}],"replies":[{"embeddable":true,"href":"https:\/\/mentalhelse.no\/namsos\/wp-json\/wp\/v2\/comments?post=797"}],"version-history":[{"count":4,"href":"https:\/\/mentalhelse.no\/namsos\/wp-json\/wp\/v2\/pages\/797\/revisions"}],"predecessor-version":[{"id":1056,"href":"https:\/\/mentalhelse.no\/namsos\/wp-json\/wp\/v2\/pages\/797\/revisions\/1056"}],"wp:attachment":[{"href":"https:\/\/mentalhelse.no\/namsos\/wp-json\/wp\/v2\/media?parent=797"}],"curies":[{"name":"wp","href":"https:\/\/api.w.org\/{rel}","templated":true}]}}