{"id":797,"date":"2023-05-10T11:14:16","date_gmt":"2023-05-10T11:14:16","guid":{"rendered":"https:\/\/mentalhelse.no\/viken\/?page_id=797"},"modified":"2026-03-20T11:13:48","modified_gmt":"2026-03-20T11:13:48","slug":"om-oss","status":"publish","type":"page","link":"https:\/\/mentalhelse.no\/overhalla\/om-oss\/","title":{"rendered":"Om oss"},"content":{"rendered":"\n<figure class=\"wp-block-image size-large is-resized\"><img loading=\"lazy\" decoding=\"async\" width=\"1001\" height=\"1024\" src=\"https:\/\/mentalhelse.no\/content\/uploads\/sites\/311\/2023\/07\/Overhalla-om-oss-1001x1024.jpg\" alt=\"\" class=\"wp-image-999\" style=\"width:791px;height:809px\" srcset=\"https:\/\/mentalhelse.no\/content\/uploads\/sites\/311\/2023\/07\/Overhalla-om-oss-1001x1024.jpg 1001w, https:\/\/mentalhelse.no\/content\/uploads\/sites\/311\/2023\/07\/Overhalla-om-oss-293x300.jpg 293w, https:\/\/mentalhelse.no\/content\/uploads\/sites\/311\/2023\/07\/Overhalla-om-oss-768x785.jpg 768w, https:\/\/mentalhelse.no\/content\/uploads\/sites\/311\/2023\/07\/Overhalla-om-oss-1502x1536.jpg 1502w, https:\/\/mentalhelse.no\/content\/uploads\/sites\/311\/2023\/07\/Overhalla-om-oss-2002x2048.jpg 2002w\" sizes=\"auto, (max-width: 1001px) 100vw, 1001px\" \/><\/figure>\n\n\n\n<h1 class=\"wp-block-heading\" id=\"h-om-oss\">Om oss<\/h1>\n\n\n\n<p>Mental Helse Overhalla er et lag med fokus p\u00e5 det sosiale. <\/p>\n\n\n\n<p>Vi holder til p\u00e5 Overhalla Frivilligsentral, der de fleste av v\u00e5re aktiviteter foreg\u00e5r. <\/p>\n\n\n\n<p>Vi arrangerer bingo, stikkekaffe og hyggekvelder fast. Sosiale arrangement som julebord og sommergrilling.<\/p>\n\n\n\n<p>\u00d8nsker du \u00e5 bli frivillig eller medlem hos oss? Da er du er hjertelig velkommen til \u00e5 ta kontakt! <\/p>\n\n\n\n<h2 class=\"wp-block-heading\" id=\"h-styret-bestar-av\">Styret best\u00e5r av:<\/h2>\n\n\n\n<p><strong>Leder:<\/strong> <\/p>\n\n\n\n<p>Reidun Eriksen<br>405 31 070<br><a href=\"mailto:overhalla@lokallag.mentalhelse.no\">overhalla@lokallag.mentalhelse.no<\/a><\/p>\n\n\n\n<ul class=\"wp-block-list\">\n<li>Tove C. Lind Solbakken &#8211; kasserer<\/li>\n\n\n\n<li>Ida Hildrum Skog\u00e5s &#8211; sekret\u00e6r<\/li>\n\n\n\n<li>Randi Ellinor Nystad &#8211; styremedlem<\/li>\n\n\n\n<li>Sofie Lyngsnes &#8211; styremedlem<\/li>\n\n\n\n<li>Ann Karin Amdal &#8211; vara<\/li>\n\n\n\n<li>Hans Olav Bakken &#8211; vara<\/li>\n<\/ul>\n\n\n\n\n\n<div class=\"wp-block-columns is-layout-flex wp-container-core-columns-is-layout-1 wp-block-columns-is-layout-flex\">\n<div class=\"wp-block-column is-layout-flow wp-block-column-is-layout-flow\" style=\"flex-basis:100%\"><div class=\"card-info wp-block-t2-people-meta\"><\/div><\/div>\n<\/div>\n\n\n\n<div class=\"wp-block-group alignfull is-layout-constrained wp-block-group-is-layout-constrained\">\n<h3 class=\"wp-block-heading alignwide\" id=\"h-siste-nytt-fra-mental-helse-overhalla\">Siste nytt fra Mental Helse Overhalla<\/h3>\n<\/div>\n\n\n<div class=\"t2-featured-content-layout alignwide alignwide wp-block-t2-featured-content-layout\">\n<div class=\"t2-featured-query-post t2-featured-content is-post-type-news wp-block-t2-featured-query-post\"><a class=\"t2-post-link wp-block-t2-post-link\" href=\"https:\/\/mentalhelse.no\/overhalla\/aktuelt\/paskeball-for-10-klasse\/\">\n\t<figure style=\"--t2-focal-point: 50% 50%;\" class=\"t2-post-featured-image has-image-ratio-16-9 wp-block-t2-post-featured-image\"><img loading=\"lazy\" decoding=\"async\" width=\"1440\" height=\"1920\" src=\"https:\/\/mentalhelse.no\/content\/uploads\/sites\/311\/2025\/04\/Paskeball.jpg\" class=\"attachment-post-thumbnail size-post-thumbnail wp-post-image\" alt=\"\" srcset=\"https:\/\/mentalhelse.no\/content\/uploads\/sites\/311\/2025\/04\/Paskeball.jpg 1440w, https:\/\/mentalhelse.no\/content\/uploads\/sites\/311\/2025\/04\/Paskeball-225x300.jpg 225w, https:\/\/mentalhelse.no\/content\/uploads\/sites\/311\/2025\/04\/Paskeball-768x1024.jpg 768w, https:\/\/mentalhelse.no\/content\/uploads\/sites\/311\/2025\/04\/Paskeball-1152x1536.jpg 1152w\" sizes=\"auto, (max-width: 1440px) 100vw, 1440px\" style=\"--focal-point: 50% 50%;\" \/><\/figure>\n<\/a>\n\n<div class=\"wp-block-group postinfo alignfull is-layout-flow wp-block-group-is-layout-flow\">\n\t<div class=\"wp-block-mentalhelse-post-category\">\n\t\t\t\t\t<div class=\"post-type\">\n\t\t\t\t\t\t<a href=\"https:\/\/mentalhelse.no\/overhalla\/aktuelt\/\">Nyheter<\/a>\n\t\t\t\t\t<\/div>\n\t\t\t\t\t\n\t\t\t\t\t<div class=\"post-category\">\n\t\t\t\t\t\t\n\t\t\t\t\t<\/div>\n\t\t\t<\/div>\n\t<a class=\"t2-post-link wp-block-t2-post-link\" href=\"https:\/\/mentalhelse.no\/overhalla\/aktuelt\/paskeball-for-10-klasse\/\">\n\t<h2 class=\"t2-post-title wp-block-t2-post-title\">P\u00e5skeball for 10 klasse<\/h2>\n\t<\/a>\n<\/div>\n\n<\/div>\n\n\n\n\n<\/div>","protected":false},"excerpt":{"rendered":"<p>Om oss Mental Helse Overhalla er et lag med fokus p\u00e5 det sosiale. Vi holder til p\u00e5 Overhalla Frivilligsentral, der de fleste av v\u00e5re aktiviteter&#8230;<\/p>\n","protected":false},"author":1,"featured_media":0,"parent":0,"menu_order":0,"comment_status":"closed","ping_status":"closed","template":"","meta":{"t2_featured_media_focal_point":{"x":0.5,"y":0.5},"mh_hide_title":true,"e24d_chat_page_choice":"","footnotes":""},"class_list":["post-797","page","type-page","status-publish","hentry"],"yoast_head":"<!-- This site is optimized with the Yoast SEO Premium plugin v21.2 (Yoast SEO v21.2) - https:\/\/yoast.com\/wordpress\/plugins\/seo\/ -->\n<title>Om oss - Mental Helse - Overhalla<\/title>\n<meta name=\"description\" content=\"Her kan du lese om oss i Mental Helse Overhalla, og l\u00e6re mer om hva vi jobber med. Ta gjerne kontakt hvis du har noen sp\u00f8rsm\u00e5l!\" \/>\n<meta name=\"robots\" content=\"index, follow, max-snippet:-1, max-image-preview:large, max-video-preview:-1\" \/>\n<link rel=\"canonical\" href=\"https:\/\/mentalhelse.no\/overhalla\/om-oss\/\" \/>\n<meta property=\"og:locale\" content=\"nb_NO\" \/>\n<meta property=\"og:type\" content=\"article\" \/>\n<meta property=\"og:title\" content=\"Om oss\" \/>\n<meta property=\"og:description\" content=\"Her kan du lese om oss i Mental Helse Overhalla, og l\u00e6re mer om hva vi jobber med. Ta gjerne kontakt hvis du har noen sp\u00f8rsm\u00e5l!\" \/>\n<meta property=\"og:url\" content=\"https:\/\/mentalhelse.no\/overhalla\/om-oss\/\" \/>\n<meta property=\"og:site_name\" content=\"Overhalla\" \/>\n<meta property=\"article:modified_time\" content=\"2026-03-20T11:13:48+00:00\" \/>\n<meta property=\"og:image\" content=\"https:\/\/mentalhelse.no\/content\/uploads\/sites\/311\/2023\/07\/Overhalla-om-oss-1001x1024.jpg\" \/>\n<meta name=\"twitter:card\" content=\"summary_large_image\" \/>\n<meta name=\"twitter:label1\" content=\"Ansl. lesetid\" \/>\n\t<meta name=\"twitter:data1\" content=\"1 minutt\" \/>\n<script type=\"application\/ld+json\" class=\"yoast-schema-graph\">{\"@context\":\"https:\/\/schema.org\",\"@graph\":[{\"@type\":\"WebPage\",\"@id\":\"https:\/\/mentalhelse.no\/overhalla\/om-oss\/\",\"url\":\"https:\/\/mentalhelse.no\/overhalla\/om-oss\/\",\"name\":\"Om oss - Overhalla\",\"isPartOf\":{\"@id\":\"https:\/\/mentalhelse.no\/overhalla\/#website\"},\"datePublished\":\"2023-05-10T11:14:16+00:00\",\"dateModified\":\"2026-03-20T11:13:48+00:00\",\"description\":\"Her kan du lese om oss i Mental Helse Overhalla, og l\u00e6re mer om hva vi jobber med. Ta gjerne kontakt hvis du har noen sp\u00f8rsm\u00e5l!\",\"breadcrumb\":{\"@id\":\"https:\/\/mentalhelse.no\/overhalla\/om-oss\/#breadcrumb\"},\"inLanguage\":\"nb-NO\",\"potentialAction\":[{\"@type\":\"ReadAction\",\"target\":[\"https:\/\/mentalhelse.no\/overhalla\/om-oss\/\"]}]},{\"@type\":\"BreadcrumbList\",\"@id\":\"https:\/\/mentalhelse.no\/overhalla\/om-oss\/#breadcrumb\",\"itemListElement\":[{\"@type\":\"ListItem\",\"position\":1,\"name\":\"Hjem\",\"item\":\"https:\/\/mentalhelse.no\/overhalla\/\"},{\"@type\":\"ListItem\",\"position\":2,\"name\":\"Om oss\"}]},{\"@type\":\"WebSite\",\"@id\":\"https:\/\/mentalhelse.no\/overhalla\/#website\",\"url\":\"https:\/\/mentalhelse.no\/overhalla\/\",\"name\":\"Overhalla\",\"description\":\"\",\"potentialAction\":[{\"@type\":\"SearchAction\",\"target\":{\"@type\":\"EntryPoint\",\"urlTemplate\":\"https:\/\/mentalhelse.no\/overhalla\/?s={search_term_string}\"},\"query-input\":\"required name=search_term_string\"}],\"inLanguage\":\"nb-NO\"}]}<\/script>\n<!-- \/ Yoast SEO Premium plugin. -->","yoast_head_json":{"title":"Om oss - Mental Helse - Overhalla","description":"Her kan du lese om oss i Mental Helse Overhalla, og l\u00e6re mer om hva vi jobber med. Ta gjerne kontakt hvis du har noen sp\u00f8rsm\u00e5l!","robots":{"index":"index","follow":"follow","max-snippet":"max-snippet:-1","max-image-preview":"max-image-preview:large","max-video-preview":"max-video-preview:-1"},"canonical":"https:\/\/mentalhelse.no\/overhalla\/om-oss\/","og_locale":"nb_NO","og_type":"article","og_title":"Om oss","og_description":"Her kan du lese om oss i Mental Helse Overhalla, og l\u00e6re mer om hva vi jobber med. Ta gjerne kontakt hvis du har noen sp\u00f8rsm\u00e5l!","og_url":"https:\/\/mentalhelse.no\/overhalla\/om-oss\/","og_site_name":"Overhalla","article_modified_time":"2026-03-20T11:13:48+00:00","og_image":[{"url":"https:\/\/mentalhelse.no\/content\/uploads\/sites\/311\/2023\/07\/Overhalla-om-oss-1001x1024.jpg"}],"twitter_card":"summary_large_image","twitter_misc":{"Ansl. lesetid":"1 minutt"},"schema":{"@context":"https:\/\/schema.org","@graph":[{"@type":"WebPage","@id":"https:\/\/mentalhelse.no\/overhalla\/om-oss\/","url":"https:\/\/mentalhelse.no\/overhalla\/om-oss\/","name":"Om oss - Overhalla","isPartOf":{"@id":"https:\/\/mentalhelse.no\/overhalla\/#website"},"datePublished":"2023-05-10T11:14:16+00:00","dateModified":"2026-03-20T11:13:48+00:00","description":"Her kan du lese om oss i Mental Helse Overhalla, og l\u00e6re mer om hva vi jobber med. Ta gjerne kontakt hvis du har noen sp\u00f8rsm\u00e5l!","breadcrumb":{"@id":"https:\/\/mentalhelse.no\/overhalla\/om-oss\/#breadcrumb"},"inLanguage":"nb-NO","potentialAction":[{"@type":"ReadAction","target":["https:\/\/mentalhelse.no\/overhalla\/om-oss\/"]}]},{"@type":"BreadcrumbList","@id":"https:\/\/mentalhelse.no\/overhalla\/om-oss\/#breadcrumb","itemListElement":[{"@type":"ListItem","position":1,"name":"Hjem","item":"https:\/\/mentalhelse.no\/overhalla\/"},{"@type":"ListItem","position":2,"name":"Om oss"}]},{"@type":"WebSite","@id":"https:\/\/mentalhelse.no\/overhalla\/#website","url":"https:\/\/mentalhelse.no\/overhalla\/","name":"Overhalla","description":"","potentialAction":[{"@type":"SearchAction","target":{"@type":"EntryPoint","urlTemplate":"https:\/\/mentalhelse.no\/overhalla\/?s={search_term_string}"},"query-input":"required name=search_term_string"}],"inLanguage":"nb-NO"}]}},"_links":{"self":[{"href":"https:\/\/mentalhelse.no\/overhalla\/wp-json\/wp\/v2\/pages\/797","targetHints":{"allow":["GET"]}}],"collection":[{"href":"https:\/\/mentalhelse.no\/overhalla\/wp-json\/wp\/v2\/pages"}],"about":[{"href":"https:\/\/mentalhelse.no\/overhalla\/wp-json\/wp\/v2\/types\/page"}],"author":[{"embeddable":true,"href":"https:\/\/mentalhelse.no\/overhalla\/wp-json\/wp\/v2\/users\/1"}],"replies":[{"embeddable":true,"href":"https:\/\/mentalhelse.no\/overhalla\/wp-json\/wp\/v2\/comments?post=797"}],"version-history":[{"count":4,"href":"https:\/\/mentalhelse.no\/overhalla\/wp-json\/wp\/v2\/pages\/797\/revisions"}],"predecessor-version":[{"id":1068,"href":"https:\/\/mentalhelse.no\/overhalla\/wp-json\/wp\/v2\/pages\/797\/revisions\/1068"}],"wp:attachment":[{"href":"https:\/\/mentalhelse.no\/overhalla\/wp-json\/wp\/v2\/media?parent=797"}],"curies":[{"name":"wp","href":"https:\/\/api.w.org\/{rel}","templated":true}]}}

<figure class="wp-block-image size-large is-resized"><img loading="lazy" decoding="async" width="1001" height="1024" src="https://mentalhelse.no/content/uploads/sites/311/2023/07/Overhalla-om-oss-1001x1024.jpg" alt="" class="wp-image-999" style="width:791px;height:809px" srcset="https://mentalhelse.no/content/uploads/sites/311/2023/07/Overhalla-om-oss-1001x1024.jpg 1001w, https://mentalhelse.no/content/uploads/sites/311/2023/07/Overhalla-om-oss-293x300.jpg 293w, https://mentalhelse.no/content/uploads/sites/311/2023/07/Overhalla-om-oss-768x785.jpg 768w, https://mentalhelse.no/content/uploads/sites/311/2023/07/Overhalla-om-oss-1502x1536.jpg 1502w, https://mentalhelse.no/content/uploads/sites/311/2023/07/Overhalla-om-oss-2002x2048.jpg 2002w" sizes="auto, (max-width: 1001px) 100vw, 1001px" /></figure>



<h1 class="wp-block-heading" id="h-om-oss">Om oss</h1>



<p>Mental Helse Overhalla er et lag med fokus på det sosiale. </p>



<p>Vi holder til på Overhalla Frivilligsentral, der de fleste av våre aktiviteter foregår. </p>



<p>Vi arrangerer bingo, stikkekaffe og hyggekvelder fast. Sosiale arrangement som julebord og sommergrilling.</p>



<p>Ønsker du å bli frivillig eller medlem hos oss? Da er du er hjertelig velkommen til å ta kontakt! </p>



<h2 class="wp-block-heading" id="h-styret-bestar-av">Styret består av:</h2>



<p><strong>Leder:</strong> </p>



<p>Reidun Eriksen<br>405 31 070<br><a href="mailto:overhalla@lokallag.mentalhelse.no">overhalla@lokallag.mentalhelse.no</a></p>



<ul class="wp-block-list">
<li>Tove C. Lind Solbakken &#8211; kasserer</li>



<li>Ida Hildrum Skogås &#8211; sekretær</li>



<li>Randi Ellinor Nystad &#8211; styremedlem</li>



<li>Sofie Lyngsnes &#8211; styremedlem</li>



<li>Ann Karin Amdal &#8211; vara</li>



<li>Hans Olav Bakken &#8211; vara</li>
</ul>





<div class="wp-block-columns is-layout-flex wp-container-core-columns-is-layout-1 wp-block-columns-is-layout-flex">
<div class="wp-block-column is-layout-flow wp-block-column-is-layout-flow" style="flex-basis:100%"><div class="card-info wp-block-t2-people-meta"></div></div>
</div>



<div class="wp-block-group alignfull is-layout-constrained wp-block-group-is-layout-constrained">
<h3 class="wp-block-heading alignwide" id="h-siste-nytt-fra-mental-helse-overhalla">Siste nytt fra Mental Helse Overhalla</h3>
</div>


<div class="t2-featured-content-layout alignwide alignwide wp-block-t2-featured-content-layout">
<div class="t2-featured-query-post t2-featured-content is-post-type-news wp-block-t2-featured-query-post"><a class="t2-post-link wp-block-t2-post-link" href="https://mentalhelse.no/overhalla/aktuelt/paskeball-for-10-klasse/">
	<figure style="--t2-focal-point: 50% 50%;" class="t2-post-featured-image has-image-ratio-16-9 wp-block-t2-post-featured-image"><img loading="lazy" decoding="async" width="1440" height="1920" src="https://mentalhelse.no/content/uploads/sites/311/2025/04/Paskeball.jpg" class="attachment-post-thumbnail size-post-thumbnail wp-post-image" alt="" srcset="https://mentalhelse.no/content/uploads/sites/311/2025/04/Paskeball.jpg 1440w, https://mentalhelse.no/content/uploads/sites/311/2025/04/Paskeball-225x300.jpg 225w, https://mentalhelse.no/content/uploads/sites/311/2025/04/Paskeball-768x1024.jpg 768w, https://mentalhelse.no/content/uploads/sites/311/2025/04/Paskeball-1152x1536.jpg 1152w" sizes="auto, (max-width: 1440px) 100vw, 1440px" style="--focal-point: 50% 50%;" /></figure>
</a>

<div class="wp-block-group postinfo alignfull is-layout-flow wp-block-group-is-layout-flow">
	<div class="wp-block-mentalhelse-post-category">
					<div class="post-type">
						<a href="https://mentalhelse.no/overhalla/aktuelt/">Nyheter</a>
					</div>
					
					<div class="post-category">
						
					</div>
			</div>
	<a class="t2-post-link wp-block-t2-post-link" href="https://mentalhelse.no/overhalla/aktuelt/paskeball-for-10-klasse/">
	<h2 class="t2-post-title wp-block-t2-post-title">Påskeball for 10 klasse</h2>
	</a>
</div>

</div>




</div>

<p>Om oss Mental Helse Overhalla er et lag med fokus på det sosiale. Vi holder til på Overhalla Frivilligsentral, der de fleste av våre aktiviteter&#8230;</p>

<!-- This site is optimized with the Yoast SEO Premium plugin v21.2 (Yoast SEO v21.2) - https://yoast.com/wordpress/plugins/seo/ -->
<title>Om oss - Mental Helse - Overhalla</title>
<meta name="description" content="Her kan du lese om oss i Mental Helse Overhalla, og lære mer om hva vi jobber med. Ta gjerne kontakt hvis du har noen spørsmål!" />
<meta name="robots" content="index, follow, max-snippet:-1, max-image-preview:large, max-video-preview:-1" />
<link rel="canonical" href="https://mentalhelse.no/overhalla/om-oss/" />
<meta property="og:locale" content="nb_NO" />
<meta property="og:type" content="article" />
<meta property="og:title" content="Om oss" />
<meta property="og:description" content="Her kan du lese om oss i Mental Helse Overhalla, og lære mer om hva vi jobber med. Ta gjerne kontakt hvis du har noen spørsmål!" />
<meta property="og:url" content="https://mentalhelse.no/overhalla/om-oss/" />
<meta property="og:site_name" content="Overhalla" />
<meta property="article:modified_time" content="2026-03-20T11:13:48+00:00" />
<meta property="og:image" content="https://mentalhelse.no/content/uploads/sites/311/2023/07/Overhalla-om-oss-1001x1024.jpg" />
<meta name="twitter:card" content="summary_large_image" />
<meta name="twitter:label1" content="Ansl. lesetid" />
	<meta name="twitter:data1" content="1 minutt" />
<script type="application/ld+json" class="yoast-schema-graph">{"@context":"https://schema.org","@graph":[{"@type":"WebPage","@id":"https://mentalhelse.no/overhalla/om-oss/","url":"https://mentalhelse.no/overhalla/om-oss/","name":"Om oss - Overhalla","isPartOf":{"@id":"https://mentalhelse.no/overhalla/#website"},"datePublished":"2023-05-10T11:14:16+00:00","dateModified":"2026-03-20T11:13:48+00:00","description":"Her kan du lese om oss i Mental Helse Overhalla, og lære mer om hva vi jobber med. Ta gjerne kontakt hvis du har noen spørsmål!","breadcrumb":{"@id":"https://mentalhelse.no/overhalla/om-oss/#breadcrumb"},"inLanguage":"nb-NO","potentialAction":[{"@type":"ReadAction","target":["https://mentalhelse.no/overhalla/om-oss/"]}]},{"@type":"BreadcrumbList","@id":"https://mentalhelse.no/overhalla/om-oss/#breadcrumb","itemListElement":[{"@type":"ListItem","position":1,"name":"Hjem","item":"https://mentalhelse.no/overhalla/"},{"@type":"ListItem","position":2,"name":"Om oss"}]},{"@type":"WebSite","@id":"https://mentalhelse.no/overhalla/#website","url":"https://mentalhelse.no/overhalla/","name":"Overhalla","description":"","potentialAction":[{"@type":"SearchAction","target":{"@type":"EntryPoint","urlTemplate":"https://mentalhelse.no/overhalla/?s={search_term_string}"},"query-input":"required name=search_term_string"}],"inLanguage":"nb-NO"}]}</script>
<!-- / Yoast SEO Premium plugin. -->

Her kan du lese om oss i Mental Helse Overhalla, og lære mer om hva vi jobber med. Ta gjerne kontakt hvis du har noen spørsmål!
