{"id":797,"date":"2023-05-10T11:14:16","date_gmt":"2023-05-10T11:14:16","guid":{"rendered":"https:\/\/mentalhelse.no\/viken\/?page_id=797"},"modified":"2025-11-19T04:46:29","modified_gmt":"2025-11-19T04:46:29","slug":"om-oss","status":"publish","type":"page","link":"https:\/\/mentalhelse.no\/porsgrunn\/om-oss\/","title":{"rendered":"Om oss"},"content":{"rendered":"\n<figure class=\"wp-block-image size-large\"><img loading=\"lazy\" decoding=\"async\" width=\"1024\" height=\"681\" src=\"http:\/\/mentalhelse.no\/content\/uploads\/sites\/278\/2023\/06\/Porsgrunn-1024x681.jpg\" alt=\"B\u00e5r p\u00e5 vannet\" class=\"wp-image-995\" srcset=\"https:\/\/mentalhelse.no\/content\/uploads\/sites\/278\/2023\/06\/Porsgrunn-1024x681.jpg 1024w, https:\/\/mentalhelse.no\/content\/uploads\/sites\/278\/2023\/06\/Porsgrunn-300x200.jpg 300w, https:\/\/mentalhelse.no\/content\/uploads\/sites\/278\/2023\/06\/Porsgrunn-768x511.jpg 768w, https:\/\/mentalhelse.no\/content\/uploads\/sites\/278\/2023\/06\/Porsgrunn-1536x1022.jpg 1536w, https:\/\/mentalhelse.no\/content\/uploads\/sites\/278\/2023\/06\/Porsgrunn-2048x1363.jpg 2048w\" sizes=\"auto, (max-width: 1024px) 100vw, 1024px\" \/><\/figure>\n\n\n\n\n\n<figure class=\"wp-block-image\"><img loading=\"lazy\" decoding=\"async\" width=\"441\" height=\"267\" src=\"https:\/\/mentalhelse.no\/content\/uploads\/sites\/278\/2023\/09\/kaffe-1.jpg\" alt=\"\" class=\"wp-image-1071\" srcset=\"https:\/\/mentalhelse.no\/content\/uploads\/sites\/278\/2023\/09\/kaffe-1.jpg 441w, https:\/\/mentalhelse.no\/content\/uploads\/sites\/278\/2023\/09\/kaffe-1-300x182.jpg 300w\" sizes=\"auto, (max-width: 441px) 100vw, 441px\" \/><\/figure>\n\n\n\n<h1 class=\"wp-block-heading\" id=\"h-om-oss\">Om oss<\/h1>\n\n\n\n<p>Mental Helse Porsgrunn m\u00f8tes hovedsaklig p\u00e5 Raschebakken. Vi har jevnlige medlemsm\u00f8ter, og et rikelig aktivitetstilbud for v\u00e5re medlemmer.<\/p>\n\n\n\n<p>Vi har over 70 medlemmer.<\/p>\n\n\n\n<h2 class=\"wp-block-heading\" id=\"h-styret\">Styret<\/h2>\n\n\n\n<p>Fungerende leder: Anders Waage<br>Kasserer: Runi Gr\u00f8nli<br>Sekret\u00e6r: Lisbeth L\u00f8vlid Hanssen<br>Styremedlem: Hans Kristian Solvik<br>Styremedlem: Reidun Nicolaisen<\/p>\n\n\n\n<p><strong>Varamedlemmer:<\/strong><br>Vara 2. Daniel fjellet Hanssen<br>Vara 3. Anita Johannessen<\/p>\n\n\n\n\n\n<div class=\"wp-block-group alignfull is-layout-constrained wp-block-group-is-layout-constrained\">\n<h3 class=\"wp-block-heading alignwide has-text-align-left\" id=\"h-siste-nytt-fra-mental-helse-porsgrunn\">Siste nytt fra Mental Helse Porsgrunn<\/h3>\n<\/div>\n\n\n<div class=\"t2-featured-content-layout alignwide alignwide wp-block-t2-featured-content-layout\">\n\n\n\n\n\n<\/div>","protected":false},"excerpt":{"rendered":"<p>Om oss Mental Helse Porsgrunn m\u00f8tes hovedsaklig p\u00e5 Raschebakken. Vi har jevnlige medlemsm\u00f8ter, og et rikelig aktivitetstilbud for v\u00e5re medlemmer. Vi har over 70 medlemmer&#8230;.<\/p>\n","protected":false},"author":1,"featured_media":0,"parent":0,"menu_order":0,"comment_status":"closed","ping_status":"closed","template":"","meta":{"t2_featured_media_focal_point":{"x":0.5,"y":0.5},"mh_hide_title":true,"e24d_chat_page_choice":"","footnotes":""},"class_list":["post-797","page","type-page","status-publish","hentry"],"yoast_head":"<!-- This site is optimized with the Yoast SEO Premium plugin v21.2 (Yoast SEO v21.2) - https:\/\/yoast.com\/wordpress\/plugins\/seo\/ -->\n<title>Om oss - Mental Helse - Porsgrunn<\/title>\n<meta name=\"description\" content=\"Her kan du lese om oss i Mental Helse Prosgrunn, og l\u00e6re mer om hva vi jobber med. Ta gjerne kontakt hvis du har noen sp\u00f8rsm\u00e5l!\" \/>\n<meta name=\"robots\" content=\"index, follow, max-snippet:-1, max-image-preview:large, max-video-preview:-1\" \/>\n<link rel=\"canonical\" href=\"https:\/\/mentalhelse.no\/porsgrunn\/om-oss\/\" \/>\n<meta property=\"og:locale\" content=\"nb_NO\" \/>\n<meta property=\"og:type\" content=\"article\" \/>\n<meta property=\"og:title\" content=\"Om oss\" \/>\n<meta property=\"og:description\" content=\"Her kan du lese om oss i Mental Helse Prosgrunn, og l\u00e6re mer om hva vi jobber med. Ta gjerne kontakt hvis du har noen sp\u00f8rsm\u00e5l!\" \/>\n<meta property=\"og:url\" content=\"https:\/\/mentalhelse.no\/porsgrunn\/om-oss\/\" \/>\n<meta property=\"og:site_name\" content=\"Porsgrunn\" \/>\n<meta property=\"article:modified_time\" content=\"2025-11-19T04:46:29+00:00\" \/>\n<meta property=\"og:image\" content=\"http:\/\/mentalhelse.no\/content\/uploads\/sites\/278\/2023\/06\/Porsgrunn-1024x681.jpg\" \/>\n<meta name=\"twitter:card\" content=\"summary_large_image\" \/>\n<meta name=\"twitter:label1\" content=\"Ansl. lesetid\" \/>\n\t<meta name=\"twitter:data1\" content=\"1 minutt\" \/>\n<script type=\"application\/ld+json\" class=\"yoast-schema-graph\">{\"@context\":\"https:\/\/schema.org\",\"@graph\":[{\"@type\":\"WebPage\",\"@id\":\"https:\/\/mentalhelse.no\/porsgrunn\/om-oss\/\",\"url\":\"https:\/\/mentalhelse.no\/porsgrunn\/om-oss\/\",\"name\":\"Om oss - Porsgrunn\",\"isPartOf\":{\"@id\":\"https:\/\/mentalhelse.no\/porsgrunn\/#website\"},\"datePublished\":\"2023-05-10T11:14:16+00:00\",\"dateModified\":\"2025-11-19T04:46:29+00:00\",\"description\":\"Her kan du lese om oss i Mental Helse Prosgrunn, og l\u00e6re mer om hva vi jobber med. Ta gjerne kontakt hvis du har noen sp\u00f8rsm\u00e5l!\",\"breadcrumb\":{\"@id\":\"https:\/\/mentalhelse.no\/porsgrunn\/om-oss\/#breadcrumb\"},\"inLanguage\":\"nb-NO\",\"potentialAction\":[{\"@type\":\"ReadAction\",\"target\":[\"https:\/\/mentalhelse.no\/porsgrunn\/om-oss\/\"]}]},{\"@type\":\"BreadcrumbList\",\"@id\":\"https:\/\/mentalhelse.no\/porsgrunn\/om-oss\/#breadcrumb\",\"itemListElement\":[{\"@type\":\"ListItem\",\"position\":1,\"name\":\"Hjem\",\"item\":\"https:\/\/mentalhelse.no\/porsgrunn\/\"},{\"@type\":\"ListItem\",\"position\":2,\"name\":\"Om oss\"}]},{\"@type\":\"WebSite\",\"@id\":\"https:\/\/mentalhelse.no\/porsgrunn\/#website\",\"url\":\"https:\/\/mentalhelse.no\/porsgrunn\/\",\"name\":\"Porsgrunn\",\"description\":\"\",\"potentialAction\":[{\"@type\":\"SearchAction\",\"target\":{\"@type\":\"EntryPoint\",\"urlTemplate\":\"https:\/\/mentalhelse.no\/porsgrunn\/?s={search_term_string}\"},\"query-input\":\"required name=search_term_string\"}],\"inLanguage\":\"nb-NO\"}]}<\/script>\n<!-- \/ Yoast SEO Premium plugin. -->","yoast_head_json":{"title":"Om oss - Mental Helse - Porsgrunn","description":"Her kan du lese om oss i Mental Helse Prosgrunn, og l\u00e6re mer om hva vi jobber med. Ta gjerne kontakt hvis du har noen sp\u00f8rsm\u00e5l!","robots":{"index":"index","follow":"follow","max-snippet":"max-snippet:-1","max-image-preview":"max-image-preview:large","max-video-preview":"max-video-preview:-1"},"canonical":"https:\/\/mentalhelse.no\/porsgrunn\/om-oss\/","og_locale":"nb_NO","og_type":"article","og_title":"Om oss","og_description":"Her kan du lese om oss i Mental Helse Prosgrunn, og l\u00e6re mer om hva vi jobber med. Ta gjerne kontakt hvis du har noen sp\u00f8rsm\u00e5l!","og_url":"https:\/\/mentalhelse.no\/porsgrunn\/om-oss\/","og_site_name":"Porsgrunn","article_modified_time":"2025-11-19T04:46:29+00:00","og_image":[{"url":"http:\/\/mentalhelse.no\/content\/uploads\/sites\/278\/2023\/06\/Porsgrunn-1024x681.jpg"}],"twitter_card":"summary_large_image","twitter_misc":{"Ansl. lesetid":"1 minutt"},"schema":{"@context":"https:\/\/schema.org","@graph":[{"@type":"WebPage","@id":"https:\/\/mentalhelse.no\/porsgrunn\/om-oss\/","url":"https:\/\/mentalhelse.no\/porsgrunn\/om-oss\/","name":"Om oss - Porsgrunn","isPartOf":{"@id":"https:\/\/mentalhelse.no\/porsgrunn\/#website"},"datePublished":"2023-05-10T11:14:16+00:00","dateModified":"2025-11-19T04:46:29+00:00","description":"Her kan du lese om oss i Mental Helse Prosgrunn, og l\u00e6re mer om hva vi jobber med. Ta gjerne kontakt hvis du har noen sp\u00f8rsm\u00e5l!","breadcrumb":{"@id":"https:\/\/mentalhelse.no\/porsgrunn\/om-oss\/#breadcrumb"},"inLanguage":"nb-NO","potentialAction":[{"@type":"ReadAction","target":["https:\/\/mentalhelse.no\/porsgrunn\/om-oss\/"]}]},{"@type":"BreadcrumbList","@id":"https:\/\/mentalhelse.no\/porsgrunn\/om-oss\/#breadcrumb","itemListElement":[{"@type":"ListItem","position":1,"name":"Hjem","item":"https:\/\/mentalhelse.no\/porsgrunn\/"},{"@type":"ListItem","position":2,"name":"Om oss"}]},{"@type":"WebSite","@id":"https:\/\/mentalhelse.no\/porsgrunn\/#website","url":"https:\/\/mentalhelse.no\/porsgrunn\/","name":"Porsgrunn","description":"","potentialAction":[{"@type":"SearchAction","target":{"@type":"EntryPoint","urlTemplate":"https:\/\/mentalhelse.no\/porsgrunn\/?s={search_term_string}"},"query-input":"required name=search_term_string"}],"inLanguage":"nb-NO"}]}},"_links":{"self":[{"href":"https:\/\/mentalhelse.no\/porsgrunn\/wp-json\/wp\/v2\/pages\/797","targetHints":{"allow":["GET"]}}],"collection":[{"href":"https:\/\/mentalhelse.no\/porsgrunn\/wp-json\/wp\/v2\/pages"}],"about":[{"href":"https:\/\/mentalhelse.no\/porsgrunn\/wp-json\/wp\/v2\/types\/page"}],"author":[{"embeddable":true,"href":"https:\/\/mentalhelse.no\/porsgrunn\/wp-json\/wp\/v2\/users\/1"}],"replies":[{"embeddable":true,"href":"https:\/\/mentalhelse.no\/porsgrunn\/wp-json\/wp\/v2\/comments?post=797"}],"version-history":[{"count":5,"href":"https:\/\/mentalhelse.no\/porsgrunn\/wp-json\/wp\/v2\/pages\/797\/revisions"}],"predecessor-version":[{"id":1167,"href":"https:\/\/mentalhelse.no\/porsgrunn\/wp-json\/wp\/v2\/pages\/797\/revisions\/1167"}],"wp:attachment":[{"href":"https:\/\/mentalhelse.no\/porsgrunn\/wp-json\/wp\/v2\/media?parent=797"}],"curies":[{"name":"wp","href":"https:\/\/api.w.org\/{rel}","templated":true}]}}

<figure class="wp-block-image size-large"><img loading="lazy" decoding="async" width="1024" height="681" src="http://mentalhelse.no/content/uploads/sites/278/2023/06/Porsgrunn-1024x681.jpg" alt="Bår på vannet" class="wp-image-995" srcset="https://mentalhelse.no/content/uploads/sites/278/2023/06/Porsgrunn-1024x681.jpg 1024w, https://mentalhelse.no/content/uploads/sites/278/2023/06/Porsgrunn-300x200.jpg 300w, https://mentalhelse.no/content/uploads/sites/278/2023/06/Porsgrunn-768x511.jpg 768w, https://mentalhelse.no/content/uploads/sites/278/2023/06/Porsgrunn-1536x1022.jpg 1536w, https://mentalhelse.no/content/uploads/sites/278/2023/06/Porsgrunn-2048x1363.jpg 2048w" sizes="auto, (max-width: 1024px) 100vw, 1024px" /></figure>





<figure class="wp-block-image"><img loading="lazy" decoding="async" width="441" height="267" src="https://mentalhelse.no/content/uploads/sites/278/2023/09/kaffe-1.jpg" alt="" class="wp-image-1071" srcset="https://mentalhelse.no/content/uploads/sites/278/2023/09/kaffe-1.jpg 441w, https://mentalhelse.no/content/uploads/sites/278/2023/09/kaffe-1-300x182.jpg 300w" sizes="auto, (max-width: 441px) 100vw, 441px" /></figure>



<h1 class="wp-block-heading" id="h-om-oss">Om oss</h1>



<p>Mental Helse Porsgrunn møtes hovedsaklig på Raschebakken. Vi har jevnlige medlemsmøter, og et rikelig aktivitetstilbud for våre medlemmer.</p>



<p>Vi har over 70 medlemmer.</p>



<h2 class="wp-block-heading" id="h-styret">Styret</h2>



<p>Fungerende leder: Anders Waage<br>Kasserer: Runi Grønli<br>Sekretær: Lisbeth Løvlid Hanssen<br>Styremedlem: Hans Kristian Solvik<br>Styremedlem: Reidun Nicolaisen</p>



<p><strong>Varamedlemmer:</strong><br>Vara 2. Daniel fjellet Hanssen<br>Vara 3. Anita Johannessen</p>





<div class="wp-block-group alignfull is-layout-constrained wp-block-group-is-layout-constrained">
<h3 class="wp-block-heading alignwide has-text-align-left" id="h-siste-nytt-fra-mental-helse-porsgrunn">Siste nytt fra Mental Helse Porsgrunn</h3>
</div>


<div class="t2-featured-content-layout alignwide alignwide wp-block-t2-featured-content-layout">





</div>

<p>Om oss Mental Helse Porsgrunn møtes hovedsaklig på Raschebakken. Vi har jevnlige medlemsmøter, og et rikelig aktivitetstilbud for våre medlemmer. Vi har over 70 medlemmer&#8230;.</p>

<!-- This site is optimized with the Yoast SEO Premium plugin v21.2 (Yoast SEO v21.2) - https://yoast.com/wordpress/plugins/seo/ -->
<title>Om oss - Mental Helse - Porsgrunn</title>
<meta name="description" content="Her kan du lese om oss i Mental Helse Prosgrunn, og lære mer om hva vi jobber med. Ta gjerne kontakt hvis du har noen spørsmål!" />
<meta name="robots" content="index, follow, max-snippet:-1, max-image-preview:large, max-video-preview:-1" />
<link rel="canonical" href="https://mentalhelse.no/porsgrunn/om-oss/" />
<meta property="og:locale" content="nb_NO" />
<meta property="og:type" content="article" />
<meta property="og:title" content="Om oss" />
<meta property="og:description" content="Her kan du lese om oss i Mental Helse Prosgrunn, og lære mer om hva vi jobber med. Ta gjerne kontakt hvis du har noen spørsmål!" />
<meta property="og:url" content="https://mentalhelse.no/porsgrunn/om-oss/" />
<meta property="og:site_name" content="Porsgrunn" />
<meta property="article:modified_time" content="2025-11-19T04:46:29+00:00" />
<meta property="og:image" content="http://mentalhelse.no/content/uploads/sites/278/2023/06/Porsgrunn-1024x681.jpg" />
<meta name="twitter:card" content="summary_large_image" />
<meta name="twitter:label1" content="Ansl. lesetid" />
	<meta name="twitter:data1" content="1 minutt" />
<script type="application/ld+json" class="yoast-schema-graph">{"@context":"https://schema.org","@graph":[{"@type":"WebPage","@id":"https://mentalhelse.no/porsgrunn/om-oss/","url":"https://mentalhelse.no/porsgrunn/om-oss/","name":"Om oss - Porsgrunn","isPartOf":{"@id":"https://mentalhelse.no/porsgrunn/#website"},"datePublished":"2023-05-10T11:14:16+00:00","dateModified":"2025-11-19T04:46:29+00:00","description":"Her kan du lese om oss i Mental Helse Prosgrunn, og lære mer om hva vi jobber med. Ta gjerne kontakt hvis du har noen spørsmål!","breadcrumb":{"@id":"https://mentalhelse.no/porsgrunn/om-oss/#breadcrumb"},"inLanguage":"nb-NO","potentialAction":[{"@type":"ReadAction","target":["https://mentalhelse.no/porsgrunn/om-oss/"]}]},{"@type":"BreadcrumbList","@id":"https://mentalhelse.no/porsgrunn/om-oss/#breadcrumb","itemListElement":[{"@type":"ListItem","position":1,"name":"Hjem","item":"https://mentalhelse.no/porsgrunn/"},{"@type":"ListItem","position":2,"name":"Om oss"}]},{"@type":"WebSite","@id":"https://mentalhelse.no/porsgrunn/#website","url":"https://mentalhelse.no/porsgrunn/","name":"Porsgrunn","description":"","potentialAction":[{"@type":"SearchAction","target":{"@type":"EntryPoint","urlTemplate":"https://mentalhelse.no/porsgrunn/?s={search_term_string}"},"query-input":"required name=search_term_string"}],"inLanguage":"nb-NO"}]}</script>
<!-- / Yoast SEO Premium plugin. -->

Her kan du lese om oss i Mental Helse Prosgrunn, og lære mer om hva vi jobber med. Ta gjerne kontakt hvis du har noen spørsmål!
