{"id":797,"date":"2023-05-10T11:14:16","date_gmt":"2023-05-10T11:14:16","guid":{"rendered":"https:\/\/mentalhelse.no\/viken\/?page_id=797"},"modified":"2026-02-03T11:13:47","modified_gmt":"2026-02-03T11:13:47","slug":"om-oss","status":"publish","type":"page","link":"https:\/\/mentalhelse.no\/senja\/om-oss\/","title":{"rendered":"Om oss"},"content":{"rendered":"\n<figure class=\"wp-block-image size-large\"><img loading=\"lazy\" decoding=\"async\" width=\"1024\" height=\"683\" src=\"https:\/\/mentalhelse.no\/content\/uploads\/sites\/293\/2023\/09\/Senja2-1024x683.jpg\" alt=\"\" class=\"wp-image-1006\" srcset=\"https:\/\/mentalhelse.no\/content\/uploads\/sites\/293\/2023\/09\/Senja2-1024x683.jpg 1024w, https:\/\/mentalhelse.no\/content\/uploads\/sites\/293\/2023\/09\/Senja2-300x200.jpg 300w, https:\/\/mentalhelse.no\/content\/uploads\/sites\/293\/2023\/09\/Senja2-768x512.jpg 768w, https:\/\/mentalhelse.no\/content\/uploads\/sites\/293\/2023\/09\/Senja2-1536x1024.jpg 1536w, https:\/\/mentalhelse.no\/content\/uploads\/sites\/293\/2023\/09\/Senja2-2048x1365.jpg 2048w\" sizes=\"auto, (max-width: 1024px) 100vw, 1024px\" \/><figcaption class=\"wp-element-caption\">Norges nest st\u00f8rste \u00f8y ligger i kommunen med samme navn.<\/figcaption><\/figure>\n\n\n\n<h1 class=\"wp-block-heading\" id=\"h-om-oss\">Om oss<\/h1>\n\n\n\n<p>Lokallaget har nylig startet opp igjen.<\/p>\n\n\n\n<p>\u00d8nsker du \u00e5 bli frivillig eller medlem hos oss? Da er du er hjertelig velkommen til \u00e5 ta kontakt!<\/p>\n\n\n\n<p><strong>senja@lokallag.mentalhelse.no<\/strong><\/p>\n\n\n\n<h2 class=\"wp-block-heading\" id=\"h-styret\">Styret<\/h2>\n\n\n\n<p>Interimstyret i Mental Helse Senja 2026 best\u00e5r av:<\/p>\n\n\n\n<p>Terese Str\u00f8meng, Lars L\u00f8hre, Trine Brandser, B\u00f8rge Amundsen, Liss-Iren Tobiassen, Michael Andersen og Joachim Stenvold.<\/p>\n\n\n\n<div class=\"wp-block-columns is-layout-flex wp-container-core-columns-is-layout-1 wp-block-columns-is-layout-flex\">\n<div class=\"wp-block-column is-layout-flow wp-block-column-is-layout-flow\" style=\"flex-basis:100%\"><div class=\"card-info wp-block-t2-people-meta\"><\/div><\/div>\n<\/div>\n\n\n<div class=\"card-info wp-block-t2-people-meta\"><\/div>\n\n\n\t\t<div class=\"mh-related-posts alignfull alignfull wp-block-mentalhelse-related-posts gray-mode\">\n\t\t\t<div class=\"mh-related-posts__inner\">\n\t\t\t\t\n\n<h3 class=\"wp-block-heading\" id=\"h-siste-nytt-fra-mental-helse-senja\">Siste nytt fra Mental Helse Senja<\/h3>\n\n\n<div class=\"t2-featured-content-layout alignwide alignwide wp-block-t2-featured-content-layout\">\n<div class=\"t2-featured-query-post t2-featured-content is-post-type-news wp-block-t2-featured-query-post t2-featured-content-layout-col-4\"><a class=\"t2-post-link wp-block-t2-post-link\" href=\"https:\/\/mentalhelse.no\/senja\/aktuelt\/en-inspirerende-arsmotehelg\/\">\n\t<figure style=\"--t2-focal-point: 53% 20%;\" class=\"t2-post-featured-image has-image-ratio-16-9 wp-block-t2-post-featured-image\"><img loading=\"lazy\" decoding=\"async\" width=\"2560\" height=\"1928\" src=\"https:\/\/mentalhelse.no\/content\/uploads\/sites\/293\/2026\/04\/Fylkesarsmote2026_01-scaled.jpg\" class=\"attachment-post-thumbnail size-post-thumbnail wp-post-image\" alt=\"Bilde fra Fylkes\u00e5rsm\u00f8tet i Troms\u00f8 april 2026, delegater fra Mental Helse Senja.\" srcset=\"https:\/\/mentalhelse.no\/content\/uploads\/sites\/293\/2026\/04\/Fylkesarsmote2026_01-scaled.jpg 2560w, https:\/\/mentalhelse.no\/content\/uploads\/sites\/293\/2026\/04\/Fylkesarsmote2026_01-300x226.jpg 300w, https:\/\/mentalhelse.no\/content\/uploads\/sites\/293\/2026\/04\/Fylkesarsmote2026_01-1024x771.jpg 1024w, https:\/\/mentalhelse.no\/content\/uploads\/sites\/293\/2026\/04\/Fylkesarsmote2026_01-768x578.jpg 768w, https:\/\/mentalhelse.no\/content\/uploads\/sites\/293\/2026\/04\/Fylkesarsmote2026_01-1536x1157.jpg 1536w, https:\/\/mentalhelse.no\/content\/uploads\/sites\/293\/2026\/04\/Fylkesarsmote2026_01-2048x1542.jpg 2048w\" sizes=\"auto, (max-width: 2560px) 100vw, 2560px\" style=\"--focal-point: 53% 20%;\" \/><\/figure>\n<\/a>\n\n<div class=\"wp-block-group postinfo alignfull is-layout-flow wp-block-group-is-layout-flow\">\n\t<div class=\"wp-block-mentalhelse-post-category\">\n\t\t\t\t\t<div class=\"post-type\">\n\t\t\t\t\t\t<a href=\"https:\/\/mentalhelse.no\/senja\/aktuelt\/\">Nyheter<\/a>\n\t\t\t\t\t<\/div>\n\t\t\t\t\t\n\t\t\t\t\t<div class=\"post-category\">\n\t\t\t\t\t\t\n\t\t\t\t\t<\/div>\n\t\t\t<\/div>\n\t<a class=\"t2-post-link wp-block-t2-post-link\" href=\"https:\/\/mentalhelse.no\/senja\/aktuelt\/en-inspirerende-arsmotehelg\/\">\n\t<h2 class=\"t2-post-title wp-block-t2-post-title\">En inspirerende \u00e5rsm\u00f8tehelg!<\/h2>\n\t<\/a>\n<\/div>\n\n<\/div>\n\n<div class=\"t2-featured-query-post t2-featured-content is-post-type-news wp-block-t2-featured-query-post t2-featured-content-layout-col-4\"><a class=\"t2-post-link wp-block-t2-post-link\" href=\"https:\/\/mentalhelse.no\/senja\/aktuelt\/vi-soker-frivillige\/\">\n\t<figure style=\"--t2-focal-point: 51% 32%;\" class=\"t2-post-featured-image has-image-ratio-16-9 wp-block-t2-post-featured-image\"><img loading=\"lazy\" decoding=\"async\" width=\"1748\" height=\"2480\" src=\"https:\/\/mentalhelse.no\/content\/uploads\/sites\/293\/2026\/04\/MHS-frivillige-plakat-april-26.png\" class=\"attachment-post-thumbnail size-post-thumbnail wp-post-image\" alt=\"Mental Helse Senja s\u00f8ker frivillige til \u00e5 v\u00e6re med n\u00e5r vi arrangerer lesesirkel, tegneklubb, plein air. Vi s\u00f8ker ogs\u00e5 frivillige til andre ting. Hva er DU interessert i?\" srcset=\"https:\/\/mentalhelse.no\/content\/uploads\/sites\/293\/2026\/04\/MHS-frivillige-plakat-april-26.png 1748w, https:\/\/mentalhelse.no\/content\/uploads\/sites\/293\/2026\/04\/MHS-frivillige-plakat-april-26-211x300.png 211w, https:\/\/mentalhelse.no\/content\/uploads\/sites\/293\/2026\/04\/MHS-frivillige-plakat-april-26-722x1024.png 722w, https:\/\/mentalhelse.no\/content\/uploads\/sites\/293\/2026\/04\/MHS-frivillige-plakat-april-26-768x1090.png 768w, https:\/\/mentalhelse.no\/content\/uploads\/sites\/293\/2026\/04\/MHS-frivillige-plakat-april-26-1083x1536.png 1083w, https:\/\/mentalhelse.no\/content\/uploads\/sites\/293\/2026\/04\/MHS-frivillige-plakat-april-26-1444x2048.png 1444w\" sizes=\"auto, (max-width: 1748px) 100vw, 1748px\" style=\"--focal-point: 51% 32%;\" \/><\/figure>\n<\/a>\n\n<div class=\"wp-block-group postinfo alignfull is-layout-flow wp-block-group-is-layout-flow\">\n\t<div class=\"wp-block-mentalhelse-post-category\">\n\t\t\t\t\t<div class=\"post-type\">\n\t\t\t\t\t\t<a href=\"https:\/\/mentalhelse.no\/senja\/aktuelt\/\">Nyheter<\/a>\n\t\t\t\t\t<\/div>\n\t\t\t\t\t\n\t\t\t\t\t<div class=\"post-category\">\n\t\t\t\t\t\t\n\t\t\t\t\t<\/div>\n\t\t\t<\/div>\n\t<a class=\"t2-post-link wp-block-t2-post-link\" href=\"https:\/\/mentalhelse.no\/senja\/aktuelt\/vi-soker-frivillige\/\">\n\t<h2 class=\"t2-post-title wp-block-t2-post-title\">Vi s\u00f8ker frivillige!<\/h2>\n\t<\/a>\n<\/div>\n\n<\/div>\n\n<div class=\"t2-featured-query-post t2-featured-content is-post-type-news wp-block-t2-featured-query-post t2-featured-content-layout-col-4\"><a class=\"t2-post-link wp-block-t2-post-link\" href=\"https:\/\/mentalhelse.no\/senja\/aktuelt\/oppdatering-etter-arsmotet-17-mars\/\">\n\t<figure style=\"--t2-focal-point: 50% 42%;\" class=\"t2-post-featured-image has-image-ratio-16-9 wp-block-t2-post-featured-image\"><img loading=\"lazy\" decoding=\"async\" width=\"2560\" height=\"2560\" src=\"https:\/\/mentalhelse.no\/content\/uploads\/sites\/293\/2026\/03\/20240930_122353-scaled.jpg\" class=\"attachment-post-thumbnail size-post-thumbnail wp-post-image\" alt=\"\" srcset=\"https:\/\/mentalhelse.no\/content\/uploads\/sites\/293\/2026\/03\/20240930_122353-scaled.jpg 2560w, https:\/\/mentalhelse.no\/content\/uploads\/sites\/293\/2026\/03\/20240930_122353-300x300.jpg 300w, https:\/\/mentalhelse.no\/content\/uploads\/sites\/293\/2026\/03\/20240930_122353-1024x1024.jpg 1024w, https:\/\/mentalhelse.no\/content\/uploads\/sites\/293\/2026\/03\/20240930_122353-150x150.jpg 150w, https:\/\/mentalhelse.no\/content\/uploads\/sites\/293\/2026\/03\/20240930_122353-768x768.jpg 768w, https:\/\/mentalhelse.no\/content\/uploads\/sites\/293\/2026\/03\/20240930_122353-1536x1536.jpg 1536w, https:\/\/mentalhelse.no\/content\/uploads\/sites\/293\/2026\/03\/20240930_122353-2048x2048.jpg 2048w\" sizes=\"auto, (max-width: 2560px) 100vw, 2560px\" style=\"--focal-point: 50% 42%;\" \/><\/figure>\n<\/a>\n\n<div class=\"wp-block-group postinfo alignfull is-layout-flow wp-block-group-is-layout-flow\">\n\t<div class=\"wp-block-mentalhelse-post-category\">\n\t\t\t\t\t<div class=\"post-type\">\n\t\t\t\t\t\t<a href=\"https:\/\/mentalhelse.no\/senja\/aktuelt\/\">Nyheter<\/a>\n\t\t\t\t\t<\/div>\n\t\t\t\t\t\n\t\t\t\t\t<div class=\"post-category\">\n\t\t\t\t\t\t\n\t\t\t\t\t<\/div>\n\t\t\t<\/div>\n\t<a class=\"t2-post-link wp-block-t2-post-link\" href=\"https:\/\/mentalhelse.no\/senja\/aktuelt\/oppdatering-etter-arsmotet-17-mars\/\">\n\t<h2 class=\"t2-post-title wp-block-t2-post-title\">Oppdatering etter \u00e5rsm\u00f8tet 17.mars<\/h2>\n\t<\/a>\n<\/div>\n\n<\/div>\n<\/div>\n\n\t\t\t<\/div>\n\t\t<\/div>","protected":false},"excerpt":{"rendered":"<p>Om oss Lokallaget har nylig startet opp igjen. \u00d8nsker du \u00e5 bli frivillig eller medlem hos oss? Da er du er hjertelig velkommen til \u00e5&#8230;<\/p>\n","protected":false},"author":1,"featured_media":0,"parent":0,"menu_order":0,"comment_status":"closed","ping_status":"closed","template":"","meta":{"t2_featured_media_focal_point":{"x":0.5,"y":0.5},"mh_hide_title":true,"e24d_chat_page_choice":"","footnotes":""},"class_list":["post-797","page","type-page","status-publish","hentry"],"yoast_head":"<!-- This site is optimized with the Yoast SEO Premium plugin v21.2 (Yoast SEO v21.2) - https:\/\/yoast.com\/wordpress\/plugins\/seo\/ -->\n<title>Om oss - Mental Helse - Senja<\/title>\n<meta name=\"description\" content=\"Her kan du lese om oss i Mental Helse Senja, og l\u00e6re mer om hva vi jobber med. Ta gjerne kontakt hvis du har noen sp\u00f8rsm\u00e5l!\" \/>\n<meta name=\"robots\" content=\"index, follow, max-snippet:-1, max-image-preview:large, max-video-preview:-1\" \/>\n<link rel=\"canonical\" href=\"https:\/\/mentalhelse.no\/senja\/om-oss\/\" \/>\n<meta property=\"og:locale\" content=\"nb_NO\" \/>\n<meta property=\"og:type\" content=\"article\" \/>\n<meta property=\"og:title\" content=\"Om oss\" \/>\n<meta property=\"og:description\" content=\"Her kan du lese om oss i Mental Helse Senja, og l\u00e6re mer om hva vi jobber med. Ta gjerne kontakt hvis du har noen sp\u00f8rsm\u00e5l!\" \/>\n<meta property=\"og:url\" content=\"https:\/\/mentalhelse.no\/senja\/om-oss\/\" \/>\n<meta property=\"og:site_name\" content=\"Senja\" \/>\n<meta property=\"article:modified_time\" content=\"2026-02-03T11:13:47+00:00\" \/>\n<meta property=\"og:image\" content=\"https:\/\/mentalhelse.no\/content\/uploads\/sites\/293\/2023\/09\/Senja2-1024x683.jpg\" \/>\n<meta name=\"twitter:card\" content=\"summary_large_image\" \/>\n<meta name=\"twitter:label1\" content=\"Ansl. lesetid\" \/>\n\t<meta name=\"twitter:data1\" content=\"1 minutt\" \/>\n<script type=\"application\/ld+json\" class=\"yoast-schema-graph\">{\"@context\":\"https:\/\/schema.org\",\"@graph\":[{\"@type\":\"WebPage\",\"@id\":\"https:\/\/mentalhelse.no\/senja\/om-oss\/\",\"url\":\"https:\/\/mentalhelse.no\/senja\/om-oss\/\",\"name\":\"Om oss - Senja\",\"isPartOf\":{\"@id\":\"https:\/\/mentalhelse.no\/senja\/#website\"},\"datePublished\":\"2023-05-10T11:14:16+00:00\",\"dateModified\":\"2026-02-03T11:13:47+00:00\",\"description\":\"Her kan du lese om oss i Mental Helse Senja, og l\u00e6re mer om hva vi jobber med. Ta gjerne kontakt hvis du har noen sp\u00f8rsm\u00e5l!\",\"breadcrumb\":{\"@id\":\"https:\/\/mentalhelse.no\/senja\/om-oss\/#breadcrumb\"},\"inLanguage\":\"nb-NO\",\"potentialAction\":[{\"@type\":\"ReadAction\",\"target\":[\"https:\/\/mentalhelse.no\/senja\/om-oss\/\"]}]},{\"@type\":\"BreadcrumbList\",\"@id\":\"https:\/\/mentalhelse.no\/senja\/om-oss\/#breadcrumb\",\"itemListElement\":[{\"@type\":\"ListItem\",\"position\":1,\"name\":\"Hjem\",\"item\":\"https:\/\/mentalhelse.no\/senja\/\"},{\"@type\":\"ListItem\",\"position\":2,\"name\":\"Om oss\"}]},{\"@type\":\"WebSite\",\"@id\":\"https:\/\/mentalhelse.no\/senja\/#website\",\"url\":\"https:\/\/mentalhelse.no\/senja\/\",\"name\":\"Senja\",\"description\":\"\",\"potentialAction\":[{\"@type\":\"SearchAction\",\"target\":{\"@type\":\"EntryPoint\",\"urlTemplate\":\"https:\/\/mentalhelse.no\/senja\/?s={search_term_string}\"},\"query-input\":\"required name=search_term_string\"}],\"inLanguage\":\"nb-NO\"}]}<\/script>\n<!-- \/ Yoast SEO Premium plugin. -->","yoast_head_json":{"title":"Om oss - Mental Helse - Senja","description":"Her kan du lese om oss i Mental Helse Senja, og l\u00e6re mer om hva vi jobber med. Ta gjerne kontakt hvis du har noen sp\u00f8rsm\u00e5l!","robots":{"index":"index","follow":"follow","max-snippet":"max-snippet:-1","max-image-preview":"max-image-preview:large","max-video-preview":"max-video-preview:-1"},"canonical":"https:\/\/mentalhelse.no\/senja\/om-oss\/","og_locale":"nb_NO","og_type":"article","og_title":"Om oss","og_description":"Her kan du lese om oss i Mental Helse Senja, og l\u00e6re mer om hva vi jobber med. Ta gjerne kontakt hvis du har noen sp\u00f8rsm\u00e5l!","og_url":"https:\/\/mentalhelse.no\/senja\/om-oss\/","og_site_name":"Senja","article_modified_time":"2026-02-03T11:13:47+00:00","og_image":[{"url":"https:\/\/mentalhelse.no\/content\/uploads\/sites\/293\/2023\/09\/Senja2-1024x683.jpg"}],"twitter_card":"summary_large_image","twitter_misc":{"Ansl. lesetid":"1 minutt"},"schema":{"@context":"https:\/\/schema.org","@graph":[{"@type":"WebPage","@id":"https:\/\/mentalhelse.no\/senja\/om-oss\/","url":"https:\/\/mentalhelse.no\/senja\/om-oss\/","name":"Om oss - Senja","isPartOf":{"@id":"https:\/\/mentalhelse.no\/senja\/#website"},"datePublished":"2023-05-10T11:14:16+00:00","dateModified":"2026-02-03T11:13:47+00:00","description":"Her kan du lese om oss i Mental Helse Senja, og l\u00e6re mer om hva vi jobber med. Ta gjerne kontakt hvis du har noen sp\u00f8rsm\u00e5l!","breadcrumb":{"@id":"https:\/\/mentalhelse.no\/senja\/om-oss\/#breadcrumb"},"inLanguage":"nb-NO","potentialAction":[{"@type":"ReadAction","target":["https:\/\/mentalhelse.no\/senja\/om-oss\/"]}]},{"@type":"BreadcrumbList","@id":"https:\/\/mentalhelse.no\/senja\/om-oss\/#breadcrumb","itemListElement":[{"@type":"ListItem","position":1,"name":"Hjem","item":"https:\/\/mentalhelse.no\/senja\/"},{"@type":"ListItem","position":2,"name":"Om oss"}]},{"@type":"WebSite","@id":"https:\/\/mentalhelse.no\/senja\/#website","url":"https:\/\/mentalhelse.no\/senja\/","name":"Senja","description":"","potentialAction":[{"@type":"SearchAction","target":{"@type":"EntryPoint","urlTemplate":"https:\/\/mentalhelse.no\/senja\/?s={search_term_string}"},"query-input":"required name=search_term_string"}],"inLanguage":"nb-NO"}]}},"_links":{"self":[{"href":"https:\/\/mentalhelse.no\/senja\/wp-json\/wp\/v2\/pages\/797","targetHints":{"allow":["GET"]}}],"collection":[{"href":"https:\/\/mentalhelse.no\/senja\/wp-json\/wp\/v2\/pages"}],"about":[{"href":"https:\/\/mentalhelse.no\/senja\/wp-json\/wp\/v2\/types\/page"}],"author":[{"embeddable":true,"href":"https:\/\/mentalhelse.no\/senja\/wp-json\/wp\/v2\/users\/1"}],"replies":[{"embeddable":true,"href":"https:\/\/mentalhelse.no\/senja\/wp-json\/wp\/v2\/comments?post=797"}],"version-history":[{"count":4,"href":"https:\/\/mentalhelse.no\/senja\/wp-json\/wp\/v2\/pages\/797\/revisions"}],"predecessor-version":[{"id":1053,"href":"https:\/\/mentalhelse.no\/senja\/wp-json\/wp\/v2\/pages\/797\/revisions\/1053"}],"wp:attachment":[{"href":"https:\/\/mentalhelse.no\/senja\/wp-json\/wp\/v2\/media?parent=797"}],"curies":[{"name":"wp","href":"https:\/\/api.w.org\/{rel}","templated":true}]}}