{"id":797,"date":"2023-05-10T11:14:16","date_gmt":"2023-05-10T11:14:16","guid":{"rendered":"https:\/\/mentalhelse.no\/viken\/?page_id=797"},"modified":"2025-10-16T08:11:49","modified_gmt":"2025-10-16T08:11:49","slug":"om-oss","status":"publish","type":"page","link":"https:\/\/mentalhelse.no\/skien\/om-oss\/","title":{"rendered":"Om oss"},"content":{"rendered":"\n<figure class=\"wp-block-image size-large\"><img loading=\"lazy\" decoding=\"async\" width=\"1024\" height=\"512\" src=\"https:\/\/mentalhelse.no\/content\/uploads\/sites\/284\/2023\/09\/skien-1-1024x512.jpg\" alt=\"\" class=\"wp-image-1019\" srcset=\"https:\/\/mentalhelse.no\/content\/uploads\/sites\/284\/2023\/09\/skien-1-1024x512.jpg 1024w, https:\/\/mentalhelse.no\/content\/uploads\/sites\/284\/2023\/09\/skien-1-300x150.jpg 300w, https:\/\/mentalhelse.no\/content\/uploads\/sites\/284\/2023\/09\/skien-1-768x384.jpg 768w, https:\/\/mentalhelse.no\/content\/uploads\/sites\/284\/2023\/09\/skien-1-1536x768.jpg 1536w, https:\/\/mentalhelse.no\/content\/uploads\/sites\/284\/2023\/09\/skien-1.jpg 1674w\" sizes=\"auto, (max-width: 1024px) 100vw, 1024px\" \/><\/figure>\n\n\n\n<h1 class=\"wp-block-heading\" id=\"h-om-oss\">Om oss<\/h1>\n\n\n\n<h2 class=\"wp-block-heading\" id=\"h-om-oss-0\">Om oss<\/h2>\n\n\n\n<p><br>Mental Helse Skien er et lokallag i Mental Helse. Lokallaget har overkant av 115 medlemmer med regelmessige medlemsaktiviteter<br>Vi f\u00f8lger med p\u00e5 hva som skjer innen v\u00e5r kommune n\u00e5r det gjelder det psykiske helsetilbudet. Vi driver mest med aktiviteter, kurs og foredrag.<br>Vi synes trygge m\u00f8teplasser er viktig. Det \u00e5 skape rom for mestring, \u00f8kt egenverdi og livskvalitet er viktig for oss.<\/p>\n\n\n\n<h2 class=\"wp-block-heading\" id=\"h-visjon\">Visjon<\/h2>\n\n\n\n<p><br>Vi vil v\u00e6re en organisasjon hvor alle skal v\u00e6re velkommen og hvor vi \u00f8nsker \u00e5 lage et godt fellesskap med rom for alle<\/p>\n\n\n\n<h2 class=\"wp-block-heading\" id=\"h-vare-tilbud\">V\u00e5re tilbud<\/h2>\n\n\n\n<p><br>V\u00e5re arrangementer er som regel \u00e5pne for alle. Medlemmer kan ta med seg en venn til samme pris om det er betaling p\u00e5 et arrangement.<\/p>\n\n\n\n<p><code>\u2022 lavterskel tilbud \"kom sitt ned med oss\", som er ett tilbud \u00e5pent for alle. Vi sitter sammen \u00e5 snakker, ingen krav til hva vi snakker om.<\/code><\/p>\n\n\n\n<p><code>\u2022 St\u00f8rre samenkomster en gang i kvartalet hvor kos og hygge er sentrum for medlemmer \u2022 Medlemskino hvor du som medlem hos oss kan komme med oss for en bra opplevelse i godt selskap<\/code><\/p>\n\n\n\n<p><code>\u2022 Vi har ogs\u00e5 flere foredrag \u2022 og flere andre aktiviteter som for eksempel turer <\/code><\/p>\n\n\n\n<p><code>\u2022 Vi har en gruppe som jobber med aktiviteter som er \u00e5pen for alle. Der det er plass til \u00e5 komme inn om det er noe du vil hjelpe med, eller har aktiviteter du \u00f8nsker vi skal drive med sammen.<\/code><\/p>\n\n\n\n<p><code>\u2022 Vi jobber hele tiden for flere tilbud for og med v\u00e5re medlemmer<\/code><\/p>\n\n\n\n<h2 class=\"wp-block-heading\" id=\"h-vare-verdier\">V\u00e5re verdier<\/h2>\n\n\n\n<p><br>I v\u00e5re m\u00f8ter vil vi se hverandre, h\u00f8re p\u00e5 hverandre og g\u00e5 veien sammen Det betyr at vi vektlegger:<\/p>\n\n\n\n<p><br><strong>RESPEKT<\/strong> &#8211; vi anerkjenner hverandre for den vi er<br><strong>LIKEVERD <\/strong>&#8211; skal prege v\u00e5re m\u00f8ter<br><strong>YDMYKHET<\/strong> &#8211; vi er \u00e5pne for hverandres meninger<br><strong>TILLIT<\/strong> &#8211; vi stoler p\u00e5 hverandre<br><strong>MEDBESTEMMELSE<\/strong> &#8211; du har innflytelse i gruppe<br><strong>LIVSUTFOLDELSE<\/strong> &#8211; med utgangspunkt i ressurser og muligheter<br><strong>HELHETLIG MENNESKESYN<\/strong> &#8211; vi ser lytter aksepterer og respekter mennesker for hvem de er og hele livshistorien til hver enkelt<\/p>\n\n\n\n<p><br>Vi vil v\u00e6re den gode og inkluderende m\u00f8teplassen<br>Kunnskap er n\u00f8kkelen til \u00e5 finne gode l\u00f8sninger<br>Grensesette er ogs\u00e5 \u00e5 vise respekt<\/p>\n\n\n\n<h2 class=\"wp-block-heading\" id=\"h-kontakt-informasjon\">Kontakt informasjon<\/h2>\n\n\n\n<p>For medleskap s\u00e5 kan du melde deg inn via denne siden<br><a href=\"https:\/\/blimedlem.mentalhelse.no\/\">https:\/\/blimedlem.mentalhelse.no\/<\/a><br><\/p>\n\n\n\n<p>Dersom du \u00f8nsker \u00e5 gj\u00f8re en innsats for foreningen eller vite mer, s\u00e5 ta kontakt p\u00e5 telefon 41 384 384 eller <a href=\"mailto:Skien@lokallag.mentalhelse.no\">Skien@lokallag.mentalhelse.no<\/a><br><\/p>\n\n\n\n<p>St\u00f8tt oss gjerne med grasrotandelen som norsk tipping har<\/p>\n\n\n\n<p>Du finner ogs\u00e5 lokallaget p\u00e5 <a href=\"https:\/\/www.facebook.com\/MentalHelseSkien\" target=\"_blank\" rel=\"noreferrer noopener\">Facebook<\/a> og <a href=\"https:\/\/www.youtube.com\/@MentalHelseSkien\/featured\">YouTube.<\/a><\/p>\n\n\n\n<p><\/p>\n\n\n<div class=\"t2-featured-content-layout align align wp-block-t2-featured-content-layout\"><\/div>\n\n\n<h2 class=\"wp-block-heading\" id=\"h-styret\">Styret<\/h2>\n\n\n\n<p><strong>Leder:<\/strong><br>J\u00f8rn Roger Steen<\/p>\n\n\n\n<p><strong>Nestleder:<\/strong><br>Irene Berge<\/p>\n\n\n\n<p><strong>Sekret\u00e6r<\/strong><br>Siri B Jahren<\/p>\n\n\n\n<p><strong>Kasserer:<\/strong><br>Dan Kristian Daae Jonassen<\/p>\n\n\n\n<p><strong>Styremedlem:<\/strong><br>Sonja Stenersen<br>Brit Karin Rinde<br>Lillian Amundsen<\/p>\n\n\n\n<p><strong>Vara:<\/strong><br>Mauriciio Evensen<br>Miriam Kaasa<\/p>\n\n\n\n<div class=\"wp-block-group alignfull is-layout-constrained wp-block-group-is-layout-constrained\">\n<h3 class=\"wp-block-heading alignwide has-text-align-center\" id=\"h-siste-nytt-fra-mental-helse-skien\">Siste nytt fra Mental Helse Skien<\/h3>\n<\/div>\n\n\n<div class=\"t2-featured-content-layout alignwide alignwide wp-block-t2-featured-content-layout\">\n<div class=\"t2-featured-query-post t2-featured-content is-post-type-news wp-block-t2-featured-query-post\"><a class=\"t2-post-link wp-block-t2-post-link\" href=\"https:\/\/mentalhelse.no\/skien\/aktuelt\/vi-hadde-sommersamling-pa-lordagen-og-dagen-var-flott\/\">\n\t<figure style=\"--t2-focal-point: 50% 50%;\" class=\"t2-post-featured-image has-image-ratio-16-9 wp-block-t2-post-featured-image\"><img loading=\"lazy\" decoding=\"async\" width=\"2560\" height=\"1920\" src=\"https:\/\/mentalhelse.no\/content\/uploads\/sites\/284\/2025\/07\/apning-1-scaled.jpg\" class=\"attachment-post-thumbnail size-post-thumbnail wp-post-image\" alt=\"\" srcset=\"https:\/\/mentalhelse.no\/content\/uploads\/sites\/284\/2025\/07\/apning-1-scaled.jpg 2560w, https:\/\/mentalhelse.no\/content\/uploads\/sites\/284\/2025\/07\/apning-1-300x225.jpg 300w, https:\/\/mentalhelse.no\/content\/uploads\/sites\/284\/2025\/07\/apning-1-1024x768.jpg 1024w, https:\/\/mentalhelse.no\/content\/uploads\/sites\/284\/2025\/07\/apning-1-768x576.jpg 768w, https:\/\/mentalhelse.no\/content\/uploads\/sites\/284\/2025\/07\/apning-1-1536x1152.jpg 1536w, https:\/\/mentalhelse.no\/content\/uploads\/sites\/284\/2025\/07\/apning-1-2048x1536.jpg 2048w\" sizes=\"auto, (max-width: 2560px) 100vw, 2560px\" style=\"--focal-point: 50% 50%;\" \/><\/figure>\n<\/a>\n\n<div class=\"wp-block-group postinfo alignfull is-layout-flow wp-block-group-is-layout-flow\">\n\t<div class=\"wp-block-mentalhelse-post-category\">\n\t\t\t\t\t<div class=\"post-type\">\n\t\t\t\t\t\t<a href=\"https:\/\/mentalhelse.no\/skien\/aktuelt\/\">Nyheter<\/a>\n\t\t\t\t\t<\/div>\n\t\t\t\t\t\n\t\t\t\t\t<div class=\"post-category\">\n\t\t\t\t\t\t\n\t\t\t\t\t<\/div>\n\t\t\t<\/div>\n\t<a class=\"t2-post-link wp-block-t2-post-link\" href=\"https:\/\/mentalhelse.no\/skien\/aktuelt\/vi-hadde-sommersamling-pa-lordagen-og-dagen-var-flott\/\">\n\t<h2 class=\"t2-post-title wp-block-t2-post-title\">Vi hadde sommersamling p\u00e5 l\u00f8rdagen og dagen var flott<\/h2>\n\t<\/a>\n<\/div>\n\n<\/div>\n\n<div class=\"t2-featured-query-post t2-featured-content is-post-type-news wp-block-t2-featured-query-post\"><a class=\"t2-post-link wp-block-t2-post-link\" href=\"https:\/\/mentalhelse.no\/skien\/aktuelt\/vel-overstatt-julebord\/\">\n\t<figure style=\"--t2-focal-point: 50% 50%;\" class=\"t2-post-featured-image has-image-ratio-16-9 wp-block-t2-post-featured-image\"><img loading=\"lazy\" decoding=\"async\" width=\"2048\" height=\"1536\" src=\"https:\/\/mentalhelse.no\/content\/uploads\/sites\/284\/2024\/12\/1000116181.jpg\" class=\"attachment-post-thumbnail size-post-thumbnail wp-post-image\" alt=\"\" srcset=\"https:\/\/mentalhelse.no\/content\/uploads\/sites\/284\/2024\/12\/1000116181.jpg 2048w, https:\/\/mentalhelse.no\/content\/uploads\/sites\/284\/2024\/12\/1000116181-300x225.jpg 300w, https:\/\/mentalhelse.no\/content\/uploads\/sites\/284\/2024\/12\/1000116181-1024x768.jpg 1024w, https:\/\/mentalhelse.no\/content\/uploads\/sites\/284\/2024\/12\/1000116181-768x576.jpg 768w, https:\/\/mentalhelse.no\/content\/uploads\/sites\/284\/2024\/12\/1000116181-1536x1152.jpg 1536w\" sizes=\"auto, (max-width: 2048px) 100vw, 2048px\" style=\"--focal-point: 50% 50%;\" \/><\/figure>\n<\/a>\n\n<div class=\"wp-block-group postinfo alignfull is-layout-flow wp-block-group-is-layout-flow\">\n\t<div class=\"wp-block-mentalhelse-post-category\">\n\t\t\t\t\t<div class=\"post-type\">\n\t\t\t\t\t\t<a href=\"https:\/\/mentalhelse.no\/skien\/aktuelt\/\">Nyheter<\/a>\n\t\t\t\t\t<\/div>\n\t\t\t\t\t\n\t\t\t\t\t<div class=\"post-category\">\n\t\t\t\t\t\t\n\t\t\t\t\t<\/div>\n\t\t\t<\/div>\n\t<a class=\"t2-post-link wp-block-t2-post-link\" href=\"https:\/\/mentalhelse.no\/skien\/aktuelt\/vel-overstatt-julebord\/\">\n\t<h2 class=\"t2-post-title wp-block-t2-post-title\">Vel overst\u00e5tt julebord<\/h2>\n\t<\/a>\n<\/div>\n\n<\/div>\n\n<div class=\"t2-featured-query-post t2-featured-content is-post-type-news wp-block-t2-featured-query-post\"><a class=\"t2-post-link wp-block-t2-post-link\" href=\"https:\/\/mentalhelse.no\/skien\/aktuelt\/vel-overstatt-arsmote\/\">\n\t<figure style=\"--t2-focal-point: 50% 50%;\" class=\"t2-post-featured-image has-image-ratio-16-9 wp-block-t2-post-featured-image\"><img loading=\"lazy\" decoding=\"async\" width=\"2279\" height=\"1282\" src=\"https:\/\/mentalhelse.no\/content\/uploads\/sites\/284\/2024\/02\/kake-arsmote-2024.jpg\" class=\"attachment-post-thumbnail size-post-thumbnail wp-post-image\" alt=\"\" srcset=\"https:\/\/mentalhelse.no\/content\/uploads\/sites\/284\/2024\/02\/kake-arsmote-2024.jpg 2279w, https:\/\/mentalhelse.no\/content\/uploads\/sites\/284\/2024\/02\/kake-arsmote-2024-300x169.jpg 300w, https:\/\/mentalhelse.no\/content\/uploads\/sites\/284\/2024\/02\/kake-arsmote-2024-1024x576.jpg 1024w, https:\/\/mentalhelse.no\/content\/uploads\/sites\/284\/2024\/02\/kake-arsmote-2024-768x432.jpg 768w, https:\/\/mentalhelse.no\/content\/uploads\/sites\/284\/2024\/02\/kake-arsmote-2024-1536x864.jpg 1536w, https:\/\/mentalhelse.no\/content\/uploads\/sites\/284\/2024\/02\/kake-arsmote-2024-2048x1152.jpg 2048w\" sizes=\"auto, (max-width: 2279px) 100vw, 2279px\" style=\"--focal-point: 50% 50%;\" \/><\/figure>\n<\/a>\n\n<div class=\"wp-block-group postinfo alignfull is-layout-flow wp-block-group-is-layout-flow\">\n\t<div class=\"wp-block-mentalhelse-post-category\">\n\t\t\t\t\t<div class=\"post-type\">\n\t\t\t\t\t\t<a href=\"https:\/\/mentalhelse.no\/skien\/aktuelt\/\">Nyheter<\/a>\n\t\t\t\t\t<\/div>\n\t\t\t\t\t\n\t\t\t\t\t<div class=\"post-category\">\n\t\t\t\t\t\t\n\t\t\t\t\t<\/div>\n\t\t\t<\/div>\n\t<a class=\"t2-post-link wp-block-t2-post-link\" href=\"https:\/\/mentalhelse.no\/skien\/aktuelt\/vel-overstatt-arsmote\/\">\n\t<h2 class=\"t2-post-title wp-block-t2-post-title\">Vel overst\u00e5tt \u00e5rsm\u00f8te<\/h2>\n\t<\/a>\n<\/div>\n\n<\/div>\n<\/div>\n\n\n<ul class=\"wp-block-list\">\n<li><\/li>\n<\/ul>\n","protected":false},"excerpt":{"rendered":"<p>Om oss Om oss Mental Helse Skien er et lokallag i Mental Helse. Lokallaget har overkant av 115 medlemmer med regelmessige medlemsaktiviteterVi f\u00f8lger med p\u00e5&#8230;<\/p>\n","protected":false},"author":1,"featured_media":0,"parent":0,"menu_order":0,"comment_status":"closed","ping_status":"closed","template":"","meta":{"t2_featured_media_focal_point":{"x":0.5,"y":0.5},"mh_hide_title":true,"e24d_chat_page_choice":"","footnotes":""},"class_list":["post-797","page","type-page","status-publish","hentry"],"yoast_head":"<!-- This site is optimized with the Yoast SEO Premium plugin v21.2 (Yoast SEO v21.2) - https:\/\/yoast.com\/wordpress\/plugins\/seo\/ -->\n<title>Om oss - Mental Helse - Skien<\/title>\n<meta name=\"description\" content=\"Her kan du lese om oss i Mental Helse Skien, og l\u00e6re mer om hva vi jobber med. Ta gjerne kontakt hvis du har noen sp\u00f8rsm\u00e5l!\" \/>\n<meta name=\"robots\" content=\"index, follow, max-snippet:-1, max-image-preview:large, max-video-preview:-1\" \/>\n<link rel=\"canonical\" href=\"https:\/\/mentalhelse.no\/skien\/om-oss\/\" \/>\n<meta property=\"og:locale\" content=\"nb_NO\" \/>\n<meta property=\"og:type\" content=\"article\" \/>\n<meta property=\"og:title\" content=\"Om oss\" \/>\n<meta property=\"og:description\" content=\"Her kan du lese om oss i Mental Helse Skien, og l\u00e6re mer om hva vi jobber med. Ta gjerne kontakt hvis du har noen sp\u00f8rsm\u00e5l!\" \/>\n<meta property=\"og:url\" content=\"https:\/\/mentalhelse.no\/skien\/om-oss\/\" \/>\n<meta property=\"og:site_name\" content=\"Skien\" \/>\n<meta property=\"article:modified_time\" content=\"2025-10-16T08:11:49+00:00\" \/>\n<meta property=\"og:image\" content=\"https:\/\/mentalhelse.no\/content\/uploads\/sites\/284\/2023\/09\/skien-1-1024x512.jpg\" \/>\n<meta name=\"twitter:card\" content=\"summary_large_image\" \/>\n<meta name=\"twitter:label1\" content=\"Ansl. lesetid\" \/>\n\t<meta name=\"twitter:data1\" content=\"2 minutter\" \/>\n<script type=\"application\/ld+json\" class=\"yoast-schema-graph\">{\"@context\":\"https:\/\/schema.org\",\"@graph\":[{\"@type\":\"WebPage\",\"@id\":\"https:\/\/mentalhelse.no\/skien\/om-oss\/\",\"url\":\"https:\/\/mentalhelse.no\/skien\/om-oss\/\",\"name\":\"Om oss - Skien\",\"isPartOf\":{\"@id\":\"https:\/\/mentalhelse.no\/skien\/#website\"},\"datePublished\":\"2023-05-10T11:14:16+00:00\",\"dateModified\":\"2025-10-16T08:11:49+00:00\",\"description\":\"Her kan du lese om oss i Mental Helse Skien, og l\u00e6re mer om hva vi jobber med. Ta gjerne kontakt hvis du har noen sp\u00f8rsm\u00e5l!\",\"breadcrumb\":{\"@id\":\"https:\/\/mentalhelse.no\/skien\/om-oss\/#breadcrumb\"},\"inLanguage\":\"nb-NO\",\"potentialAction\":[{\"@type\":\"ReadAction\",\"target\":[\"https:\/\/mentalhelse.no\/skien\/om-oss\/\"]}]},{\"@type\":\"BreadcrumbList\",\"@id\":\"https:\/\/mentalhelse.no\/skien\/om-oss\/#breadcrumb\",\"itemListElement\":[{\"@type\":\"ListItem\",\"position\":1,\"name\":\"Hjem\",\"item\":\"https:\/\/mentalhelse.no\/skien\/\"},{\"@type\":\"ListItem\",\"position\":2,\"name\":\"Om oss\"}]},{\"@type\":\"WebSite\",\"@id\":\"https:\/\/mentalhelse.no\/skien\/#website\",\"url\":\"https:\/\/mentalhelse.no\/skien\/\",\"name\":\"Skien\",\"description\":\"\",\"potentialAction\":[{\"@type\":\"SearchAction\",\"target\":{\"@type\":\"EntryPoint\",\"urlTemplate\":\"https:\/\/mentalhelse.no\/skien\/?s={search_term_string}\"},\"query-input\":\"required name=search_term_string\"}],\"inLanguage\":\"nb-NO\"}]}<\/script>\n<!-- \/ Yoast SEO Premium plugin. -->","yoast_head_json":{"title":"Om oss - Mental Helse - Skien","description":"Her kan du lese om oss i Mental Helse Skien, og l\u00e6re mer om hva vi jobber med. Ta gjerne kontakt hvis du har noen sp\u00f8rsm\u00e5l!","robots":{"index":"index","follow":"follow","max-snippet":"max-snippet:-1","max-image-preview":"max-image-preview:large","max-video-preview":"max-video-preview:-1"},"canonical":"https:\/\/mentalhelse.no\/skien\/om-oss\/","og_locale":"nb_NO","og_type":"article","og_title":"Om oss","og_description":"Her kan du lese om oss i Mental Helse Skien, og l\u00e6re mer om hva vi jobber med. Ta gjerne kontakt hvis du har noen sp\u00f8rsm\u00e5l!","og_url":"https:\/\/mentalhelse.no\/skien\/om-oss\/","og_site_name":"Skien","article_modified_time":"2025-10-16T08:11:49+00:00","og_image":[{"url":"https:\/\/mentalhelse.no\/content\/uploads\/sites\/284\/2023\/09\/skien-1-1024x512.jpg"}],"twitter_card":"summary_large_image","twitter_misc":{"Ansl. lesetid":"2 minutter"},"schema":{"@context":"https:\/\/schema.org","@graph":[{"@type":"WebPage","@id":"https:\/\/mentalhelse.no\/skien\/om-oss\/","url":"https:\/\/mentalhelse.no\/skien\/om-oss\/","name":"Om oss - Skien","isPartOf":{"@id":"https:\/\/mentalhelse.no\/skien\/#website"},"datePublished":"2023-05-10T11:14:16+00:00","dateModified":"2025-10-16T08:11:49+00:00","description":"Her kan du lese om oss i Mental Helse Skien, og l\u00e6re mer om hva vi jobber med. Ta gjerne kontakt hvis du har noen sp\u00f8rsm\u00e5l!","breadcrumb":{"@id":"https:\/\/mentalhelse.no\/skien\/om-oss\/#breadcrumb"},"inLanguage":"nb-NO","potentialAction":[{"@type":"ReadAction","target":["https:\/\/mentalhelse.no\/skien\/om-oss\/"]}]},{"@type":"BreadcrumbList","@id":"https:\/\/mentalhelse.no\/skien\/om-oss\/#breadcrumb","itemListElement":[{"@type":"ListItem","position":1,"name":"Hjem","item":"https:\/\/mentalhelse.no\/skien\/"},{"@type":"ListItem","position":2,"name":"Om oss"}]},{"@type":"WebSite","@id":"https:\/\/mentalhelse.no\/skien\/#website","url":"https:\/\/mentalhelse.no\/skien\/","name":"Skien","description":"","potentialAction":[{"@type":"SearchAction","target":{"@type":"EntryPoint","urlTemplate":"https:\/\/mentalhelse.no\/skien\/?s={search_term_string}"},"query-input":"required name=search_term_string"}],"inLanguage":"nb-NO"}]}},"_links":{"self":[{"href":"https:\/\/mentalhelse.no\/skien\/wp-json\/wp\/v2\/pages\/797","targetHints":{"allow":["GET"]}}],"collection":[{"href":"https:\/\/mentalhelse.no\/skien\/wp-json\/wp\/v2\/pages"}],"about":[{"href":"https:\/\/mentalhelse.no\/skien\/wp-json\/wp\/v2\/types\/page"}],"author":[{"embeddable":true,"href":"https:\/\/mentalhelse.no\/skien\/wp-json\/wp\/v2\/users\/1"}],"replies":[{"embeddable":true,"href":"https:\/\/mentalhelse.no\/skien\/wp-json\/wp\/v2\/comments?post=797"}],"version-history":[{"count":5,"href":"https:\/\/mentalhelse.no\/skien\/wp-json\/wp\/v2\/pages\/797\/revisions"}],"predecessor-version":[{"id":1669,"href":"https:\/\/mentalhelse.no\/skien\/wp-json\/wp\/v2\/pages\/797\/revisions\/1669"}],"wp:attachment":[{"href":"https:\/\/mentalhelse.no\/skien\/wp-json\/wp\/v2\/media?parent=797"}],"curies":[{"name":"wp","href":"https:\/\/api.w.org\/{rel}","templated":true}]}}