{"id":1781,"date":"2026-03-28T20:02:23","date_gmt":"2026-03-28T20:02:23","guid":{"rendered":"https:\/\/mentalhelse.no\/stranda\/?page_id=1781"},"modified":"2026-04-16T18:27:21","modified_gmt":"2026-04-16T18:27:21","slug":"arsmoter","status":"publish","type":"page","link":"https:\/\/mentalhelse.no\/stranda\/arsmoter\/","title":{"rendered":"\u00c5rsm\u00f8ter"},"content":{"rendered":"\n<h2 class=\"wp-block-heading\" id=\"h-arsmoter\">\u00c5rsm\u00f8ter<\/h2>\n\n\n\n<ul class=\"wp-block-list\">\n<li><a href=\"https:\/\/mentalhelse.no\/content\/uploads\/sites\/226\/2026\/04\/Arsmoteprotokoll-2026-Mental-Helse-Stranda-med-dokumenter-og-utan-sign-ferdig.pdf\" target=\"_blank\" rel=\"noreferrer noopener\">\u00c5rsm\u00f8te 2026<\/a><\/li>\n\n\n\n<li><a href=\"https:\/\/mentalhelse.no\/content\/uploads\/sites\/226\/2025\/05\/2025-Arsmote-Protokoll-med-Mental-Helse-Stranda-19.03.2025-Utan-signaturer.pdf\" target=\"_blank\" rel=\"noreferrer noopener\">\u00c5rsm\u00f8te 2025<\/a><\/li>\n\n\n\n<li><a href=\"https:\/\/mentalhelse.no\/content\/uploads\/sites\/226\/2025\/03\/AM-dokument-Mental-Helse-Stranda-2025-1.pdf\" target=\"_blank\" rel=\"noreferrer noopener\">\u00c5rsm\u00f8te 2024<\/a><\/li>\n\n\n\n<li><\/li>\n<\/ul>\n","protected":false},"excerpt":{"rendered":"<p>\u00c5rsm\u00f8ter<\/p>\n","protected":false},"author":166,"featured_media":0,"parent":0,"menu_order":0,"comment_status":"closed","ping_status":"closed","template":"","meta":{"t2_featured_media_focal_point":{"x":0.5,"y":0.5},"mh_hide_title":true,"e24d_chat_page_choice":"","footnotes":""},"class_list":["post-1781","page","type-page","status-publish","hentry"],"yoast_head":"<!-- This site is optimized with the Yoast SEO Premium plugin v21.2 (Yoast SEO v21.2) - https:\/\/yoast.com\/wordpress\/plugins\/seo\/ -->\n<title>\u00c5rsm\u00f8ter - Mental Helse - Stranda<\/title>\n<meta name=\"robots\" content=\"index, follow, max-snippet:-1, max-image-preview:large, max-video-preview:-1\" \/>\n<link rel=\"canonical\" href=\"https:\/\/mentalhelse.no\/stranda\/arsmoter\/\" \/>\n<meta property=\"og:locale\" content=\"nb_NO\" \/>\n<meta property=\"og:type\" content=\"article\" \/>\n<meta property=\"og:title\" content=\"\u00c5rsm\u00f8ter\" \/>\n<meta property=\"og:description\" content=\"\u00c5rsm\u00f8ter\" \/>\n<meta property=\"og:url\" content=\"https:\/\/mentalhelse.no\/stranda\/arsmoter\/\" \/>\n<meta property=\"og:site_name\" content=\"Stranda\" \/>\n<meta property=\"article:modified_time\" content=\"2026-04-16T18:27:21+00:00\" \/>\n<meta name=\"twitter:card\" content=\"summary_large_image\" \/>\n<meta name=\"twitter:label1\" content=\"Ansl. lesetid\" \/>\n\t<meta name=\"twitter:data1\" content=\"1 minutt\" \/>\n<script type=\"application\/ld+json\" class=\"yoast-schema-graph\">{\"@context\":\"https:\/\/schema.org\",\"@graph\":[{\"@type\":\"WebPage\",\"@id\":\"https:\/\/mentalhelse.no\/stranda\/arsmoter\/\",\"url\":\"https:\/\/mentalhelse.no\/stranda\/arsmoter\/\",\"name\":\"\u00c5rsm\u00f8ter - Stranda\",\"isPartOf\":{\"@id\":\"https:\/\/mentalhelse.no\/stranda\/#website\"},\"datePublished\":\"2026-03-28T20:02:23+00:00\",\"dateModified\":\"2026-04-16T18:27:21+00:00\",\"breadcrumb\":{\"@id\":\"https:\/\/mentalhelse.no\/stranda\/arsmoter\/#breadcrumb\"},\"inLanguage\":\"nb-NO\",\"potentialAction\":[{\"@type\":\"ReadAction\",\"target\":[\"https:\/\/mentalhelse.no\/stranda\/arsmoter\/\"]}]},{\"@type\":\"BreadcrumbList\",\"@id\":\"https:\/\/mentalhelse.no\/stranda\/arsmoter\/#breadcrumb\",\"itemListElement\":[{\"@type\":\"ListItem\",\"position\":1,\"name\":\"Hjem\",\"item\":\"https:\/\/mentalhelse.no\/stranda\/\"},{\"@type\":\"ListItem\",\"position\":2,\"name\":\"\u00c5rsm\u00f8ter\"}]},{\"@type\":\"WebSite\",\"@id\":\"https:\/\/mentalhelse.no\/stranda\/#website\",\"url\":\"https:\/\/mentalhelse.no\/stranda\/\",\"name\":\"Stranda\",\"description\":\"\",\"potentialAction\":[{\"@type\":\"SearchAction\",\"target\":{\"@type\":\"EntryPoint\",\"urlTemplate\":\"https:\/\/mentalhelse.no\/stranda\/?s={search_term_string}\"},\"query-input\":\"required name=search_term_string\"}],\"inLanguage\":\"nb-NO\"}]}<\/script>\n<!-- \/ Yoast SEO Premium plugin. -->","yoast_head_json":{"title":"\u00c5rsm\u00f8ter - Mental Helse - Stranda","robots":{"index":"index","follow":"follow","max-snippet":"max-snippet:-1","max-image-preview":"max-image-preview:large","max-video-preview":"max-video-preview:-1"},"canonical":"https:\/\/mentalhelse.no\/stranda\/arsmoter\/","og_locale":"nb_NO","og_type":"article","og_title":"\u00c5rsm\u00f8ter","og_description":"\u00c5rsm\u00f8ter","og_url":"https:\/\/mentalhelse.no\/stranda\/arsmoter\/","og_site_name":"Stranda","article_modified_time":"2026-04-16T18:27:21+00:00","twitter_card":"summary_large_image","twitter_misc":{"Ansl. lesetid":"1 minutt"},"schema":{"@context":"https:\/\/schema.org","@graph":[{"@type":"WebPage","@id":"https:\/\/mentalhelse.no\/stranda\/arsmoter\/","url":"https:\/\/mentalhelse.no\/stranda\/arsmoter\/","name":"\u00c5rsm\u00f8ter - Stranda","isPartOf":{"@id":"https:\/\/mentalhelse.no\/stranda\/#website"},"datePublished":"2026-03-28T20:02:23+00:00","dateModified":"2026-04-16T18:27:21+00:00","breadcrumb":{"@id":"https:\/\/mentalhelse.no\/stranda\/arsmoter\/#breadcrumb"},"inLanguage":"nb-NO","potentialAction":[{"@type":"ReadAction","target":["https:\/\/mentalhelse.no\/stranda\/arsmoter\/"]}]},{"@type":"BreadcrumbList","@id":"https:\/\/mentalhelse.no\/stranda\/arsmoter\/#breadcrumb","itemListElement":[{"@type":"ListItem","position":1,"name":"Hjem","item":"https:\/\/mentalhelse.no\/stranda\/"},{"@type":"ListItem","position":2,"name":"\u00c5rsm\u00f8ter"}]},{"@type":"WebSite","@id":"https:\/\/mentalhelse.no\/stranda\/#website","url":"https:\/\/mentalhelse.no\/stranda\/","name":"Stranda","description":"","potentialAction":[{"@type":"SearchAction","target":{"@type":"EntryPoint","urlTemplate":"https:\/\/mentalhelse.no\/stranda\/?s={search_term_string}"},"query-input":"required name=search_term_string"}],"inLanguage":"nb-NO"}]}},"_links":{"self":[{"href":"https:\/\/mentalhelse.no\/stranda\/wp-json\/wp\/v2\/pages\/1781","targetHints":{"allow":["GET"]}}],"collection":[{"href":"https:\/\/mentalhelse.no\/stranda\/wp-json\/wp\/v2\/pages"}],"about":[{"href":"https:\/\/mentalhelse.no\/stranda\/wp-json\/wp\/v2\/types\/page"}],"author":[{"embeddable":true,"href":"https:\/\/mentalhelse.no\/stranda\/wp-json\/wp\/v2\/users\/166"}],"replies":[{"embeddable":true,"href":"https:\/\/mentalhelse.no\/stranda\/wp-json\/wp\/v2\/comments?post=1781"}],"version-history":[{"count":3,"href":"https:\/\/mentalhelse.no\/stranda\/wp-json\/wp\/v2\/pages\/1781\/revisions"}],"predecessor-version":[{"id":1792,"href":"https:\/\/mentalhelse.no\/stranda\/wp-json\/wp\/v2\/pages\/1781\/revisions\/1792"}],"wp:attachment":[{"href":"https:\/\/mentalhelse.no\/stranda\/wp-json\/wp\/v2\/media?parent=1781"}],"curies":[{"name":"wp","href":"https:\/\/api.w.org\/{rel}","templated":true}]}}