{"id":797,"date":"2023-05-10T11:14:16","date_gmt":"2023-05-10T11:14:16","guid":{"rendered":"https:\/\/mentalhelse.no\/viken\/?page_id=797"},"modified":"2025-08-25T13:11:09","modified_gmt":"2025-08-25T13:11:09","slug":"om-oss","status":"publish","type":"page","link":"https:\/\/mentalhelse.no\/troms-og-finnmark\/om-oss\/","title":{"rendered":"Om oss"},"content":{"rendered":"\n<figure class=\"wp-block-image size-large\"><img loading=\"lazy\" decoding=\"async\" width=\"1024\" height=\"577\" src=\"https:\/\/mentalhelse.no\/content\/uploads\/sites\/194\/2023\/06\/LebesbyFriarfjorden-1024x577.jpg\" alt=\"\" class=\"wp-image-983\" srcset=\"https:\/\/mentalhelse.no\/content\/uploads\/sites\/194\/2023\/06\/LebesbyFriarfjorden-1024x577.jpg 1024w, https:\/\/mentalhelse.no\/content\/uploads\/sites\/194\/2023\/06\/LebesbyFriarfjorden-300x169.jpg 300w, https:\/\/mentalhelse.no\/content\/uploads\/sites\/194\/2023\/06\/LebesbyFriarfjorden-768x433.jpg 768w, https:\/\/mentalhelse.no\/content\/uploads\/sites\/194\/2023\/06\/LebesbyFriarfjorden-1536x865.jpg 1536w, https:\/\/mentalhelse.no\/content\/uploads\/sites\/194\/2023\/06\/LebesbyFriarfjorden.jpg 2015w\" sizes=\"auto, (max-width: 1024px) 100vw, 1024px\" \/><figcaption class=\"wp-element-caption\">Friarfjorden, Lebesby kommune i Finnmark. Foto: Aina Kaupang<\/figcaption><\/figure>\n\n\n\n<h1 class=\"wp-block-heading\" id=\"h-om-oss\">Om oss<\/h1>\n\n\n\n<p>Mental Helse Troms og Finnmark dekker fylkene Troms og Finnmark.<\/p>\n\n\n\n<p>Som fylkeslag er det v\u00e5rt arbeid \u00e5 ha et overordnet og samlende fokus. Du kan f\u00f8lge oss p\u00e5 <a href=\"https:\/\/www.facebook.com\/profile.php?id=100064936710846\">Facebook<\/a>.  <\/p>\n\n\n\n<p>Vi har i om lag 800 medlemmer som drifter lokallag i flere kommuner. Vi jobber hele tiden med \u00e5 etablere flere lokallag, slik at flest mulig har aktivitet og en m\u00f8teplass i sitt n\u00e6rmilj\u00f8. \u00d8nsker du \u00e5 starte et lokallag ta gjerne kontakt med oss eller v\u00e5r organisasjonsr\u00e5dgiver.   <\/p>\n\n\n\n<h2 class=\"wp-block-heading\" id=\"h-dette-er-styret\">Dette er styret<\/h2>\n\n\n\n<p>Valgt p\u00e5 \u00e5rsm\u00f8tet 2025:<\/p>\n\n\n\n<p>Fylkesleder: Merethe Saga L\u00f8nnum, Troms\u00f8<\/p>\n\n\n\n<p>Nestleder: Bente Gr\u00f8tte, Gamvik<\/p>\n\n\n\n<p>Kasserer: Christina Wangsbro, Troms\u00f8<\/p>\n\n\n\n<p>Styremedlem: Torhild Akcermann, Kirkenes<\/p>\n\n\n\n<p>Styremedlem: Svein Svendsen, Lebesby<\/p>\n\n\n\n<p>Vara: Ilja Pugatsov, Kirkenes<\/p>\n\n\n\n<p>Vara: Herleif Kristoffersen, Salangen<\/p>\n\n\n\n<figure class=\"wp-block-image size-large\"><img loading=\"lazy\" decoding=\"async\" width=\"1024\" height=\"768\" src=\"https:\/\/mentalhelse.no\/content\/uploads\/sites\/194\/2023\/06\/Art-Street-Tromso-1024x768.jpg\" alt=\"\" class=\"wp-image-989\" srcset=\"https:\/\/mentalhelse.no\/content\/uploads\/sites\/194\/2023\/06\/Art-Street-Tromso-1024x768.jpg 1024w, https:\/\/mentalhelse.no\/content\/uploads\/sites\/194\/2023\/06\/Art-Street-Tromso-300x225.jpg 300w, https:\/\/mentalhelse.no\/content\/uploads\/sites\/194\/2023\/06\/Art-Street-Tromso-768x576.jpg 768w, https:\/\/mentalhelse.no\/content\/uploads\/sites\/194\/2023\/06\/Art-Street-Tromso-1536x1152.jpg 1536w, https:\/\/mentalhelse.no\/content\/uploads\/sites\/194\/2023\/06\/Art-Street-Tromso.jpg 2016w\" sizes=\"auto, (max-width: 1024px) 100vw, 1024px\" \/><figcaption class=\"wp-element-caption\">Gatekunst i Troms\u00f8. Foto: Aina Kaupang<\/figcaption><\/figure>\n\n\n\n<div class=\"wp-block-group alignfull is-layout-constrained wp-block-group-is-layout-constrained\">\n<h3 class=\"wp-block-heading alignwide has-text-align-center\" id=\"h-siste-nytt-fra-troms-og-finnmark-romssa-ja-finnmarkku\">Siste nytt fra Troms og Finnmark \/ Romssa ja Finnm\u00e1rkku <\/h3>\n<\/div>\n\n\n<div class=\"t2-featured-content-layout alignwide alignwide wp-block-t2-featured-content-layout\">\n<div class=\"t2-featured-query-post t2-featured-content is-post-type-news wp-block-t2-featured-query-post\"><a class=\"t2-post-link wp-block-t2-post-link\" href=\"https:\/\/mentalhelse.no\/troms-og-finnmark\/aktuelt\/nyhetsbrev-1-2026-mental-helse-troms-og-finnmark\/\">\n\t<figure style=\"--t2-focal-point: 50% 50%;\" class=\"t2-post-featured-image has-image-ratio-16-9 wp-block-t2-post-featured-image\"><img loading=\"lazy\" decoding=\"async\" width=\"1632\" height=\"1224\" src=\"https:\/\/mentalhelse.no\/content\/uploads\/sites\/194\/2023\/06\/Sommaroya.jpg\" class=\"attachment-post-thumbnail size-post-thumbnail wp-post-image\" alt=\"\" srcset=\"https:\/\/mentalhelse.no\/content\/uploads\/sites\/194\/2023\/06\/Sommaroya.jpg 1632w, https:\/\/mentalhelse.no\/content\/uploads\/sites\/194\/2023\/06\/Sommaroya-300x225.jpg 300w, https:\/\/mentalhelse.no\/content\/uploads\/sites\/194\/2023\/06\/Sommaroya-1024x768.jpg 1024w, https:\/\/mentalhelse.no\/content\/uploads\/sites\/194\/2023\/06\/Sommaroya-768x576.jpg 768w, https:\/\/mentalhelse.no\/content\/uploads\/sites\/194\/2023\/06\/Sommaroya-1536x1152.jpg 1536w\" sizes=\"auto, (max-width: 1632px) 100vw, 1632px\" style=\"--focal-point: 50% 50%;\" \/><\/figure>\n<\/a>\n\n<div class=\"wp-block-group postinfo alignfull is-layout-flow wp-block-group-is-layout-flow\">\n\t<div class=\"wp-block-mentalhelse-post-category\">\n\t\t\t\t\t<div class=\"post-type\">\n\t\t\t\t\t\t<a href=\"https:\/\/mentalhelse.no\/troms-og-finnmark\/aktuelt\/\">Nyheter<\/a>\n\t\t\t\t\t<\/div>\n\t\t\t\t\t\n\t\t\t\t\t<div class=\"post-category\">\n\t\t\t\t\t\t\n\t\t\t\t\t<\/div>\n\t\t\t<\/div>\n\t<a class=\"t2-post-link wp-block-t2-post-link\" href=\"https:\/\/mentalhelse.no\/troms-og-finnmark\/aktuelt\/nyhetsbrev-1-2026-mental-helse-troms-og-finnmark\/\">\n\t<h2 class=\"t2-post-title wp-block-t2-post-title\">Nyhetsbrev 1 \u2013 2026 Mental Helse Troms og Finnmark<\/h2>\n\t<\/a>\n<\/div>\n\n<\/div>\n\n<div class=\"t2-featured-query-post t2-featured-content is-post-type-news wp-block-t2-featured-query-post\"><a class=\"t2-post-link wp-block-t2-post-link\" href=\"https:\/\/mentalhelse.no\/troms-og-finnmark\/aktuelt\/nyhetsbrev-1-2025mental-helse-troms-og-finnmark\/\">\n\t<figure style=\"--t2-focal-point: 50% 50%;\" class=\"t2-post-featured-image has-image-ratio-16-9 wp-block-t2-post-featured-image\"><img loading=\"lazy\" decoding=\"async\" width=\"2560\" height=\"1075\" src=\"https:\/\/mentalhelse.no\/content\/uploads\/sites\/194\/2024\/04\/Tromso-scaled.jpg\" class=\"attachment-post-thumbnail size-post-thumbnail wp-post-image\" alt=\"\" srcset=\"https:\/\/mentalhelse.no\/content\/uploads\/sites\/194\/2024\/04\/Tromso-scaled.jpg 2560w, https:\/\/mentalhelse.no\/content\/uploads\/sites\/194\/2024\/04\/Tromso-300x126.jpg 300w, https:\/\/mentalhelse.no\/content\/uploads\/sites\/194\/2024\/04\/Tromso-1024x430.jpg 1024w, https:\/\/mentalhelse.no\/content\/uploads\/sites\/194\/2024\/04\/Tromso-768x322.jpg 768w, https:\/\/mentalhelse.no\/content\/uploads\/sites\/194\/2024\/04\/Tromso-1536x645.jpg 1536w, https:\/\/mentalhelse.no\/content\/uploads\/sites\/194\/2024\/04\/Tromso-2048x860.jpg 2048w\" sizes=\"auto, (max-width: 2560px) 100vw, 2560px\" style=\"--focal-point: 50% 50%;\" \/><\/figure>\n<\/a>\n\n<div class=\"wp-block-group postinfo alignfull is-layout-flow wp-block-group-is-layout-flow\">\n\t<div class=\"wp-block-mentalhelse-post-category\">\n\t\t\t\t\t<div class=\"post-type\">\n\t\t\t\t\t\t<a href=\"https:\/\/mentalhelse.no\/troms-og-finnmark\/aktuelt\/\">Nyheter<\/a>\n\t\t\t\t\t<\/div>\n\t\t\t\t\t\n\t\t\t\t\t<div class=\"post-category\">\n\t\t\t\t\t\t\n\t\t\t\t\t<\/div>\n\t\t\t<\/div>\n\t<a class=\"t2-post-link wp-block-t2-post-link\" href=\"https:\/\/mentalhelse.no\/troms-og-finnmark\/aktuelt\/nyhetsbrev-1-2025mental-helse-troms-og-finnmark\/\">\n\t<h2 class=\"t2-post-title wp-block-t2-post-title\">Nyhetsbrev 1 &#8211; 2025\nMental Helse Troms og Finnmark<\/h2>\n\t<\/a>\n<\/div>\n\n<\/div>\n\n<div class=\"t2-featured-query-post t2-featured-content is-post-type-news wp-block-t2-featured-query-post\"><a class=\"t2-post-link wp-block-t2-post-link\" href=\"https:\/\/mentalhelse.no\/troms-og-finnmark\/aktuelt\/jule-og-nyttarshilsen-fra-leder\/\">\n\t<figure style=\"--t2-focal-point: 50% 50%;\" class=\"t2-post-featured-image has-image-ratio-16-9 wp-block-t2-post-featured-image\"><img loading=\"lazy\" decoding=\"async\" width=\"2560\" height=\"1600\" src=\"https:\/\/mentalhelse.no\/content\/uploads\/sites\/194\/2025\/01\/boliviainteligente-RMnQnLsoR1Y-unsplash-scaled.jpg\" class=\"attachment-post-thumbnail size-post-thumbnail wp-post-image\" alt=\"\" srcset=\"https:\/\/mentalhelse.no\/content\/uploads\/sites\/194\/2025\/01\/boliviainteligente-RMnQnLsoR1Y-unsplash-scaled.jpg 2560w, https:\/\/mentalhelse.no\/content\/uploads\/sites\/194\/2025\/01\/boliviainteligente-RMnQnLsoR1Y-unsplash-300x188.jpg 300w, https:\/\/mentalhelse.no\/content\/uploads\/sites\/194\/2025\/01\/boliviainteligente-RMnQnLsoR1Y-unsplash-1024x640.jpg 1024w, https:\/\/mentalhelse.no\/content\/uploads\/sites\/194\/2025\/01\/boliviainteligente-RMnQnLsoR1Y-unsplash-768x480.jpg 768w, https:\/\/mentalhelse.no\/content\/uploads\/sites\/194\/2025\/01\/boliviainteligente-RMnQnLsoR1Y-unsplash-1536x960.jpg 1536w, https:\/\/mentalhelse.no\/content\/uploads\/sites\/194\/2025\/01\/boliviainteligente-RMnQnLsoR1Y-unsplash-2048x1280.jpg 2048w\" sizes=\"auto, (max-width: 2560px) 100vw, 2560px\" style=\"--focal-point: 50% 50%;\" \/><\/figure>\n<\/a>\n\n<div class=\"wp-block-group postinfo alignfull is-layout-flow wp-block-group-is-layout-flow\">\n\t<div class=\"wp-block-mentalhelse-post-category\">\n\t\t\t\t\t<div class=\"post-type\">\n\t\t\t\t\t\t<a href=\"https:\/\/mentalhelse.no\/troms-og-finnmark\/aktuelt\/\">Nyheter<\/a>\n\t\t\t\t\t<\/div>\n\t\t\t\t\t\n\t\t\t\t\t<div class=\"post-category\">\n\t\t\t\t\t\t\n\t\t\t\t\t<\/div>\n\t\t\t<\/div>\n\t<a class=\"t2-post-link wp-block-t2-post-link\" href=\"https:\/\/mentalhelse.no\/troms-og-finnmark\/aktuelt\/jule-og-nyttarshilsen-fra-leder\/\">\n\t<h2 class=\"t2-post-title wp-block-t2-post-title\">Jule og nytt\u00e5rshilsen fra leder<\/h2>\n\t<\/a>\n<\/div>\n\n<\/div>\n<\/div>","protected":false},"excerpt":{"rendered":"<p>Om oss Mental Helse Troms og Finnmark dekker fylkene Troms og Finnmark. Som fylkeslag er det v\u00e5rt arbeid \u00e5 ha et overordnet og samlende fokus&#8230;.<\/p>\n","protected":false},"author":1,"featured_media":0,"parent":0,"menu_order":0,"comment_status":"closed","ping_status":"closed","template":"","meta":{"t2_featured_media_focal_point":{"x":0.5,"y":0.5},"mh_hide_title":true,"e24d_chat_page_choice":"","footnotes":""},"class_list":["post-797","page","type-page","status-publish","hentry"],"yoast_head":"<!-- This site is optimized with the Yoast SEO Premium plugin v21.2 (Yoast SEO v21.2) - https:\/\/yoast.com\/wordpress\/plugins\/seo\/ -->\n<title>Om oss - Mental Helse - Troms og Finnmark<\/title>\n<meta name=\"description\" content=\"Her kan du lese om oss i Mental Helse Troms og Finmark, og l\u00e6re mer om hva vi jobber med. Ta gjerne kontakt hvis du har noen sp\u00f8rsm\u00e5l!\" \/>\n<meta name=\"robots\" content=\"index, follow, max-snippet:-1, max-image-preview:large, max-video-preview:-1\" \/>\n<link rel=\"canonical\" href=\"https:\/\/mentalhelse.no\/troms-og-finnmark\/om-oss\/\" \/>\n<meta property=\"og:locale\" content=\"nb_NO\" \/>\n<meta property=\"og:type\" content=\"article\" \/>\n<meta property=\"og:title\" content=\"Om oss\" \/>\n<meta property=\"og:description\" content=\"Her kan du lese om oss i Mental Helse Troms og Finmark, og l\u00e6re mer om hva vi jobber med. Ta gjerne kontakt hvis du har noen sp\u00f8rsm\u00e5l!\" \/>\n<meta property=\"og:url\" content=\"https:\/\/mentalhelse.no\/troms-og-finnmark\/om-oss\/\" \/>\n<meta property=\"og:site_name\" content=\"Troms og Finnmark\" \/>\n<meta property=\"article:modified_time\" content=\"2025-08-25T13:11:09+00:00\" \/>\n<meta property=\"og:image\" content=\"https:\/\/mentalhelse.no\/content\/uploads\/sites\/194\/2023\/06\/LebesbyFriarfjorden-1024x577.jpg\" \/>\n<meta name=\"twitter:card\" content=\"summary_large_image\" \/>\n<meta name=\"twitter:label1\" content=\"Ansl. lesetid\" \/>\n\t<meta name=\"twitter:data1\" content=\"2 minutter\" \/>\n<script type=\"application\/ld+json\" class=\"yoast-schema-graph\">{\"@context\":\"https:\/\/schema.org\",\"@graph\":[{\"@type\":\"WebPage\",\"@id\":\"https:\/\/mentalhelse.no\/troms-og-finnmark\/om-oss\/\",\"url\":\"https:\/\/mentalhelse.no\/troms-og-finnmark\/om-oss\/\",\"name\":\"Om oss - Troms og Finnmark\",\"isPartOf\":{\"@id\":\"https:\/\/mentalhelse.no\/troms-og-finnmark\/#website\"},\"datePublished\":\"2023-05-10T11:14:16+00:00\",\"dateModified\":\"2025-08-25T13:11:09+00:00\",\"description\":\"Her kan du lese om oss i Mental Helse Troms og Finmark, og l\u00e6re mer om hva vi jobber med. Ta gjerne kontakt hvis du har noen sp\u00f8rsm\u00e5l!\",\"breadcrumb\":{\"@id\":\"https:\/\/mentalhelse.no\/troms-og-finnmark\/om-oss\/#breadcrumb\"},\"inLanguage\":\"nb-NO\",\"potentialAction\":[{\"@type\":\"ReadAction\",\"target\":[\"https:\/\/mentalhelse.no\/troms-og-finnmark\/om-oss\/\"]}]},{\"@type\":\"BreadcrumbList\",\"@id\":\"https:\/\/mentalhelse.no\/troms-og-finnmark\/om-oss\/#breadcrumb\",\"itemListElement\":[{\"@type\":\"ListItem\",\"position\":1,\"name\":\"Hjem\",\"item\":\"https:\/\/mentalhelse.no\/troms-og-finnmark\/\"},{\"@type\":\"ListItem\",\"position\":2,\"name\":\"Om oss\"}]},{\"@type\":\"WebSite\",\"@id\":\"https:\/\/mentalhelse.no\/troms-og-finnmark\/#website\",\"url\":\"https:\/\/mentalhelse.no\/troms-og-finnmark\/\",\"name\":\"Troms og Finnmark\",\"description\":\"\",\"potentialAction\":[{\"@type\":\"SearchAction\",\"target\":{\"@type\":\"EntryPoint\",\"urlTemplate\":\"https:\/\/mentalhelse.no\/troms-og-finnmark\/?s={search_term_string}\"},\"query-input\":\"required name=search_term_string\"}],\"inLanguage\":\"nb-NO\"}]}<\/script>\n<!-- \/ Yoast SEO Premium plugin. -->","yoast_head_json":{"title":"Om oss - Mental Helse - Troms og Finnmark","description":"Her kan du lese om oss i Mental Helse Troms og Finmark, og l\u00e6re mer om hva vi jobber med. Ta gjerne kontakt hvis du har noen sp\u00f8rsm\u00e5l!","robots":{"index":"index","follow":"follow","max-snippet":"max-snippet:-1","max-image-preview":"max-image-preview:large","max-video-preview":"max-video-preview:-1"},"canonical":"https:\/\/mentalhelse.no\/troms-og-finnmark\/om-oss\/","og_locale":"nb_NO","og_type":"article","og_title":"Om oss","og_description":"Her kan du lese om oss i Mental Helse Troms og Finmark, og l\u00e6re mer om hva vi jobber med. Ta gjerne kontakt hvis du har noen sp\u00f8rsm\u00e5l!","og_url":"https:\/\/mentalhelse.no\/troms-og-finnmark\/om-oss\/","og_site_name":"Troms og Finnmark","article_modified_time":"2025-08-25T13:11:09+00:00","og_image":[{"url":"https:\/\/mentalhelse.no\/content\/uploads\/sites\/194\/2023\/06\/LebesbyFriarfjorden-1024x577.jpg"}],"twitter_card":"summary_large_image","twitter_misc":{"Ansl. lesetid":"2 minutter"},"schema":{"@context":"https:\/\/schema.org","@graph":[{"@type":"WebPage","@id":"https:\/\/mentalhelse.no\/troms-og-finnmark\/om-oss\/","url":"https:\/\/mentalhelse.no\/troms-og-finnmark\/om-oss\/","name":"Om oss - Troms og Finnmark","isPartOf":{"@id":"https:\/\/mentalhelse.no\/troms-og-finnmark\/#website"},"datePublished":"2023-05-10T11:14:16+00:00","dateModified":"2025-08-25T13:11:09+00:00","description":"Her kan du lese om oss i Mental Helse Troms og Finmark, og l\u00e6re mer om hva vi jobber med. Ta gjerne kontakt hvis du har noen sp\u00f8rsm\u00e5l!","breadcrumb":{"@id":"https:\/\/mentalhelse.no\/troms-og-finnmark\/om-oss\/#breadcrumb"},"inLanguage":"nb-NO","potentialAction":[{"@type":"ReadAction","target":["https:\/\/mentalhelse.no\/troms-og-finnmark\/om-oss\/"]}]},{"@type":"BreadcrumbList","@id":"https:\/\/mentalhelse.no\/troms-og-finnmark\/om-oss\/#breadcrumb","itemListElement":[{"@type":"ListItem","position":1,"name":"Hjem","item":"https:\/\/mentalhelse.no\/troms-og-finnmark\/"},{"@type":"ListItem","position":2,"name":"Om oss"}]},{"@type":"WebSite","@id":"https:\/\/mentalhelse.no\/troms-og-finnmark\/#website","url":"https:\/\/mentalhelse.no\/troms-og-finnmark\/","name":"Troms og Finnmark","description":"","potentialAction":[{"@type":"SearchAction","target":{"@type":"EntryPoint","urlTemplate":"https:\/\/mentalhelse.no\/troms-og-finnmark\/?s={search_term_string}"},"query-input":"required name=search_term_string"}],"inLanguage":"nb-NO"}]}},"_links":{"self":[{"href":"https:\/\/mentalhelse.no\/troms-og-finnmark\/wp-json\/wp\/v2\/pages\/797","targetHints":{"allow":["GET"]}}],"collection":[{"href":"https:\/\/mentalhelse.no\/troms-og-finnmark\/wp-json\/wp\/v2\/pages"}],"about":[{"href":"https:\/\/mentalhelse.no\/troms-og-finnmark\/wp-json\/wp\/v2\/types\/page"}],"author":[{"embeddable":true,"href":"https:\/\/mentalhelse.no\/troms-og-finnmark\/wp-json\/wp\/v2\/users\/1"}],"replies":[{"embeddable":true,"href":"https:\/\/mentalhelse.no\/troms-og-finnmark\/wp-json\/wp\/v2\/comments?post=797"}],"version-history":[{"count":4,"href":"https:\/\/mentalhelse.no\/troms-og-finnmark\/wp-json\/wp\/v2\/pages\/797\/revisions"}],"predecessor-version":[{"id":1146,"href":"https:\/\/mentalhelse.no\/troms-og-finnmark\/wp-json\/wp\/v2\/pages\/797\/revisions\/1146"}],"wp:attachment":[{"href":"https:\/\/mentalhelse.no\/troms-og-finnmark\/wp-json\/wp\/v2\/media?parent=797"}],"curies":[{"name":"wp","href":"https:\/\/api.w.org\/{rel}","templated":true}]}}