{"id":797,"date":"2023-05-10T11:14:16","date_gmt":"2023-05-10T11:14:16","guid":{"rendered":"https:\/\/mentalhelse.no\/viken\/?page_id=797"},"modified":"2026-05-01T10:17:01","modified_gmt":"2026-05-01T10:17:01","slug":"om-oss","status":"publish","type":"page","link":"https:\/\/mentalhelse.no\/verdal\/om-oss\/","title":{"rendered":"Om oss"},"content":{"rendered":"\n<h1 class=\"wp-block-heading\" id=\"h-om-oss\">Om oss<\/h1>\n\n\n\n<p>Mental Helse Verdal er et lag med mye aktivitet. Vi har fast treff annenhver uke, vi arrangerer turer og temam\u00f8ter, vi deltar p\u00e5 kurs og konferanser og vi markerer verdensdagen for psykisk helse. Vi er opptatt av at alle skal f\u00f8lge seg velkommen og av et trygt og varmt milj\u00f8.<\/p>\n\n\n\n<p>Har du lyst til \u00e5 bli frivillig eller medlem hos oss? Da er du er hjertelig velkommen til \u00e5 ta kontakt! <\/p>\n\n\n\n<figure class=\"wp-block-image size-large\"><img loading=\"lazy\" decoding=\"async\" width=\"1024\" height=\"683\" src=\"https:\/\/mentalhelse.no\/content\/uploads\/sites\/316\/2026\/05\/Messenger_creation_CFD13726-5995-481C-A8AB-02F0DFC44887-1024x683.jpeg\" alt=\"\" class=\"wp-image-1494\" srcset=\"https:\/\/mentalhelse.no\/content\/uploads\/sites\/316\/2026\/05\/Messenger_creation_CFD13726-5995-481C-A8AB-02F0DFC44887-1024x683.jpeg 1024w, https:\/\/mentalhelse.no\/content\/uploads\/sites\/316\/2026\/05\/Messenger_creation_CFD13726-5995-481C-A8AB-02F0DFC44887-300x200.jpeg 300w, https:\/\/mentalhelse.no\/content\/uploads\/sites\/316\/2026\/05\/Messenger_creation_CFD13726-5995-481C-A8AB-02F0DFC44887-768x512.jpeg 768w, https:\/\/mentalhelse.no\/content\/uploads\/sites\/316\/2026\/05\/Messenger_creation_CFD13726-5995-481C-A8AB-02F0DFC44887-1536x1024.jpeg 1536w, https:\/\/mentalhelse.no\/content\/uploads\/sites\/316\/2026\/05\/Messenger_creation_CFD13726-5995-481C-A8AB-02F0DFC44887.jpeg 2048w\" sizes=\"auto, (max-width: 1024px) 100vw, 1024px\" \/><\/figure>\n\n\n\n<h2 class=\"wp-block-heading\" id=\"h-styret\">Styret<\/h2>\n\n\n\n<p><strong>Leder<\/strong> &#8211; Hilde Brenne <\/p>\n\n\n\n<p><strong>Sekret\u00e6r<\/strong> &#8211; Rune Norum<\/p>\n\n\n\n<p><strong>Kasserer<\/strong> &#8211; Ingvild-Sofie D\u00f8skeland<\/p>\n\n\n\n<p><strong>Styremedlem<\/strong> &#8211; Lillian Iversen<\/p>\n\n\n\n<p><strong>Styremedlem<\/strong> &#8211; Gunn-Brit Brenne<\/p>\n\n\n\n<h2 class=\"wp-block-heading\" id=\"h-kontakt\">Kontakt<\/h2>\n\n\n\n<p><a href=\"mailto:verdal@lokallag.mentalhelse.no\">verdal@lokallag.mentalhelse.no<\/a><br>Mob: 916 00 825<\/p>\n\n\n\n<p>Tider for \u00e5 n\u00e5 oss direkte er:<\/p>\n\n\n\n<p>Tirsdag og Torsdag fra klokken 10.00 til klokken 12.00.<\/p>\n\n\n\n\n\n<div class=\"wp-block-columns is-layout-flex wp-container-core-columns-is-layout-1 wp-block-columns-is-layout-flex\">\n<div class=\"wp-block-column is-layout-flow wp-block-column-is-layout-flow\" style=\"flex-basis:100%\"><div class=\"card-info wp-block-t2-people-meta\"><\/div><\/div>\n<\/div>\n\n\n\n<div class=\"wp-block-group alignfull is-layout-constrained wp-block-group-is-layout-constrained\">\n<h3 class=\"wp-block-heading alignwide\" id=\"h-siste-nytt-fra-mental-helse-verdal\">Siste nytt fra Mental Helse Verdal<\/h3>\n<\/div>\n\n\n<div class=\"t2-featured-content-layout alignwide alignwide wp-block-t2-featured-content-layout\">\n<div class=\"t2-featured-query-post t2-featured-content is-post-type-news wp-block-t2-featured-query-post\"><a class=\"t2-post-link wp-block-t2-post-link\" href=\"https:\/\/mentalhelse.no\/verdal\/aktuelt\/varens-tur-til-levanger-bowling\/\">\n\t<figure style=\"--t2-focal-point: 50% 50%;\" class=\"t2-post-featured-image has-image-ratio-16-9 wp-block-t2-post-featured-image\"><img loading=\"lazy\" decoding=\"async\" width=\"300\" height=\"79\" src=\"https:\/\/mentalhelse.no\/content\/uploads\/sites\/316\/2026\/04\/levanger-bowling.png\" class=\"attachment-post-thumbnail size-post-thumbnail wp-post-image\" alt=\"\" style=\"--focal-point: 50% 50%;\" \/><\/figure>\n<\/a>\n\n<div class=\"wp-block-group postinfo alignfull is-layout-flow wp-block-group-is-layout-flow\">\n\t<div class=\"wp-block-mentalhelse-post-category\">\n\t\t\t\t\t<div class=\"post-type\">\n\t\t\t\t\t\t<a href=\"https:\/\/mentalhelse.no\/verdal\/aktuelt\/\">Nyheter<\/a>\n\t\t\t\t\t<\/div>\n\t\t\t\t\t\n\t\t\t\t\t<div class=\"post-category\">\n\t\t\t\t\t\t\n\t\t\t\t\t<\/div>\n\t\t\t<\/div>\n\t<a class=\"t2-post-link wp-block-t2-post-link\" href=\"https:\/\/mentalhelse.no\/verdal\/aktuelt\/varens-tur-til-levanger-bowling\/\">\n\t<h2 class=\"t2-post-title wp-block-t2-post-title\">V\u00e5rens tur til Levanger bowling<\/h2>\n\t<\/a>\n<\/div>\n\n<\/div>\n\n<div class=\"t2-featured-query-post t2-featured-content is-post-type-news wp-block-t2-featured-query-post\"><a class=\"t2-post-link wp-block-t2-post-link\" href=\"https:\/\/mentalhelse.no\/verdal\/aktuelt\/tur-pa-den-gylne-omvei\/\">\n\t<figure style=\"--t2-focal-point: 50% 50%;\" class=\"t2-post-featured-image has-image-ratio-16-9 wp-block-t2-post-featured-image\"><img loading=\"lazy\" decoding=\"async\" width=\"588\" height=\"336\" src=\"https:\/\/mentalhelse.no\/content\/uploads\/sites\/316\/2026\/05\/Inderoy.jpeg\" class=\"attachment-post-thumbnail size-post-thumbnail wp-post-image\" alt=\"\" srcset=\"https:\/\/mentalhelse.no\/content\/uploads\/sites\/316\/2026\/05\/Inderoy.jpeg 588w, https:\/\/mentalhelse.no\/content\/uploads\/sites\/316\/2026\/05\/Inderoy-300x171.jpeg 300w\" sizes=\"auto, (max-width: 588px) 100vw, 588px\" style=\"--focal-point: 50% 50%;\" \/><\/figure>\n<\/a>\n\n<div class=\"wp-block-group postinfo alignfull is-layout-flow wp-block-group-is-layout-flow\">\n\t<div class=\"wp-block-mentalhelse-post-category\">\n\t\t\t\t\t<div class=\"post-type\">\n\t\t\t\t\t\t<a href=\"https:\/\/mentalhelse.no\/verdal\/aktuelt\/\">Nyheter<\/a>\n\t\t\t\t\t<\/div>\n\t\t\t\t\t\n\t\t\t\t\t<div class=\"post-category\">\n\t\t\t\t\t\t\n\t\t\t\t\t<\/div>\n\t\t\t<\/div>\n\t<a class=\"t2-post-link wp-block-t2-post-link\" href=\"https:\/\/mentalhelse.no\/verdal\/aktuelt\/tur-pa-den-gylne-omvei\/\">\n\t<h2 class=\"t2-post-title wp-block-t2-post-title\">Tur p\u00e5 den gylne omvei.<\/h2>\n\t<\/a>\n<\/div>\n\n<\/div>\n\n<div class=\"t2-featured-query-post t2-featured-content is-post-type-news wp-block-t2-featured-query-post\"><a class=\"t2-post-link wp-block-t2-post-link\" href=\"https:\/\/mentalhelse.no\/verdal\/aktuelt\/introduksjonskurs-i-golf\/\">\n\t<figure style=\"--t2-focal-point: 50% 50%;\" class=\"t2-post-featured-image has-image-ratio-16-9 wp-block-t2-post-featured-image\"><img loading=\"lazy\" decoding=\"async\" width=\"1049\" height=\"794\" src=\"https:\/\/mentalhelse.no\/content\/uploads\/sites\/316\/2026\/05\/Plakat-til-golf.png\" class=\"attachment-post-thumbnail size-post-thumbnail wp-post-image\" alt=\"\" srcset=\"https:\/\/mentalhelse.no\/content\/uploads\/sites\/316\/2026\/05\/Plakat-til-golf.png 1049w, https:\/\/mentalhelse.no\/content\/uploads\/sites\/316\/2026\/05\/Plakat-til-golf-300x227.png 300w, https:\/\/mentalhelse.no\/content\/uploads\/sites\/316\/2026\/05\/Plakat-til-golf-1024x775.png 1024w, https:\/\/mentalhelse.no\/content\/uploads\/sites\/316\/2026\/05\/Plakat-til-golf-768x581.png 768w\" sizes=\"auto, (max-width: 1049px) 100vw, 1049px\" style=\"--focal-point: 50% 50%;\" \/><\/figure>\n<\/a>\n\n<div class=\"wp-block-group postinfo alignfull is-layout-flow wp-block-group-is-layout-flow\">\n\t<div class=\"wp-block-mentalhelse-post-category\">\n\t\t\t\t\t<div class=\"post-type\">\n\t\t\t\t\t\t<a href=\"https:\/\/mentalhelse.no\/verdal\/aktuelt\/\">Nyheter<\/a>\n\t\t\t\t\t<\/div>\n\t\t\t\t\t\n\t\t\t\t\t<div class=\"post-category\">\n\t\t\t\t\t\t\n\t\t\t\t\t<\/div>\n\t\t\t<\/div>\n\t<a class=\"t2-post-link wp-block-t2-post-link\" href=\"https:\/\/mentalhelse.no\/verdal\/aktuelt\/introduksjonskurs-i-golf\/\">\n\t<h2 class=\"t2-post-title wp-block-t2-post-title\">Introduksjonskurs i golf<\/h2>\n\t<\/a>\n<\/div>\n\n<\/div>\n<\/div>","protected":false},"excerpt":{"rendered":"<p>Om oss Mental Helse Verdal er et lag med mye aktivitet. Vi har fast treff annenhver uke, vi arrangerer turer og temam\u00f8ter, vi deltar p\u00e5&#8230;<\/p>\n","protected":false},"author":1,"featured_media":0,"parent":0,"menu_order":0,"comment_status":"closed","ping_status":"closed","template":"","meta":{"t2_featured_media_focal_point":{"x":0.5,"y":0.5},"mh_hide_title":true,"e24d_chat_page_choice":"","footnotes":""},"class_list":["post-797","page","type-page","status-publish","hentry"],"yoast_head":"<!-- This site is optimized with the Yoast SEO Premium plugin v21.2 (Yoast SEO v21.2) - https:\/\/yoast.com\/wordpress\/plugins\/seo\/ -->\n<title>Om oss - Mental Helse - Verdal<\/title>\n<meta name=\"description\" content=\"Her kan du lese om oss i Mental Helse Verdal, og l\u00e6re mer om hva vi jobber med. Ta gjerne kontakt hvis du har noen sp\u00f8rsm\u00e5l!\" \/>\n<meta name=\"robots\" content=\"index, follow, max-snippet:-1, max-image-preview:large, max-video-preview:-1\" \/>\n<link rel=\"canonical\" href=\"https:\/\/mentalhelse.no\/verdal\/om-oss\/\" \/>\n<meta property=\"og:locale\" content=\"nb_NO\" \/>\n<meta property=\"og:type\" content=\"article\" \/>\n<meta property=\"og:title\" content=\"Om oss\" \/>\n<meta property=\"og:description\" content=\"Her kan du lese om oss i Mental Helse Verdal, og l\u00e6re mer om hva vi jobber med. Ta gjerne kontakt hvis du har noen sp\u00f8rsm\u00e5l!\" \/>\n<meta property=\"og:url\" content=\"https:\/\/mentalhelse.no\/verdal\/om-oss\/\" \/>\n<meta property=\"og:site_name\" content=\"Verdal\" \/>\n<meta property=\"article:modified_time\" content=\"2026-05-01T10:17:01+00:00\" \/>\n<meta property=\"og:image\" content=\"https:\/\/mentalhelse.no\/content\/uploads\/sites\/316\/2026\/05\/Messenger_creation_CFD13726-5995-481C-A8AB-02F0DFC44887-1024x683.jpeg\" \/>\n<meta name=\"twitter:card\" content=\"summary_large_image\" \/>\n<meta name=\"twitter:label1\" content=\"Ansl. lesetid\" \/>\n\t<meta name=\"twitter:data1\" content=\"1 minutt\" \/>\n<script type=\"application\/ld+json\" class=\"yoast-schema-graph\">{\"@context\":\"https:\/\/schema.org\",\"@graph\":[{\"@type\":\"WebPage\",\"@id\":\"https:\/\/mentalhelse.no\/verdal\/om-oss\/\",\"url\":\"https:\/\/mentalhelse.no\/verdal\/om-oss\/\",\"name\":\"Om oss - Verdal\",\"isPartOf\":{\"@id\":\"https:\/\/mentalhelse.no\/verdal\/#website\"},\"datePublished\":\"2023-05-10T11:14:16+00:00\",\"dateModified\":\"2026-05-01T10:17:01+00:00\",\"description\":\"Her kan du lese om oss i Mental Helse Verdal, og l\u00e6re mer om hva vi jobber med. Ta gjerne kontakt hvis du har noen sp\u00f8rsm\u00e5l!\",\"breadcrumb\":{\"@id\":\"https:\/\/mentalhelse.no\/verdal\/om-oss\/#breadcrumb\"},\"inLanguage\":\"nb-NO\",\"potentialAction\":[{\"@type\":\"ReadAction\",\"target\":[\"https:\/\/mentalhelse.no\/verdal\/om-oss\/\"]}]},{\"@type\":\"BreadcrumbList\",\"@id\":\"https:\/\/mentalhelse.no\/verdal\/om-oss\/#breadcrumb\",\"itemListElement\":[{\"@type\":\"ListItem\",\"position\":1,\"name\":\"Hjem\",\"item\":\"https:\/\/mentalhelse.no\/verdal\/\"},{\"@type\":\"ListItem\",\"position\":2,\"name\":\"Om oss\"}]},{\"@type\":\"WebSite\",\"@id\":\"https:\/\/mentalhelse.no\/verdal\/#website\",\"url\":\"https:\/\/mentalhelse.no\/verdal\/\",\"name\":\"Verdal\",\"description\":\"\",\"potentialAction\":[{\"@type\":\"SearchAction\",\"target\":{\"@type\":\"EntryPoint\",\"urlTemplate\":\"https:\/\/mentalhelse.no\/verdal\/?s={search_term_string}\"},\"query-input\":\"required name=search_term_string\"}],\"inLanguage\":\"nb-NO\"}]}<\/script>\n<!-- \/ Yoast SEO Premium plugin. -->","yoast_head_json":{"title":"Om oss - Mental Helse - Verdal","description":"Her kan du lese om oss i Mental Helse Verdal, og l\u00e6re mer om hva vi jobber med. Ta gjerne kontakt hvis du har noen sp\u00f8rsm\u00e5l!","robots":{"index":"index","follow":"follow","max-snippet":"max-snippet:-1","max-image-preview":"max-image-preview:large","max-video-preview":"max-video-preview:-1"},"canonical":"https:\/\/mentalhelse.no\/verdal\/om-oss\/","og_locale":"nb_NO","og_type":"article","og_title":"Om oss","og_description":"Her kan du lese om oss i Mental Helse Verdal, og l\u00e6re mer om hva vi jobber med. Ta gjerne kontakt hvis du har noen sp\u00f8rsm\u00e5l!","og_url":"https:\/\/mentalhelse.no\/verdal\/om-oss\/","og_site_name":"Verdal","article_modified_time":"2026-05-01T10:17:01+00:00","og_image":[{"url":"https:\/\/mentalhelse.no\/content\/uploads\/sites\/316\/2026\/05\/Messenger_creation_CFD13726-5995-481C-A8AB-02F0DFC44887-1024x683.jpeg"}],"twitter_card":"summary_large_image","twitter_misc":{"Ansl. lesetid":"1 minutt"},"schema":{"@context":"https:\/\/schema.org","@graph":[{"@type":"WebPage","@id":"https:\/\/mentalhelse.no\/verdal\/om-oss\/","url":"https:\/\/mentalhelse.no\/verdal\/om-oss\/","name":"Om oss - Verdal","isPartOf":{"@id":"https:\/\/mentalhelse.no\/verdal\/#website"},"datePublished":"2023-05-10T11:14:16+00:00","dateModified":"2026-05-01T10:17:01+00:00","description":"Her kan du lese om oss i Mental Helse Verdal, og l\u00e6re mer om hva vi jobber med. Ta gjerne kontakt hvis du har noen sp\u00f8rsm\u00e5l!","breadcrumb":{"@id":"https:\/\/mentalhelse.no\/verdal\/om-oss\/#breadcrumb"},"inLanguage":"nb-NO","potentialAction":[{"@type":"ReadAction","target":["https:\/\/mentalhelse.no\/verdal\/om-oss\/"]}]},{"@type":"BreadcrumbList","@id":"https:\/\/mentalhelse.no\/verdal\/om-oss\/#breadcrumb","itemListElement":[{"@type":"ListItem","position":1,"name":"Hjem","item":"https:\/\/mentalhelse.no\/verdal\/"},{"@type":"ListItem","position":2,"name":"Om oss"}]},{"@type":"WebSite","@id":"https:\/\/mentalhelse.no\/verdal\/#website","url":"https:\/\/mentalhelse.no\/verdal\/","name":"Verdal","description":"","potentialAction":[{"@type":"SearchAction","target":{"@type":"EntryPoint","urlTemplate":"https:\/\/mentalhelse.no\/verdal\/?s={search_term_string}"},"query-input":"required name=search_term_string"}],"inLanguage":"nb-NO"}]}},"_links":{"self":[{"href":"https:\/\/mentalhelse.no\/verdal\/wp-json\/wp\/v2\/pages\/797","targetHints":{"allow":["GET"]}}],"collection":[{"href":"https:\/\/mentalhelse.no\/verdal\/wp-json\/wp\/v2\/pages"}],"about":[{"href":"https:\/\/mentalhelse.no\/verdal\/wp-json\/wp\/v2\/types\/page"}],"author":[{"embeddable":true,"href":"https:\/\/mentalhelse.no\/verdal\/wp-json\/wp\/v2\/users\/1"}],"replies":[{"embeddable":true,"href":"https:\/\/mentalhelse.no\/verdal\/wp-json\/wp\/v2\/comments?post=797"}],"version-history":[{"count":4,"href":"https:\/\/mentalhelse.no\/verdal\/wp-json\/wp\/v2\/pages\/797\/revisions"}],"predecessor-version":[{"id":1496,"href":"https:\/\/mentalhelse.no\/verdal\/wp-json\/wp\/v2\/pages\/797\/revisions\/1496"}],"wp:attachment":[{"href":"https:\/\/mentalhelse.no\/verdal\/wp-json\/wp\/v2\/media?parent=797"}],"curies":[{"name":"wp","href":"https:\/\/api.w.org\/{rel}","templated":true}]}}