{"id":797,"date":"2023-05-10T11:14:16","date_gmt":"2023-05-10T11:14:16","guid":{"rendered":"https:\/\/mentalhelse.no\/viken\/?page_id=797"},"modified":"2023-09-20T11:37:07","modified_gmt":"2023-09-20T11:37:07","slug":"om-oss","status":"publish","type":"page","link":"https:\/\/mentalhelse.no\/voss\/om-oss\/","title":{"rendered":"Om oss"},"content":{"rendered":"\n<figure class=\"wp-block-image size-large\"><img loading=\"lazy\" decoding=\"async\" width=\"1024\" height=\"683\" src=\"https:\/\/mentalhelse.no\/content\/uploads\/sites\/272\/2023\/08\/photo-1504022462188-88f023db97bf-1024x683.webp\" alt=\"\" class=\"wp-image-999\" srcset=\"https:\/\/mentalhelse.no\/content\/uploads\/sites\/272\/2023\/08\/photo-1504022462188-88f023db97bf-1024x683.webp 1024w, https:\/\/mentalhelse.no\/content\/uploads\/sites\/272\/2023\/08\/photo-1504022462188-88f023db97bf-300x200.webp 300w, https:\/\/mentalhelse.no\/content\/uploads\/sites\/272\/2023\/08\/photo-1504022462188-88f023db97bf-768x512.webp 768w, https:\/\/mentalhelse.no\/content\/uploads\/sites\/272\/2023\/08\/photo-1504022462188-88f023db97bf-1536x1024.webp 1536w, https:\/\/mentalhelse.no\/content\/uploads\/sites\/272\/2023\/08\/photo-1504022462188-88f023db97bf.webp 1740w\" sizes=\"auto, (max-width: 1024px) 100vw, 1024px\" \/><\/figure>\n\n\n\n<h1 class=\"wp-block-heading\">Om oss<\/h1>\n\n\n\n<p>Vi er en gjeng engasjerte folk som brenner for \u00e5 skape et bedre psykisk helsetilbud i regionen.<\/p>\n\n\n\n<p>\u00d8nsker du \u00e5 bli frivillig eller medlem hos oss? Da er du er hjertelig velkommen til \u00e5 ta kontakt!<\/p>\n\n\n\n<h2 class=\"wp-block-heading\">Styret<\/h2>\n\n\n\n<p><strong>Leder:<\/strong>&nbsp;Tove Nordli \u00d8deg\u00e5rd<br><strong>Nestleder:<\/strong>&nbsp;Gerd Rogneby<br><strong>Kasserer:<\/strong>&nbsp;Magne \u00d8deg\u00e5rd<br><\/p>\n","protected":false},"excerpt":{"rendered":"<p>Om oss Vi er en gjeng engasjerte folk som brenner for \u00e5 skape et bedre psykisk helsetilbud i regionen. \u00d8nsker du \u00e5 bli frivillig eller&#8230;<\/p>\n","protected":false},"author":1,"featured_media":0,"parent":0,"menu_order":0,"comment_status":"closed","ping_status":"closed","template":"","meta":{"t2_featured_media_focal_point":{"x":0.5,"y":0.5},"mh_hide_title":true,"e24d_chat_page_choice":"","footnotes":""},"class_list":["post-797","page","type-page","status-publish","hentry"],"yoast_head":"<!-- This site is optimized with the Yoast SEO Premium plugin v21.2 (Yoast SEO v21.2) - https:\/\/yoast.com\/wordpress\/plugins\/seo\/ -->\n<title>Om oss - Mental Helse - Voss<\/title>\n<meta name=\"description\" content=\"Her kan du lese om oss i Mental Helse Voss, og l\u00e6re mer om hva vi jobber med. Ta gjerne kontakt hvis du har noen sp\u00f8rsm\u00e5l!\" \/>\n<meta name=\"robots\" content=\"index, follow, max-snippet:-1, max-image-preview:large, max-video-preview:-1\" \/>\n<link rel=\"canonical\" href=\"https:\/\/mentalhelse.no\/voss\/om-oss\/\" \/>\n<meta property=\"og:locale\" content=\"nb_NO\" \/>\n<meta property=\"og:type\" content=\"article\" \/>\n<meta property=\"og:title\" content=\"Om oss\" \/>\n<meta property=\"og:description\" content=\"Her kan du lese om oss i Mental Helse Voss, og l\u00e6re mer om hva vi jobber med. Ta gjerne kontakt hvis du har noen sp\u00f8rsm\u00e5l!\" \/>\n<meta property=\"og:url\" content=\"https:\/\/mentalhelse.no\/voss\/om-oss\/\" \/>\n<meta property=\"og:site_name\" content=\"Voss\" \/>\n<meta property=\"article:modified_time\" content=\"2023-09-20T11:37:07+00:00\" \/>\n<meta property=\"og:image\" content=\"https:\/\/mentalhelse.no\/content\/uploads\/sites\/272\/2023\/08\/photo-1504022462188-88f023db97bf-1024x683.webp\" \/>\n<meta name=\"twitter:card\" content=\"summary_large_image\" \/>\n<meta name=\"twitter:label1\" content=\"Ansl. lesetid\" \/>\n\t<meta name=\"twitter:data1\" content=\"1 minutt\" \/>\n<script type=\"application\/ld+json\" class=\"yoast-schema-graph\">{\"@context\":\"https:\/\/schema.org\",\"@graph\":[{\"@type\":\"WebPage\",\"@id\":\"https:\/\/mentalhelse.no\/voss\/om-oss\/\",\"url\":\"https:\/\/mentalhelse.no\/voss\/om-oss\/\",\"name\":\"Om oss - Voss\",\"isPartOf\":{\"@id\":\"https:\/\/mentalhelse.no\/voss\/#website\"},\"datePublished\":\"2023-05-10T11:14:16+00:00\",\"dateModified\":\"2023-09-20T11:37:07+00:00\",\"description\":\"Her kan du lese om oss i Mental Helse Voss, og l\u00e6re mer om hva vi jobber med. Ta gjerne kontakt hvis du har noen sp\u00f8rsm\u00e5l!\",\"breadcrumb\":{\"@id\":\"https:\/\/mentalhelse.no\/voss\/om-oss\/#breadcrumb\"},\"inLanguage\":\"nb-NO\",\"potentialAction\":[{\"@type\":\"ReadAction\",\"target\":[\"https:\/\/mentalhelse.no\/voss\/om-oss\/\"]}]},{\"@type\":\"BreadcrumbList\",\"@id\":\"https:\/\/mentalhelse.no\/voss\/om-oss\/#breadcrumb\",\"itemListElement\":[{\"@type\":\"ListItem\",\"position\":1,\"name\":\"Hjem\",\"item\":\"https:\/\/mentalhelse.no\/voss\/\"},{\"@type\":\"ListItem\",\"position\":2,\"name\":\"Om oss\"}]},{\"@type\":\"WebSite\",\"@id\":\"https:\/\/mentalhelse.no\/voss\/#website\",\"url\":\"https:\/\/mentalhelse.no\/voss\/\",\"name\":\"Voss\",\"description\":\"\",\"potentialAction\":[{\"@type\":\"SearchAction\",\"target\":{\"@type\":\"EntryPoint\",\"urlTemplate\":\"https:\/\/mentalhelse.no\/voss\/?s={search_term_string}\"},\"query-input\":\"required name=search_term_string\"}],\"inLanguage\":\"nb-NO\"}]}<\/script>\n<!-- \/ Yoast SEO Premium plugin. -->","yoast_head_json":{"title":"Om oss - Mental Helse - Voss","description":"Her kan du lese om oss i Mental Helse Voss, og l\u00e6re mer om hva vi jobber med. Ta gjerne kontakt hvis du har noen sp\u00f8rsm\u00e5l!","robots":{"index":"index","follow":"follow","max-snippet":"max-snippet:-1","max-image-preview":"max-image-preview:large","max-video-preview":"max-video-preview:-1"},"canonical":"https:\/\/mentalhelse.no\/voss\/om-oss\/","og_locale":"nb_NO","og_type":"article","og_title":"Om oss","og_description":"Her kan du lese om oss i Mental Helse Voss, og l\u00e6re mer om hva vi jobber med. Ta gjerne kontakt hvis du har noen sp\u00f8rsm\u00e5l!","og_url":"https:\/\/mentalhelse.no\/voss\/om-oss\/","og_site_name":"Voss","article_modified_time":"2023-09-20T11:37:07+00:00","og_image":[{"url":"https:\/\/mentalhelse.no\/content\/uploads\/sites\/272\/2023\/08\/photo-1504022462188-88f023db97bf-1024x683.webp"}],"twitter_card":"summary_large_image","twitter_misc":{"Ansl. lesetid":"1 minutt"},"schema":{"@context":"https:\/\/schema.org","@graph":[{"@type":"WebPage","@id":"https:\/\/mentalhelse.no\/voss\/om-oss\/","url":"https:\/\/mentalhelse.no\/voss\/om-oss\/","name":"Om oss - Voss","isPartOf":{"@id":"https:\/\/mentalhelse.no\/voss\/#website"},"datePublished":"2023-05-10T11:14:16+00:00","dateModified":"2023-09-20T11:37:07+00:00","description":"Her kan du lese om oss i Mental Helse Voss, og l\u00e6re mer om hva vi jobber med. Ta gjerne kontakt hvis du har noen sp\u00f8rsm\u00e5l!","breadcrumb":{"@id":"https:\/\/mentalhelse.no\/voss\/om-oss\/#breadcrumb"},"inLanguage":"nb-NO","potentialAction":[{"@type":"ReadAction","target":["https:\/\/mentalhelse.no\/voss\/om-oss\/"]}]},{"@type":"BreadcrumbList","@id":"https:\/\/mentalhelse.no\/voss\/om-oss\/#breadcrumb","itemListElement":[{"@type":"ListItem","position":1,"name":"Hjem","item":"https:\/\/mentalhelse.no\/voss\/"},{"@type":"ListItem","position":2,"name":"Om oss"}]},{"@type":"WebSite","@id":"https:\/\/mentalhelse.no\/voss\/#website","url":"https:\/\/mentalhelse.no\/voss\/","name":"Voss","description":"","potentialAction":[{"@type":"SearchAction","target":{"@type":"EntryPoint","urlTemplate":"https:\/\/mentalhelse.no\/voss\/?s={search_term_string}"},"query-input":"required name=search_term_string"}],"inLanguage":"nb-NO"}]}},"_links":{"self":[{"href":"https:\/\/mentalhelse.no\/voss\/wp-json\/wp\/v2\/pages\/797","targetHints":{"allow":["GET"]}}],"collection":[{"href":"https:\/\/mentalhelse.no\/voss\/wp-json\/wp\/v2\/pages"}],"about":[{"href":"https:\/\/mentalhelse.no\/voss\/wp-json\/wp\/v2\/types\/page"}],"author":[{"embeddable":true,"href":"https:\/\/mentalhelse.no\/voss\/wp-json\/wp\/v2\/users\/1"}],"replies":[{"embeddable":true,"href":"https:\/\/mentalhelse.no\/voss\/wp-json\/wp\/v2\/comments?post=797"}],"version-history":[{"count":5,"href":"https:\/\/mentalhelse.no\/voss\/wp-json\/wp\/v2\/pages\/797\/revisions"}],"predecessor-version":[{"id":1012,"href":"https:\/\/mentalhelse.no\/voss\/wp-json\/wp\/v2\/pages\/797\/revisions\/1012"}],"wp:attachment":[{"href":"https:\/\/mentalhelse.no\/voss\/wp-json\/wp\/v2\/media?parent=797"}],"curies":[{"name":"wp","href":"https:\/\/api.w.org\/{rel}","templated":true}]}}

<figure class="wp-block-image size-large"><img loading="lazy" decoding="async" width="1024" height="683" src="https://mentalhelse.no/content/uploads/sites/272/2023/08/photo-1504022462188-88f023db97bf-1024x683.webp" alt="" class="wp-image-999" srcset="https://mentalhelse.no/content/uploads/sites/272/2023/08/photo-1504022462188-88f023db97bf-1024x683.webp 1024w, https://mentalhelse.no/content/uploads/sites/272/2023/08/photo-1504022462188-88f023db97bf-300x200.webp 300w, https://mentalhelse.no/content/uploads/sites/272/2023/08/photo-1504022462188-88f023db97bf-768x512.webp 768w, https://mentalhelse.no/content/uploads/sites/272/2023/08/photo-1504022462188-88f023db97bf-1536x1024.webp 1536w, https://mentalhelse.no/content/uploads/sites/272/2023/08/photo-1504022462188-88f023db97bf.webp 1740w" sizes="auto, (max-width: 1024px) 100vw, 1024px" /></figure>



<h1 class="wp-block-heading">Om oss</h1>



<p>Vi er en gjeng engasjerte folk som brenner for å skape et bedre psykisk helsetilbud i regionen.</p>



<p>Ønsker du å bli frivillig eller medlem hos oss? Da er du er hjertelig velkommen til å ta kontakt!</p>



<h2 class="wp-block-heading">Styret</h2>



<p><strong>Leder:</strong>&nbsp;Tove Nordli Ødegård<br><strong>Nestleder:</strong>&nbsp;Gerd Rogneby<br><strong>Kasserer:</strong>&nbsp;Magne Ødegård<br></p>

<p>Om oss Vi er en gjeng engasjerte folk som brenner for å skape et bedre psykisk helsetilbud i regionen. Ønsker du å bli frivillig eller&#8230;</p>

<!-- This site is optimized with the Yoast SEO Premium plugin v21.2 (Yoast SEO v21.2) - https://yoast.com/wordpress/plugins/seo/ -->
<title>Om oss - Mental Helse - Voss</title>
<meta name="description" content="Her kan du lese om oss i Mental Helse Voss, og lære mer om hva vi jobber med. Ta gjerne kontakt hvis du har noen spørsmål!" />
<meta name="robots" content="index, follow, max-snippet:-1, max-image-preview:large, max-video-preview:-1" />
<link rel="canonical" href="https://mentalhelse.no/voss/om-oss/" />
<meta property="og:locale" content="nb_NO" />
<meta property="og:type" content="article" />
<meta property="og:title" content="Om oss" />
<meta property="og:description" content="Her kan du lese om oss i Mental Helse Voss, og lære mer om hva vi jobber med. Ta gjerne kontakt hvis du har noen spørsmål!" />
<meta property="og:url" content="https://mentalhelse.no/voss/om-oss/" />
<meta property="og:site_name" content="Voss" />
<meta property="article:modified_time" content="2023-09-20T11:37:07+00:00" />
<meta property="og:image" content="https://mentalhelse.no/content/uploads/sites/272/2023/08/photo-1504022462188-88f023db97bf-1024x683.webp" />
<meta name="twitter:card" content="summary_large_image" />
<meta name="twitter:label1" content="Ansl. lesetid" />
	<meta name="twitter:data1" content="1 minutt" />
<script type="application/ld+json" class="yoast-schema-graph">{"@context":"https://schema.org","@graph":[{"@type":"WebPage","@id":"https://mentalhelse.no/voss/om-oss/","url":"https://mentalhelse.no/voss/om-oss/","name":"Om oss - Voss","isPartOf":{"@id":"https://mentalhelse.no/voss/#website"},"datePublished":"2023-05-10T11:14:16+00:00","dateModified":"2023-09-20T11:37:07+00:00","description":"Her kan du lese om oss i Mental Helse Voss, og lære mer om hva vi jobber med. Ta gjerne kontakt hvis du har noen spørsmål!","breadcrumb":{"@id":"https://mentalhelse.no/voss/om-oss/#breadcrumb"},"inLanguage":"nb-NO","potentialAction":[{"@type":"ReadAction","target":["https://mentalhelse.no/voss/om-oss/"]}]},{"@type":"BreadcrumbList","@id":"https://mentalhelse.no/voss/om-oss/#breadcrumb","itemListElement":[{"@type":"ListItem","position":1,"name":"Hjem","item":"https://mentalhelse.no/voss/"},{"@type":"ListItem","position":2,"name":"Om oss"}]},{"@type":"WebSite","@id":"https://mentalhelse.no/voss/#website","url":"https://mentalhelse.no/voss/","name":"Voss","description":"","potentialAction":[{"@type":"SearchAction","target":{"@type":"EntryPoint","urlTemplate":"https://mentalhelse.no/voss/?s={search_term_string}"},"query-input":"required name=search_term_string"}],"inLanguage":"nb-NO"}]}</script>
<!-- / Yoast SEO Premium plugin. -->

Her kan du lese om oss i Mental Helse Voss, og lære mer om hva vi jobber med. Ta gjerne kontakt hvis du har noen spørsmål!
